--
-- Host: localhost    Database: phpbb_db
-- ------------------------------------------------------


--
-- Table structure for table `phpbb_acl_groups`
--

CREATE TABLE `phpbb_acl_groups` (
  `group_id` mediumint(8) unsigned NOT NULL default '0',
  `forum_id` mediumint(8) unsigned NOT NULL default '0',
  `auth_option_id` mediumint(8) unsigned NOT NULL default '0',
  `auth_role_id` mediumint(8) unsigned NOT NULL default '0',
  `auth_setting` tinyint(2) NOT NULL default '0',
  KEY `group_id` (`group_id`),
  KEY `auth_opt_id` (`auth_option_id`)
) ENGINE=MyISAM DEFAULT CHARSET=utf8 COLLATE=utf8_bin;

--
-- Dumping data for table `phpbb_acl_groups`
--

INSERT INTO `phpbb_acl_groups` VALUES (1,0,85,0,1),(1,0,93,0,1),(1,0,110,0,1),(5,0,0,5,0),(5,0,0,1,0),(2,0,0,6,0),(3,0,0,6,0),(4,0,0,5,0),(4,0,0,10,0),(2,5,0,15,0),(2,4,0,15,0),(1,4,0,17,0),(5,4,0,14,0),(2,3,0,15,0);

--
-- Table structure for table `phpbb_acl_options`
--

CREATE TABLE `phpbb_acl_options` (
  `auth_option_id` mediumint(8) unsigned NOT NULL auto_increment,
  `auth_option` varchar(50) collate utf8_bin NOT NULL default '',
  `is_global` tinyint(1) unsigned NOT NULL default '0',
  `is_local` tinyint(1) unsigned NOT NULL default '0',
  `founder_only` tinyint(1) unsigned NOT NULL default '0',
  PRIMARY KEY  (`auth_option_id`),
  KEY `auth_option` (`auth_option`)
) ENGINE=MyISAM AUTO_INCREMENT=117 DEFAULT CHARSET=utf8 COLLATE=utf8_bin;

--
-- Dumping data for table `phpbb_acl_options`
--

INSERT INTO `phpbb_acl_options` VALUES (1,'f_',0,1,0),(2,'f_announce',0,1,0),(3,'f_attach',0,1,0),(4,'f_bbcode',0,1,0),(5,'f_bump',0,1,0),(6,'f_delete',0,1,0),(7,'f_download',0,1,0),(8,'f_edit',0,1,0),(9,'f_email',0,1,0),(10,'f_flash',0,1,0),(11,'f_icons',0,1,0),(12,'f_ignoreflood',0,1,0),(13,'f_img',0,1,0),(14,'f_list',0,1,0),(15,'f_noapprove',0,1,0),(16,'f_poll',0,1,0),(17,'f_post',0,1,0),(18,'f_postcount',0,1,0),(19,'f_print',0,1,0),(20,'f_read',0,1,0),(21,'f_reply',0,1,0),(22,'f_report',0,1,0),(23,'f_search',0,1,0),(24,'f_sigs',0,1,0),(25,'f_smilies',0,1,0),(26,'f_sticky',0,1,0),(27,'f_subscribe',0,1,0),(28,'f_user_lock',0,1,0),(29,'f_vote',0,1,0),(30,'f_votechg',0,1,0),(31,'m_',1,1,0),(32,'m_approve',1,1,0),(33,'m_chgposter',1,1,0),(34,'m_delete',1,1,0),(35,'m_edit',1,1,0),(36,'m_info',1,1,0),(37,'m_lock',1,1,0),(38,'m_merge',1,1,0),(39,'m_move',1,1,0),(40,'m_report',1,1,0),(41,'m_split',1,1,0),(42,'m_warn',1,1,0),(43,'m_ban',1,0,0),(44,'a_',1,0,0),(45,'a_aauth',1,0,0),(46,'a_attach',1,0,0),(47,'a_authgroups',1,0,0),(48,'a_authusers',1,0,0),(49,'a_backup',1,0,0),(50,'a_ban',1,0,0),(51,'a_bbcode',1,0,0),(52,'a_board',1,0,0),(53,'a_bots',1,0,0),(54,'a_clearlogs',1,0,0),(55,'a_email',1,0,0),(56,'a_fauth',1,0,0),(57,'a_forum',1,0,0),(58,'a_forumadd',1,0,0),(59,'a_forumdel',1,0,0),(60,'a_group',1,0,0),(61,'a_groupadd',1,0,0),(62,'a_groupdel',1,0,0),(63,'a_icons',1,0,0),(64,'a_jabber',1,0,0),(65,'a_language',1,0,0),(66,'a_mauth',1,0,0),(67,'a_modules',1,0,0),(68,'a_names',1,0,0),(69,'a_phpinfo',1,0,0),(70,'a_profile',1,0,0),(71,'a_prune',1,0,0),(72,'a_ranks',1,0,0),(73,'a_reasons',1,0,0),(74,'a_roles',1,0,0),(75,'a_search',1,0,0),(76,'a_server',1,0,0),(77,'a_styles',1,0,0),(78,'a_switchperm',1,0,0),(79,'a_uauth',1,0,0),(80,'a_user',1,0,0),(81,'a_userdel',1,0,0),(82,'a_viewauth',1,0,0),(83,'a_viewlogs',1,0,0),(84,'a_words',1,0,0),(85,'u_',1,0,0),(86,'u_attach',1,0,0),(87,'u_chgavatar',1,0,0),(88,'u_chgcensors',1,0,0),(89,'u_chgemail',1,0,0),(90,'u_chggrp',1,0,0),(91,'u_chgname',1,0,0),(92,'u_chgpasswd',1,0,0),(93,'u_download',1,0,0),(94,'u_hideonline',1,0,0),(95,'u_ignoreflood',1,0,0),(96,'u_masspm',1,0,0),(97,'u_pm_attach',1,0,0),(98,'u_pm_bbcode',1,0,0),(99,'u_pm_delete',1,0,0),(100,'u_pm_download',1,0,0),(101,'u_pm_edit',1,0,0),(102,'u_pm_emailpm',1,0,0),(103,'u_pm_flash',1,0,0),(104,'u_pm_forward',1,0,0),(105,'u_pm_img',1,0,0),(106,'u_pm_printpm',1,0,0),(107,'u_pm_smilies',1,0,0),(108,'u_readpm',1,0,0),(109,'u_savedrafts',1,0,0),(110,'u_search',1,0,0),(111,'u_sendemail',1,0,0),(112,'u_sendim',1,0,0),(113,'u_sendpm',1,0,0),(114,'u_sig',1,0,0),(115,'u_viewonline',1,0,0),(116,'u_viewprofile',1,0,0);

--
-- Table structure for table `phpbb_acl_roles`
--

CREATE TABLE `phpbb_acl_roles` (
  `role_id` mediumint(8) unsigned NOT NULL auto_increment,
  `role_name` varchar(255) collate utf8_bin NOT NULL default '',
  `role_description` text collate utf8_bin NOT NULL,
  `role_type` varchar(10) collate utf8_bin NOT NULL default '',
  `role_order` smallint(4) unsigned NOT NULL default '0',
  PRIMARY KEY  (`role_id`),
  KEY `role_type` (`role_type`),
  KEY `role_order` (`role_order`)
) ENGINE=MyISAM AUTO_INCREMENT=23 DEFAULT CHARSET=utf8 COLLATE=utf8_bin;

--
-- Dumping data for table `phpbb_acl_roles`
--

INSERT INTO `phpbb_acl_roles` VALUES (1,'ROLE_ADMIN_STANDARD','ROLE_DESCRIPTION_ADMIN_STANDARD','a_',1),(2,'ROLE_ADMIN_FORUM','ROLE_DESCRIPTION_ADMIN_FORUM','a_',3),(3,'ROLE_ADMIN_USERGROUP','ROLE_DESCRIPTION_ADMIN_USERGROUP','a_',4),(4,'ROLE_ADMIN_FULL','ROLE_DESCRIPTION_ADMIN_FULL','a_',2),(5,'ROLE_USER_FULL','ROLE_DESCRIPTION_USER_FULL','u_',3),(6,'ROLE_USER_STANDARD','ROLE_DESCRIPTION_USER_STANDARD','u_',1),(7,'ROLE_USER_LIMITED','ROLE_DESCRIPTION_USER_LIMITED','u_',2),(8,'ROLE_USER_NOPM','ROLE_DESCRIPTION_USER_NOPM','u_',4),(9,'ROLE_USER_NOAVATAR','ROLE_DESCRIPTION_USER_NOAVATAR','u_',5),(10,'ROLE_MOD_FULL','ROLE_DESCRIPTION_MOD_FULL','m_',3),(11,'ROLE_MOD_STANDARD','ROLE_DESCRIPTION_MOD_STANDARD','m_',1),(12,'ROLE_MOD_SIMPLE','ROLE_DESCRIPTION_MOD_SIMPLE','m_',2),(13,'ROLE_MOD_QUEUE','ROLE_DESCRIPTION_MOD_QUEUE','m_',4),(14,'ROLE_FORUM_FULL','ROLE_DESCRIPTION_FORUM_FULL','f_',7),(15,'ROLE_FORUM_STANDARD','ROLE_DESCRIPTION_FORUM_STANDARD','f_',5),(16,'ROLE_FORUM_NOACCESS','ROLE_DESCRIPTION_FORUM_NOACCESS','f_',1),(17,'ROLE_FORUM_READONLY','ROLE_DESCRIPTION_FORUM_READONLY','f_',2),(18,'ROLE_FORUM_LIMITED','ROLE_DESCRIPTION_FORUM_LIMITED','f_',3),(19,'ROLE_FORUM_BOT','ROLE_DESCRIPTION_FORUM_BOT','f_',9),(20,'ROLE_FORUM_ONQUEUE','ROLE_DESCRIPTION_FORUM_ONQUEUE','f_',8),(21,'ROLE_FORUM_POLLS','ROLE_DESCRIPTION_FORUM_POLLS','f_',6),(22,'ROLE_FORUM_LIMITED_POLLS','ROLE_DESCRIPTION_FORUM_LIMITED_POLLS','f_',4);

--
-- Table structure for table `phpbb_acl_roles_data`
--

CREATE TABLE `phpbb_acl_roles_data` (
  `role_id` mediumint(8) unsigned NOT NULL default '0',
  `auth_option_id` mediumint(8) unsigned NOT NULL default '0',
  `auth_setting` tinyint(2) NOT NULL default '0',
  PRIMARY KEY  (`role_id`,`auth_option_id`)
) ENGINE=MyISAM DEFAULT CHARSET=utf8 COLLATE=utf8_bin;

--
-- Dumping data for table `phpbb_acl_roles_data`
--

INSERT INTO `phpbb_acl_roles_data` VALUES (1,44,1),(1,46,1),(1,47,1),(1,48,1),(1,50,1),(1,51,1),(1,52,1),(1,56,1),(1,57,1),(1,58,1),(1,59,1),(1,60,1),(1,61,1),(1,62,1),(1,63,1),(1,66,1),(1,68,1),(1,70,1),(1,71,1),(1,72,1),(1,73,1),(1,79,1),(1,80,1),(1,81,1),(1,82,1),(1,83,1),(1,84,1),(2,44,1),(2,47,1),(2,48,1),(2,56,1),(2,57,1),(2,58,1),(2,59,1),(2,66,1),(2,71,1),(2,79,1),(2,82,1),(2,83,1),(3,44,1),(3,47,1),(3,48,1),(3,50,1),(3,60,1),(3,61,1),(3,62,1),(3,72,1),(3,79,1),(3,80,1),(3,82,1),(3,83,1),(4,44,1),(4,45,1),(4,46,1),(4,47,1),(4,48,1),(4,49,1),(4,50,1),(4,51,1),(4,52,1),(4,53,1),(4,54,1),(4,55,1),(4,56,1),(4,57,1),(4,58,1),(4,59,1),(4,60,1),(4,61,1),(4,62,1),(4,63,1),(4,64,1),(4,65,1),(4,66,1),(4,67,1),(4,68,1),(4,69,1),(4,70,1),(4,71,1),(4,72,1),(4,73,1),(4,74,1),(4,75,1),(4,76,1),(4,77,1),(4,78,1),(4,79,1),(4,80,1),(4,81,1),(4,82,1),(4,83,1),(4,84,1),(5,85,1),(5,86,1),(5,87,1),(5,88,1),(5,89,1),(5,90,1),(5,91,1),(5,92,1),(5,93,1),(5,94,1),(5,95,1),(5,96,1),(5,97,1),(5,98,1),(5,99,1),(5,100,1),(5,101,1),(5,102,1),(5,103,1),(5,104,1),(5,105,1),(5,106,1),(5,107,1),(5,108,1),(5,109,1),(5,110,1),(5,111,1),(5,112,1),(5,113,1),(5,114,1),(5,115,1),(5,116,1),(6,85,1),(6,86,1),(6,87,1),(6,88,1),(6,89,1),(6,92,1),(6,93,1),(6,94,1),(6,96,1),(6,97,1),(6,98,1),(6,99,1),(6,100,1),(6,101,1),(6,102,1),(6,105,1),(6,106,1),(6,107,1),(6,108,1),(6,109,1),(6,110,1),(6,111,1),(6,112,1),(6,113,1),(6,114,1),(6,116,1),(7,85,1),(7,87,1),(7,88,1),(7,89,1),(7,92,1),(7,93,1),(7,94,1),(7,96,1),(7,98,1),(7,99,1),(7,100,1),(7,101,1),(7,104,1),(7,105,1),(7,106,1),(7,107,1),(7,108,1),(7,113,1),(7,114,1),(7,116,1),(8,85,1),(8,87,1),(8,88,1),(8,89,1),(8,92,1),(8,93,1),(8,94,1),(8,114,1),(8,116,1),(8,96,0),(8,108,0),(8,113,0),(9,85,1),(9,88,1),(9,89,1),(9,92,1),(9,93,1),(9,94,1),(9,96,1),(9,98,1),(9,99,1),(9,100,1),(9,101,1),(9,104,1),(9,105,1),(9,106,1),(9,107,1),(9,108,1),(9,113,1),(9,114,1),(9,116,1),(9,87,0),(10,31,1),(10,32,1),(10,43,1),(10,33,1),(10,34,1),(10,35,1),(10,36,1),(10,37,1),(10,38,1),(10,39,1),(10,40,1),(10,41,1),(10,42,1),(11,31,1),(11,32,1),(11,34,1),(11,35,1),(11,36,1),(11,37,1),(11,38,1),(11,39,1),(11,40,1),(11,41,1),(11,42,1),(12,31,1),(12,32,1),(12,34,1),(12,35,1),(12,36,1),(12,40,1),(12,42,1),(13,31,1),(13,32,1),(13,35,1),(14,1,1),(14,2,1),(14,3,1),(14,4,1),(14,5,1),(14,6,1),(14,7,1),(14,8,1),(14,9,1),(14,10,1),(14,11,1),(14,12,1),(14,13,1),(14,14,1),(14,15,1),(14,16,1),(14,17,1),(14,18,1),(14,19,1),(14,20,1),(14,21,1),(14,22,1),(14,23,1),(14,24,1),(14,25,1),(14,26,1),(14,27,1),(14,28,1),(14,29,1),(14,30,1),(15,1,1),(15,3,1),(15,4,1),(15,5,1),(15,7,1),(15,8,1),(15,9,1),(15,10,1),(15,11,1),(15,13,1),(15,14,1),(15,15,1),(15,17,1),(15,18,1),(15,19,1),(15,20,1),(15,21,1),(15,22,1),(15,23,1),(15,24,1),(15,25,1),(15,27,1),(15,29,1),(15,30,1),(16,1,0),(17,1,1),(17,7,1),(17,14,1),(17,19,1),(17,20,1),(17,23,1),(17,27,1),(18,1,1),(18,4,1),(18,7,1),(18,8,1),(18,9,1),(18,13,1),(18,14,1),(18,15,1),(18,17,1),(18,18,1),(18,19,1),(18,20,1),(18,21,1),(18,22,1),(18,23,1),(18,24,1),(18,25,1),(18,27,1),(18,29,1),(19,1,1),(19,7,1),(19,14,1),(19,19,1),(19,20,1),(20,1,1),(20,3,1),(20,4,1),(20,7,1),(20,8,1),(20,9,1),(20,13,1),(20,14,1),(20,17,1),(20,18,1),(20,19,1),(20,20,1),(20,21,1),(20,22,1),(20,23,1),(20,24,1),(20,25,1),(20,27,1),(20,29,1),(20,15,0),(21,1,1),(21,3,1),(21,4,1),(21,5,1),(21,7,1),(21,8,1),(21,9,1),(21,10,1),(21,11,1),(21,13,1),(21,14,1),(21,15,1),(21,16,1),(21,17,1),(21,18,1),(21,19,1),(21,20,1),(21,21,1),(21,22,1),(21,23,1),(21,24,1),(21,25,1),(21,27,1),(21,29,1),(21,30,1),(22,1,1),(22,4,1),(22,7,1),(22,8,1),(22,9,1),(22,13,1),(22,14,1),(22,15,1),(22,16,1),(22,17,1),(22,18,1),(22,19,1),(22,20,1),(22,21,1),(22,22,1),(22,23,1),(22,24,1),(22,25,1),(22,27,1),(22,29,1);

--
-- Table structure for table `phpbb_acl_users`
--

CREATE TABLE `phpbb_acl_users` (
  `user_id` mediumint(8) unsigned NOT NULL default '0',
  `forum_id` mediumint(8) unsigned NOT NULL default '0',
  `auth_option_id` mediumint(8) unsigned NOT NULL default '0',
  `auth_role_id` mediumint(8) unsigned NOT NULL default '0',
  `auth_setting` tinyint(2) NOT NULL default '0',
  KEY `user_id` (`user_id`),
  KEY `auth_option_id` (`auth_option_id`)
) ENGINE=MyISAM DEFAULT CHARSET=utf8 COLLATE=utf8_bin;

--
-- Dumping data for table `phpbb_acl_users`
--

INSERT INTO `phpbb_acl_users` VALUES (2,0,0,5,0),(2,3,0,14,0),(53,3,0,14,0),(53,3,0,10,0),(70,0,0,10,0),(53,0,0,10,0),(70,3,0,14,0),(2,5,0,14,0),(53,5,0,14,0),(1,5,0,18,0),(53,5,0,10,0),(70,5,0,14,0),(1,3,0,17,0);

--
-- Table structure for table `phpbb_attachments`
--

CREATE TABLE `phpbb_attachments` (
  `attach_id` mediumint(8) unsigned NOT NULL auto_increment,
  `post_msg_id` mediumint(8) unsigned NOT NULL default '0',
  `topic_id` mediumint(8) unsigned NOT NULL default '0',
  `in_message` tinyint(1) unsigned NOT NULL default '0',
  `poster_id` mediumint(8) unsigned NOT NULL default '0',
  `is_orphan` tinyint(1) unsigned NOT NULL default '1',
  `physical_filename` varchar(255) collate utf8_bin NOT NULL default '',
  `real_filename` varchar(255) collate utf8_bin NOT NULL default '',
  `download_count` mediumint(8) unsigned NOT NULL default '0',
  `attach_comment` text collate utf8_bin NOT NULL,
  `extension` varchar(100) collate utf8_bin NOT NULL default '',
  `mimetype` varchar(100) collate utf8_bin NOT NULL default '',
  `filesize` int(20) unsigned NOT NULL default '0',
  `filetime` int(11) unsigned NOT NULL default '0',
  `thumbnail` tinyint(1) unsigned NOT NULL default '0',
  PRIMARY KEY  (`attach_id`),
  KEY `filetime` (`filetime`),
  KEY `post_msg_id` (`post_msg_id`),
  KEY `topic_id` (`topic_id`),
  KEY `poster_id` (`poster_id`),
  KEY `is_orphan` (`is_orphan`)
) ENGINE=MyISAM DEFAULT CHARSET=utf8 COLLATE=utf8_bin;

--
-- Dumping data for table `phpbb_attachments`
--


--
-- Table structure for table `phpbb_banlist`
--

CREATE TABLE `phpbb_banlist` (
  `ban_id` mediumint(8) unsigned NOT NULL auto_increment,
  `ban_userid` mediumint(8) unsigned NOT NULL default '0',
  `ban_ip` varchar(40) collate utf8_bin NOT NULL default '',
  `ban_email` varchar(100) collate utf8_bin NOT NULL default '',
  `ban_start` int(11) unsigned NOT NULL default '0',
  `ban_end` int(11) unsigned NOT NULL default '0',
  `ban_exclude` tinyint(1) unsigned NOT NULL default '0',
  `ban_reason` text collate utf8_bin NOT NULL,
  `ban_give_reason` text collate utf8_bin NOT NULL,
  PRIMARY KEY  (`ban_id`),
  KEY `ban_end` (`ban_end`),
  KEY `ban_user` (`ban_userid`,`ban_exclude`),
  KEY `ban_email` (`ban_email`,`ban_exclude`),
  KEY `ban_ip` (`ban_ip`,`ban_exclude`)
) ENGINE=MyISAM DEFAULT CHARSET=utf8 COLLATE=utf8_bin;

--
-- Dumping data for table `phpbb_banlist`
--


--
-- Table structure for table `phpbb_bbcodes`
--

CREATE TABLE `phpbb_bbcodes` (
  `bbcode_id` tinyint(3) NOT NULL default '0',
  `bbcode_tag` varchar(16) collate utf8_bin NOT NULL default '',
  `bbcode_helpline` varchar(255) collate utf8_bin NOT NULL default '',
  `display_on_posting` tinyint(1) unsigned NOT NULL default '0',
  `bbcode_match` text collate utf8_bin NOT NULL,
  `bbcode_tpl` mediumtext collate utf8_bin NOT NULL,
  `first_pass_match` mediumtext collate utf8_bin NOT NULL,
  `first_pass_replace` mediumtext collate utf8_bin NOT NULL,
  `second_pass_match` mediumtext collate utf8_bin NOT NULL,
  `second_pass_replace` mediumtext collate utf8_bin NOT NULL,
  PRIMARY KEY  (`bbcode_id`),
  KEY `display_on_post` (`display_on_posting`)
) ENGINE=MyISAM DEFAULT CHARSET=utf8 COLLATE=utf8_bin;

--
-- Dumping data for table `phpbb_bbcodes`
--


--
-- Table structure for table `phpbb_bookmarks`
--

CREATE TABLE `phpbb_bookmarks` (
  `topic_id` mediumint(8) unsigned NOT NULL default '0',
  `user_id` mediumint(8) unsigned NOT NULL default '0',
  `order_id` mediumint(8) unsigned NOT NULL default '0',
  KEY `order_id` (`order_id`),
  KEY `topic_user_id` (`topic_id`,`user_id`)
) ENGINE=MyISAM DEFAULT CHARSET=utf8 COLLATE=utf8_bin;

--
-- Dumping data for table `phpbb_bookmarks`
--


--
-- Table structure for table `phpbb_bots`
--

CREATE TABLE `phpbb_bots` (
  `bot_id` mediumint(8) unsigned NOT NULL auto_increment,
  `bot_active` tinyint(1) unsigned NOT NULL default '1',
  `bot_name` varchar(255) collate utf8_bin NOT NULL default '',
  `user_id` mediumint(8) unsigned NOT NULL default '0',
  `bot_agent` varchar(255) collate utf8_bin NOT NULL default '',
  `bot_ip` varchar(255) collate utf8_bin NOT NULL default '',
  PRIMARY KEY  (`bot_id`),
  KEY `bot_active` (`bot_active`)
) ENGINE=MyISAM AUTO_INCREMENT=51 DEFAULT CHARSET=utf8 COLLATE=utf8_bin;

--
-- Dumping data for table `phpbb_bots`
--

INSERT INTO `phpbb_bots` VALUES (1,1,'AdsBot [Google]',3,'AdsBot-Google',''),(2,1,'Alexa [Bot]',4,'ia_archiver',''),(3,1,'Alta Vista [Bot]',5,'Scooter/',''),(4,1,'Ask Jeeves [Bot]',6,'Ask Jeeves',''),(5,1,'Baidu [Spider]',7,'Baiduspider+(',''),(6,1,'Exabot [Bot]',8,'Exabot/',''),(7,1,'FAST Enterprise [Crawler]',9,'FAST Enterprise Crawler',''),(8,1,'FAST WebCrawler [Crawler]',10,'FAST-WebCrawler/',''),(9,1,'Francis [Bot]',11,'http://www.neomo.de/',''),(10,1,'Gigabot [Bot]',12,'Gigabot/',''),(11,1,'Google Adsense [Bot]',13,'Mediapartners-Google/',''),(12,1,'Google Desktop',14,'Google Desktop',''),(13,1,'Google Feedfetcher',15,'Feedfetcher-Google',''),(14,1,'Google [Bot]',16,'Googlebot',''),(15,1,'Heise IT-Markt [Crawler]',17,'heise-IT-Markt-Crawler',''),(16,1,'Heritrix [Crawler]',18,'heritrix/1.',''),(17,1,'IBM Research [Bot]',19,'ibm.com/cs/crawler',''),(18,1,'ICCrawler - ICjobs',20,'ICCrawler - ICjobs',''),(19,1,'ichiro [Crawler]',21,'ichiro/2',''),(20,1,'Majestic-12 [Bot]',22,'MJ12bot/',''),(21,1,'Metager [Bot]',23,'MetagerBot/',''),(22,1,'MSN NewsBlogs',24,'msnbot-NewsBlogs/',''),(23,1,'MSN [Bot]',25,'msnbot/',''),(24,1,'MSNbot Media',26,'msnbot-media/',''),(25,1,'NG-Search [Bot]',27,'NG-Search/',''),(26,1,'Nutch [Bot]',28,'http://lucene.apache.org/nutch/',''),(27,1,'Nutch/CVS [Bot]',29,'NutchCVS/',''),(28,1,'OmniExplorer [Bot]',30,'OmniExplorer_Bot/',''),(29,1,'Online link [Validator]',31,'online link validator',''),(30,1,'psbot [Picsearch]',32,'psbot/0',''),(31,1,'Seekport [Bot]',33,'Seekbot/',''),(32,1,'Sensis [Crawler]',34,'Sensis Web Crawler',''),(33,1,'SEO Crawler',35,'SEO search Crawler/',''),(34,1,'Seoma [Crawler]',36,'Seoma [SEO Crawler]',''),(35,1,'SEOSearch [Crawler]',37,'SEOsearch/',''),(36,1,'Snappy [Bot]',38,'Snappy/1.1 ( http://www.urltrends.com/ )',''),(37,1,'Steeler [Crawler]',39,'http://www.tkl.iis.u-tokyo.ac.jp/~crawler/',''),(38,1,'Synoo [Bot]',40,'SynooBot/',''),(39,1,'Telekom [Bot]',41,'crawleradmin.t-info@telekom.de',''),(40,1,'TurnitinBot [Bot]',42,'TurnitinBot/',''),(41,1,'Voyager [Bot]',43,'voyager/1.0',''),(42,1,'W3 [Sitesearch]',44,'W3 SiteSearch Crawler',''),(43,1,'W3C [Linkcheck]',45,'W3C-checklink/',''),(44,1,'W3C [Validator]',46,'W3C_*Validator',''),(45,1,'WiseNut [Bot]',47,'http://www.WISEnutbot.com',''),(46,1,'Yacy [Bot]',48,'yacybot',''),(47,1,'Yahoo MMCrawler [Bot]',49,'Yahoo-MMCrawler/',''),(48,1,'Yahoo Slurp [Bot]',50,'Yahoo! DE Slurp',''),(49,1,'Yahoo [Bot]',51,'Yahoo! Slurp',''),(50,1,'YahooSeeker [Bot]',52,'YahooSeeker/','');

--
-- Table structure for table `phpbb_config`
--

CREATE TABLE `phpbb_config` (
  `config_name` varchar(255) collate utf8_bin NOT NULL default '',
  `config_value` varchar(255) collate utf8_bin NOT NULL default '',
  `is_dynamic` tinyint(1) unsigned NOT NULL default '0',
  PRIMARY KEY  (`config_name`),
  KEY `is_dynamic` (`is_dynamic`)
) ENGINE=MyISAM DEFAULT CHARSET=utf8 COLLATE=utf8_bin;

--
-- Dumping data for table `phpbb_config`
--

INSERT INTO `phpbb_config` VALUES ('active_sessions','0',0),('allow_attachments','1',0),('allow_autologin','1',0),('allow_avatar_local','0',0),('allow_avatar_remote','0',0),('allow_avatar_upload','0',0),('allow_bbcode','1',0),('allow_bookmarks','1',0),('allow_emailreuse','0',0),('allow_forum_notify','1',0),('allow_mass_pm','1',0),('allow_name_chars','.*',0),('allow_namechange','0',0),('allow_nocensors','1',0),('allow_pm_attach','0',0),('allow_post_links','1',0),('allow_privmsg','1',0),('allow_sig','1',0),('allow_sig_bbcode','1',0),('allow_sig_flash','0',0),('allow_sig_img','1',0),('allow_sig_links','1',0),('allow_sig_pm','1',0),('allow_sig_smilies','1',0),('allow_smilies','1',0),('allow_topic_notify','1',0),('attachment_quota','52428800',0),('auth_bbcode_pm','1',0),('auth_flash_pm','0',0),('auth_img_pm','1',0),('auth_method','db',0),('auth_smilies_pm','1',0),('avatar_filesize','6144',0),('avatar_gallery_path','images/avatars/gallery',0),('avatar_max_height','90',0),('avatar_max_width','90',0),('avatar_min_height','20',0),('avatar_min_width','20',0),('avatar_path','images/avatars/upload',0),('board_contact','info@noblequest.org',0),('board_disable','0',0),('board_disable_msg','',0),('board_dst','1',0),('board_email','info@noblequest.org',0),('board_email_form','0',0),('board_email_sig','Thanks, NobleQuest',0),('board_hide_emails','1',0),('board_timezone','-7',0),('browser_check','1',0),('bump_interval','10',0),('bump_type','d',0),('cache_gc','7200',0),('captcha_gd','0',0),('captcha_gd_noise','1',0),('check_dnsbl','0',0),('chg_passforce','0',0),('cookie_domain','forums.noblequest.org',0),('cookie_name','phpbb3_3kpnx',0),('cookie_path','/',0),('cookie_secure','0',0),('coppa_enable','0',0),('coppa_fax','',0),('coppa_mail','',0),('database_gc','604800',0),('default_dateformat','D M d, Y g:i a',0),('default_style','1',0),('display_last_edited','1',0),('display_order','0',0),('edit_time','0',0),('email_check_mx','1',0),('email_enable','1',0),('email_function_name','mail',0),('email_package_size','50',0),('enable_confirm','1',0),('enable_pm_icons','1',0),('enable_post_confirm','1',0),('flood_interval','15',0),('force_server_vars','0',0),('forward_pm','1',0),('forwarded_for_check','0',0),('full_folder_action','2',0),('fulltext_mysql_max_word_len','254',0),('fulltext_mysql_min_word_len','4',0),('fulltext_native_common_thres','20',0),('fulltext_native_load_upd','1',0),('fulltext_native_max_chars','14',0),('fulltext_native_min_chars','3',0),('gzip_compress','0',0),('hot_threshold','25',0),('icons_path','images/icons',0),('img_create_thumbnail','0',0),('img_display_inlined','1',0),('img_imagick','/usr/bin/',0),('img_link_height','0',0),('img_link_width','0',0),('img_max_height','0',0),('img_max_thumb_width','400',0),('img_max_width','0',0),('img_min_thumb_filesize','12000',0),('ip_check','3',0),('jab_enable','0',0),('jab_host','',0),('jab_password','',0),('jab_package_size','20',0),('jab_port','5222',0),('jab_resource','',0),('jab_username','',0),('ldap_base_dn','',0),('ldap_email','',0),('ldap_password','',0),('ldap_server','',0),('ldap_uid','',0),('ldap_user','',0),('limit_load','0',0),('limit_search_load','0',0),('load_anon_lastread','0',0),('load_birthdays','1',0),('load_cpf_memberlist','0',0),('load_cpf_viewprofile','1',0),('load_cpf_viewtopic','0',0),('load_db_lastread','1',0),('load_db_track','1',0),('load_jumpbox','1',0),('load_moderators','1',0),('load_online','1',0),('load_online_guests','1',0),('load_online_time','5',0),('load_onlinetrack','1',0),('load_search','1',0),('load_tplcompile','1',0),('load_user_activity','1',0),('max_attachments','3',0),('max_attachments_pm','1',0),('max_autologin_time','0',0),('max_filesize','262144',0),('max_filesize_pm','262144',0),('max_login_attempts','3',0),('max_name_chars','20',0),('max_pass_chars','30',0),('max_poll_options','10',0),('max_post_chars','0',0),('max_post_font_size','0',0),('max_post_img_height','0',0),('max_post_img_width','0',0),('max_post_smilies','0',0),('max_post_urls','0',0),('max_quote_depth','3',0),('max_reg_attempts','5',0),('max_sig_chars','255',0),('max_sig_font_size','24',0),('max_sig_img_height','0',0),('max_sig_img_width','0',0),('max_sig_smilies','0',0),('max_sig_urls','5',0),('min_name_chars','3',0),('min_pass_chars','6',0),('min_search_author_chars','3',0),('override_user_style','0',0),('pass_complex','PASS_TYPE_ANY',0),('pm_edit_time','0',0),('pm_max_boxes','4',0),('pm_max_msgs','50',0),('posts_per_page','10',0),('print_pm','1',0),('queue_interval','600',0),('ranks_path','images/ranks',0),('require_activation','3',0),('script_path','/',0),('search_block_size','250',0),('search_gc','7200',0),('search_indexing_state','',0),('search_interval','0',0),('search_anonymous_interval','0',0),('search_type','fulltext_native',0),('search_store_results','1800',0),('secure_allow_deny','1',0),('secure_allow_empty_referer','1',0),('secure_downloads','0',0),('server_name','forums.noblequest.org',0),('server_port','80',0),('server_protocol','http://',0),('session_gc','3600',0),('session_length','3600',0),('site_desc','Argentina to Alaska on V-Strom 650s',0),('sitename','forums.noblequest.org',0),('smilies_path','images/smilies',0),('smtp_auth_method','PLAIN',0),('smtp_delivery','0',0),('smtp_host','',0),('smtp_password','',0),('smtp_port','25',0),('smtp_username','',0),('topics_per_page','25',0),('tpl_allow_php','0',0),('upload_icons_path','images/upload_icons',0),('upload_path','files',0),('version','3.0.B5',0),('warnings_expire_days','90',0),('warnings_gc','14400',0),('cache_last_gc','1217420573',1),('database_last_gc','1216748300',1),('last_queue_run','1203572089',1),('newest_user_colour','',1),('newest_user_id','1299',1),('newest_username','domglot',1),('num_files','0',1),('num_posts','269',1),('num_topics','87',1),('num_users','1242',1),('rand_seed','a377be2d29487e763ae2d64ef6fb0722',1),('rand_seed_last_update','1217430150',1),('record_online_date','1208100410',1),('record_online_users','19',1),('search_last_gc','1216792221',1),('session_last_gc','1216792227',1),('upload_dir_size','0',1),('warnings_last_gc','1217421753',1),('board_startdate','1170609328',0),('default_lang','en',0);

--
-- Table structure for table `phpbb_confirm`
--

CREATE TABLE `phpbb_confirm` (
  `confirm_id` char(32) collate utf8_bin NOT NULL default '',
  `session_id` char(32) collate utf8_bin NOT NULL default '',
  `confirm_type` tinyint(3) NOT NULL default '0',
  `code` varchar(8) collate utf8_bin NOT NULL default '',
  `seed` int(10) unsigned NOT NULL default '0',
  PRIMARY KEY  (`session_id`,`confirm_id`),
  KEY `confirm_type` (`confirm_type`)
) ENGINE=MyISAM DEFAULT CHARSET=utf8 COLLATE=utf8_bin;

--
-- Dumping data for table `phpbb_confirm`
--

INSERT INTO `phpbb_confirm` VALUES ('083a1cb1b55f0aef6ce2f8815c689e6b','1fb4fc70f01d4c8db3493d2b1836ed9a',3,'P6679',1105179384),('34ebc900b893258dfc104070716ad368','e029c47f07de8b362fdfb6c164e5e4d1',3,'17S9F',1276241153),('2dbaecdd5630c4b210190e0c874b5871','0721a12eca8cbdf14b727c68cec55053',3,'3A5775I5',1704346192),('ecc6e6641f2f993c827e4609b7c2f026','952985febfbf32539297a2666980c047',3,'1URA2QD',1688659183),('3da4395951cb5dba4db883c2010c286e','0d2577438794acaa6cca08f50f578690',3,'VBER4F8',1786479652),('f4f5d3afabe6ae1ae34e42e479f74b4b','f86abcd6c6fc98fa05f4f90fcf9ec1de',3,'1U2MBB',1750677431),('d6908d9c7745696da5fc9a1a912ad236','384f66af4cc578724696bb34655b139b',3,'4WMJJ',629010856),('63408dde850aa25369b324c288b1d6aa','7f04ee39c08abaca51af111174a4df80',3,'3L4LXB',416980356),('c89121852869e9bec7dd106b827b8065','343b7ee0dc6aace3dfcb89ffe27cc3c4',3,'2EUMN3MO',465053041),('3bdbb49e21e9576da777a9c66370d4bd','3df5aa268e2e6ca98f9dc82069a32f70',3,'215SF8',1362854673),('bc574a7e610bb03f296379ef63cba5fd','175964757d5393c0f6dbf28ea4fc32eb',3,'2UWDV',1139091379),('646394eed2589be4ae731512339f4bfb','3dda8c4f6dde444e658f0774e20ab3b3',3,'32MIY7T',1209001737),('c3e00c33b5af1a994bd688a3b37dbbe4','a0e27d393aba96473e0ed1328c4e05be',3,'XKA2K6MO',1802032887),('f7639716fe5b5766473b9798ef807c39','9e806aee56ac5b447a6a62c632d40c92',3,'1BJ86F',671194878),('6611f610ad5331a4deaf5fc6565bbdb3','9d52541c3e9d179f7bf6fe858798df3f',3,'58X18TM',1363292829),('6e1a57fcd52f05ebd528c7a3f9446d0a','72ecc0fea2433886372f13c20e5d918f',3,'V3Z9HV',1470448184),('e19d927f9caed7939a98d01aa78c39bf','12ad6d74142f6da7296f30afa1760b3a',3,'3J2P11',44921200),('f91b1a67e81333837f04663ab30a1b8f','bdc1413ab9b8c94481eba8e067412672',3,'1MXVNENR',403033716),('742470f85656c38bc830b413d879d85f','95ea0410e1aebb4bb15a6aee15252e7f',3,'11T3P2PU',430716825),('461876d73c969e63a72d746ff49b6dad','ec1cb17355d2344e9fde233f62ec953d',3,'2TT91',664437947),('6823df2732b45eaa556e90936c359679','16ec08ea4376d8c9fa85bd6fde6c213e',3,'5FIDCHE',606105882),('3626b12cd7cb2d53c15d2830f071e078','b9480f9969572113589162d04700f0ab',3,'1QD16RU',587577317),('f07371e35a677dd8af09e2705dfab1fa','a3e16d8bd1dd7c728689accbba21f5a8',3,'UREU8DW',734512090),('7876c0b25576f750b6b57833a2bb15c0','4ee69765cc99a1e893c1e6e90c3dddeb',3,'3RL7G9',1246885028),('443728158891f93f3f00119dc8daaee4','9a97be7cfce3059111a05f29d60c7ecd',3,'3Z8YKH',287422418),('8e214c2cc6b2e5f59ffec1d3c2fddab8','26e41d3a885d16f797a5c8b764788d35',3,'3SBUBZ4',1490935508),('dbd595db6b3a95572a3db3eb800868f2','0461c87aefdaaa0a72c26fb1881220f4',3,'MX9HPSQ',905141610),('3faf7b217b146b3abf9aa14b3498733d','12377e2d9925d332db7ab8bcbad3df4d',3,'4R5YM8PT',1328855230),('e7ad93328986494668aa992c415db178','22652ec54b740618d82b91a6490d87d4',3,'1P797',1610798999),('f5fb9e670ffdbd2f3f953e89df3a748f','90adbdc8c25b616a2ce51be71a0e93b0',3,'3JDKV3H1',213330306),('76caf6dd11d15070bde79a55ae15babd','1a304b666da25377ec5d7e880cc25d27',3,'2KN2Q',1733481683),('f830a0805a5f4337df0dcc5e695671bb','ea99868cba052b395e5aa520a0249b8d',3,'354GD2',1902548415),('932f01dcc3fd237d044e7bc9e17ea73e','60de3727cfa451e829f23100f499a626',3,'IH6OT',1442903249),('2276e071175e5ff46e1da47c60672a09','80f7a16ce4a2df0f88867004f19ec98a',3,'4WR394',1001005833),('d387ac1acaf64b35a38d5e00b1653a75','1084ec3ad00e6b2a88c077f452f3c01d',3,'1URBCPR',886199147),('bc877ea0409c78d85342bcec4fc19978','89ed619e364cb668d213af332edfa135',3,'2VZIYR',544552619),('0d66401341b41bbe8c0f342c1e9eca0b','0f626112169db5d466663af9e5e3b5bd',3,'1PLE6L',128718930),('4101c9a08aefec545d9ac882c191af6d','2aea755978fa3cad35455e7c69f8835a',3,'1UOY11VV',107319183),('ba3f438755b00dceaed34d7486f7cc54','6d4b9487c79297a4bfb8e1eebcdd2530',3,'4G7JF8KC',1050898152),('1129116c41a8d06742597984c3d020d9','f356e0bd3fb6fdc9078ad3d1cc7cb286',3,'4BLJR',1176055865),('23d3c532e4f1573b63fd1c2e918f9cb7','5d4987467e72157a5cff303f25a23671',3,'LR8BFHVR',1802480828),('b5e2d8c91906667ffecf7ffb9866341f','3ec516e831e55de3adfed993120f6868',3,'2RK6V',1011909401),('3c1c49f1fc72f6c39bd10b18c28f531b','73f11a75ea1225a4ee0650f9762f01b1',3,'3IVVB',1425966397),('4d37ee32809f707aea8c25016b8f1c11','c110195d557190ef08bc5bdd5c113fe4',3,'XLLY4',852823790),('7d35d7279cd51e7cb9ed45da24a355b8','98853a27d9604c92b75a47e6d4e6d8d7',3,'4NZBA',153698130),('3d8993b4755b250dc5be2c5cdd57264a','c25204a015ba8d8a38706841bdd79acc',3,'55LGGB',783048846),('4d6ac7bcfab78e74831f99851229f9a3','097b2ea096ff5aacb58f9a81300df3be',3,'3LUG5',1279905928),('969fe340688bf0f12cbef12eedd1727d','e8140329b5488ef6886d6c173fd493be',3,'2NCOWMGC',1937889521),('d8964f549e2f58f2cda2aa8be7c3a7f0','b4cab2eecc34b080c7634cf000130fbb',3,'5DYO7G',958730884),('6979fcd2cc5a84aa948555f572dce154','e46a462356075d6f4fb2af05bbe27fd9',3,'32BVQ7',1322183721),('c95eef77e35bc873ce71475052b8453d','fdf1d4b66f65554d2973bede912906cd',3,'27M65',337868044),('ac91a7c9c02c22bcd31e4c20469f07eb','263eef5e96a3949b90c98ee6deb4ec06',3,'4AKQL',40447744),('b787791a5f888a94595d1040e2f750d5','561d76bd16a42ade721b734f9351223c',3,'2DQMQR6I',505192749),('f95cddbb4a0b694fc680529ff6d365a7','93e8f261773f85221f8cd42c77c17058',3,'HG16GK',620263776),('af9b1a72d8755c791873bd4e618ee3c0','f3425931961e0ee0eb4a5db6b65a3559',3,'PDSBOO8B',855962143),('24d65872ac56602c8a5c2763486fff59','5cbe08f5e35f169186713f807c0717c3',3,'TIJ4IN',1881149546),('cc2179bd480bab1a0bd7ffcaea5c6d5a','0af067736fda4d284e48d21a76b74c06',3,'XU5ZFTLH',1473104094),('85785fa38a6ee48e30ccbcf2b94b2fb8','1a11881bbfa0521ec8d3e50e760ea0ba',3,'EMUOZ',1914857768),('02fcb88b14d00528dc994d0454450bd0','c316542f2dba81662bbd929254157291',3,'4NOCMY',928670592),('3fe6d6b532b3fdc957ea5ea0868fa1b5','03b50183c33032efad3a907dcf0235bf',3,'4BIQE',520768538),('e80bfef1706c9891286aef64052ef078','0a19f489bbf6e5f7f1477dd04c3fa410',3,'YPLPRXL',1508040551),('368b8c69a84cb71369d773a1a220ce27','14a1d898b5d38afb9803a6045cbda32a',3,'2UCLV',129142762),('f2fe7f26aac270bbbfc2cf6b0c8ed139','2d5ab345cd0fd50f7b811aaa6fdb84f1',3,'3VYI8JT',2128443916),('63ca251980663c4bc9f77f6c594a5a1b','a0d908ee7b96d4d40a2c4024c0421218',3,'4547695',1893445439),('9895ecb05405bf61a087e3d17793969f','fda60fc7163edd7782fc3c0421a6bdd6',3,'3DFMXFPB',1927932058),('a3c0ae650f295003104b2840b144c85c','ec48aa53fce635de0d0c68de5cba3b20',3,'6H6S4N3B',766307549),('f9764d3835be53abd4606897cb735ac5','4cc93e5dd0718b7b6f2f716c21151930',3,'2SLXL11',338602364),('44d94fedb7ce8714fb527da38d95a3fc','740c6471c73c4c95c20ca921030ece78',3,'1DAEGRN3',533676504),('b6d77e0f2de087d8f62bbed8fbfc2756','4bb71251852ea0f39ecb57d373e8ee21',3,'4PGPYE',1001697985),('b43b66b66c604613ca060164e8a0d9c6','4447d94e0ea5a4ff7e507e7d9b1c8dd2',3,'2NRKP',1533403617),('d9210db9dcca6ac4654f118007e12918','ac3404e0c86bd50a58942732934218c1',3,'47RC8FU',1044934920),('3855ee3d5e76df784b060b90426e27cc','77acf9e7ab6dc4cbeea2f25cb93f3e6b',3,'3A38AQG',12892767),('2b6ee1faeb7002d4109f956fb0819c4f','bfbf360f1e1ee6a0740ed2dc50e1a943',3,'1OVZLHZ',203355116),('1d9e66a163244ba9c76a34a368be9be3','79e7558986e7edde122c608fcbfa9b0b',3,'25COA6',271261575),('65100d8a75f670ad980c97612b463cdb','f48a2ac6854b0d1a208cd207f174ef73',3,'4L795B',388523277),('0a701204b71a05d048adc238c3e069b0','ea5e505154d43673997c30fea84f69dc',3,'1AVPE1Q',371331011),('bbc2cb2592c1ed53d3951ff46c6f25dd','39fe47b5c117c63ab4d0111fd971119f',3,'BLB2ZXU',465207558),('cb81b9a2fca3587e58bb7c51c0e442bc','8fd0b06ba0c8f17f34d7c32febdc5303',3,'2TXOMPWD',918492443),('18bb26f3b42945fcabbe6d7cf974b394','8366e47940a3ba649d0791e641e5e181',3,'279X5',1813345735),('4ea52871f6cccca3e29d344ee969daba','a73b6667ce3614cb62d78336b26d60a6',3,'1XY9IXVH',1683568491),('9cc2c8d721ac469d3cfb21de2f60405c','14af9048827109291464309e145ada21',3,'35BZLT3V',1926129140),('cbd91900c5aebb360713f30f82b6f05e','f6b2750f7011fb6660e243382f0c9223',3,'2G9T56',1578302482),('7dab24e490a287a75159f7b1a917ea3b','74785612101c1b725cc9426618800009',3,'1FS3WY4S',1821721392),('0cecdb58fd9f765e620c9a2f8d52f1f6','e3977fa88e800a504e6bc37c5fa6c5c2',3,'29VWFO',1223350959),('b5271287f238fb336472dfa26a109c07','6c800bb10110849eea827c61fe34f086',3,'3AVC1G7',195560750),('b9361eff9daf7a6e2f90b9b8991ead9d','c38da1159b5a9e06696ff748610f3581',3,'3CK74G',175749283),('4d8670c2f9b59f93cd3f6e688cd6e60f','2cdee096db23aac8568a22767ab2f981',3,'2V3F8',1461623478),('1d8e6579a53baced2c12f0d10db73922','9f960f1bb05ceee51a62ded0bffe8e97',3,'8VK2TFMH',992056013),('16b5f9777a228abd69809c9a4e14c56a','d1bfbe83c26de111ebc9c52ab21e2c6c',3,'218X7B',2072186124),('b23d4a88b30281e2c0a2b6db2c27f00a','6ed0c4ee9b8933c4a8e0ec6da2f4511a',3,'4TNCFRE',1630604394),('8f518fada3840df5803d9bcdd0d92e95','1d291885d9b362d54c49e3bc9bf64d22',3,'VBYVLK',772738661),('d00c967a6c8fa88f24a26fb87dd69b0e','2c6cd5ad4d4c2ce869885f6fd220c524',3,'3L8DBD1',1952515637),('3ca2e61b68a7e2db9c0623e258754156','8f035ca50cccd12f7b6a3d8dde501690',3,'3NNDQ2',416427006),('dfe0b2c7076e65f4cbba4dfe2cbf5810','9af99b7e5ede63f6bb849e878e33f7f7',3,'5E82J',967921963),('f6e3abf89c6560961c8051c142941937','65a99b339644f6ad0c5e2c9afac48734',3,'52PDC',688203955),('e1e974f435ee053ba9a3020b27e70c4f','d9b3b04b4bfe66055c4f3c79535d060d',3,'1XXIWGW',1695752536),('2db94a3b233f8b5b2f742d95571a7944','0a9d7bffe27a62c5a3e3105213dc3593',3,'47YQEGYX',1499671867),('4a753dd0b44a0fa9ae47e48cfa28943f','42b1076a4d7dab9d37828f34ece89b3f',3,'3LTPCZ7A',1182777061),('bfdfc6c083f5f29dbf0a9741d4e00960','e236c68c7c915e38732242f6a980047d',3,'1837UC1',754058601),('60b3c9d2a34cd14a75e23eda1d5a7652','9ed7f79ae02c6b1aa04a0d526fe9437b',3,'4AW2YX',308039701),('28f76f25d20b3d5fa5ee8fe02e5bfd5c','31a247a10db7f2ee6a6c17635b1da8db',3,'AXYN6',839439903),('ebd2f8ba80be184e09fcc12e7eb661dd','0ae2cdbc48afa59d677e9c875d087f8d',3,'4JTBD3QP',1308229268),('6aa948014656dcf6dfc1c1c73e82650c','6a492f575317cbfedbecdf8f596d8ae4',3,'2ZX37V',231051390),('8a8a233d16e8187f3bea1c442b263fbe','9a7824e6217e2c0a926eb13d6924a881',3,'HCVKJJN',97101971),('926b38052fc18e9305bbd8063d374830','f660ba5980d0ea43c569477b326d2546',3,'1V8EQAI',1726238326),('4ca54c9e4622acf325acb15d9df1961a','990434eeb3e5c10fd735304add8f91e6',3,'34UXXQL',1989601491),('7debcc4682926259954a45994a6cc4db','eb78e9ebc8132afc8ce3669cb348ec0f',3,'2LR3A3Q',563451267),('e6bbe6ab9736a968b3c4231586ee3433','483cd8244261eafccfe6e029819c6ffc',3,'JYJYZ',1079975578),('c1e4dfb40fa5b51cfae24c48c9aee7c6','ca34c54c7569cc1d66356e063662978c',3,'5FH9G93',2033960752),('744bddbc8fd3265d630bf31297f0376f','7941d990ed7359ed7a119d22b024245e',3,'JW7OK7R',400133870),('b1a2c70ce1eef323e3d9e0c917c6648c','358f6f5b2769aade39d6bb74d29e6836',3,'4HHSLUB',607351219),('3a0ce0d9c6e8a0809f139b46d350c7f7','f991974cb3f643e0b53e983ac6fac933',3,'2H14UC',1975147158),('62832f8f6b4613271f32ca7624eca423','345dbff91142affd02379cfa5cd6a062',3,'R32982X',1302194211),('fc46e90a10c29b221a0d97dc05c239f4','b3396d5c9bb01a0492e24ce70becd670',3,'2UJN4',1003368652),('e56024aada4c906853f466ebac9af76e','353ecddaf5145f4d76047919254b87fa',3,'1QUNUD',918651524),('aa62c74ab3b3227b7410a4b77482b09f','d706660ed67d21071465dbf3bda92f49',3,'24BVCDPU',351698354),('5bb16c10c7ddb469edb058b1261748ca','43e82a202a4efa33909eff3054c85dc8',3,'1KGIL',410549546),('c5f4425969df99beb3a034f344dc6172','08fc12550381c0e3e9944a6a86244191',3,'4EIZ85',2069350011),('380e7d54ed5858c9e3ffea7baa70ceed','e83bc14af8603597202dcbb9833b5988',3,'2ADUAE41',1275465640),('f595c398a670b9734cef02673aeb1613','ba9b766c3bac2b24f46cc1bc56c6dc14',3,'52Y2YAO',1836273337),('7244e1f48b481f57b7c2112ad894def9','4357618baff7f696a659d0b40e2a8ffd',3,'1JE2ZM',1280767369),('bff2924b52d717c635e3f44925c7bf94','4af0dfb13dfcb7ff78f7cedc5c6924a0',3,'31K43R',226437336),('4381c0d7958a95a5b8fc7d7a99bbcae8','6196a943dbf5084e2a470e4a914b1d3b',3,'3TEDKSP',1190252281),('445a80c09c1c7afd8fcfabdb5cd312b6','467fb121cb23da3b354037e3dfc9eab1',3,'364UP',1346388397),('a426762861121385c0c2c6543e8f9bb3','026024e1a55ff65ac8e477ec828ae159',3,'3QTP1CV',1153573683),('d1573474a84e3d83c99bb893bb5ad30a','61905bb800b5b1edc34801902d66be73',3,'43MB1',1731282683),('f93c3196e377f719ea7093f01e3b3fa3','1c7965e0b132ca112792727d5b3b6f01',3,'GDH9XS3Y',446278373),('cfff21431798bbe92c520377c60898f9','86ab34f54e1c813a00de32da4c4f9823',3,'5A5XZ1K',575626536),('aebf1640b131df30c0c45e4f64afcf4c','bbb6ae54ffa7efbc4eed1d8a4d49f370',3,'4KA5ZGA',1801510155),('d527b63c78ce4cd5fc7b7b376ca33052','0803c165bef1f3c966e806798a96c67a',3,'1PPML5',522698629),('1913f7f998831f8d1f83a7c8d02f4733','ad6939627393646aa3cc08eac0281da1',3,'2YGTOQO',418288602),('dfbefe2fc1dc9d8ca7b5923a08f8d4b9','e22e432f076d00062576dc39dd0b3028',3,'J5T7MV1',1381839585),('2d83ea34896adfedd7d596fbddfefecf','7f479a6b2ddd18d48b4fbf33bec72297',3,'36Q7NUP6',1930949596),('13cd735405db6175793c59783f806cf0','048d1af767d8a64dad7aaaa51c364f9b',3,'2QB6N3',413052184),('b3e5ea007dc26b266173420a6f2b7dd6','8f5a53225ce326e78a7815670041825a',3,'2KO8L',1974535860),('c4516fa0349c0767c8cf4c878842c926','883b51ef5e8557f28dfb201b845f0a60',3,'L3DML',554235683),('8293872f9489cd6e1c093941ea8026c6','f12375fd2c39cfb21cea32eb1fe74437',3,'1JFVWGV',1918747083),('b5362b4f1d582ab539943a81fb360fc6','0f85dfc14869881018dbb01759ef5fd0',3,'3WAI8AU',1196002102),('5453b8ed426f5be70f6823e4f5144059','6ee59ae7fffaf7060233437badbe4a31',3,'51VFCE',1754068515),('905db394c49d3ad93af51866dc751703','a105700bd42b398b27004483293fe73a',3,'1EL9BO',762064361),('7eddeec2c31a990678c945c53ee643ea','c4f32ba373ebc2a4ecb5bb1c9960faf2',3,'2UUZK',64272161),('3c67f8dbf0baeefef3a6f225328b947a','68b6a4d7ab5c0a7626df0aa066394af0',3,'2UUCX',1088698530),('178a3e8671a1ff4488e96b0f23bfd18b','db70431de7a1543711de15cc6a06e7e3',3,'2JOPWZG2',478093434),('cb402eabaa2ce563b84bcd6625198a63','c534216b0f8f2c43bd1fbad23fe39c93',3,'2XA76ZY',824987371),('148e2b429a4960524b0d41817d2a5c2d','016d684a259096eeea1ea70189b55350',3,'2QDP2',717511870),('fde8990cb3fe38bb4301bb3abe422bea','e5e5d0f0e04fb7c3f46e16ba059358fd',3,'WM2IEZ',1744382487),('598895bc991b1febad85f9f0bdc0e9a1','439cf099c5fed1cada4858096ab8390a',3,'4SIX6P',654813697),('2e90af06cab9978be74d400a16a7bc88','1420b3b3228427505c1008276b0a07e2',3,'4OGR7',1535106612),('5e5c0a2f4023080a1797d9abfb4c15e2','9e1b369878c4808c5449044732cd2d26',3,'3ZIRD',1985350279),('580c6d65d01cf93fbde6aeb1811c1d0b','b99f9a74fd282c26bca873ba2fbeadda',3,'MNPIH',691176259),('511537a58eccc27c483b71c185366781','e8877f24021a6c3d57e64f8d7923aea6',3,'47BRXWV',226842196),('81b12391c803a8d4f7cd07db83a71d4a','fce6dadeb27107f761bbb20d53c8f87b',3,'1AFAPE',1461539912),('45491bdcea7c2e5a3a95cb7cf05500f8','05c236ff687df3dd5e330174b71d1f95',3,'5DQ228F',340779966),('d47311f7d30d46600abb93b37a59f425','48e5e38390750b36c24e799001745730',3,'4XN7B4Z2',865770341),('f76d0e1947bf2e0e32795571669a7d23','551b29ee6c14d5f56f8092d758c3c023',3,'3ZMD2J',753164817),('9b6642a42d1224254d4dae4f5740b5e9','84f862d70b82e4bc83f7e50125849cb9',3,'56RT1JB',718587000),('853b66f6808f7fc2fb7dfa5d3294dda9','092688ea73c4578bee6f35eb95384ed3',3,'136PCY9',2098588638),('c0a05b787ea7b35a5b6c2607b59c9b9b','eb19a21b45ce2617d6739385b68e7f41',3,'4VSOJJV',1940165303),('767dbdcf0853ade7e610d93c9da5a1cf','90a3ba173b9b324aa9c651fdf5a7b05f',3,'36625',1459727914),('ed12d8179b6592412cf4d8f033acb48b','4619366c89a41603cc225d4f315c5720',3,'5AY3JF',620547073),('8bdef6e02c62ea35ac5edb55f18e5c2a','7decf856fe3e4246f660ef1c0502393f',3,'X7GENVU9',2004056269),('aac073590dc2e85b119648fd7d34dfdc','b4104346eeedff905d6a8841602a939a',3,'1O5YJ',493137037),('57bd31b6ab55dc41f55cad90bc2dc60f','c5aac28cb4ff15dc2ab5c87953cabfba',3,'3D8HWV9',582250297),('7108987d25b647fafa56ba05c2ac29e3','e89a79d8824cc963a01efd676978e74d',3,'3LN2AWLA',1431323161),('30e149fb2ed24f9a07166c44ed8cfb93','7a345fdf2f5679b0209006de2585534b',3,'4194Q',238867935),('f058b373fc95a7d10e60f17c45ca7638','8b482f9d7616657d1c513ddcedf7af72',3,'1JR2G',1459221896),('653f73aecf25fb40aaed6ea19b027c4b','b56f131afe672ba0e73414be2542bf0a',3,'FKCIYP',157160770),('8ef426ae4624f5c3a9cdf70f2d7d70d7','87465f76bbabafbe721803da27160ce4',3,'4ZE8PG5',387060900),('d7f60ed9a4bc46da7431779ed97b01cc','254876320961ee25a355b7f76b3ffb84',3,'26K5IUOF',1808194533),('79fd2d64ca5b1e10de0c2ef74a1968ab','41838cbf6a544ee7d4c12f7ae2ac4888',3,'59US6S',1722990544),('4fdea1c604329c0dbb4208d072dfbb57','5b4a73de2f1694196eb2ed724be335b3',3,'5AX9QWP',1577714859),('0713b41796a35812b51448517d35ffeb','959ccfc48909e6edcdaac104d19bad2f',3,'1HRSSZ',484768320),('eedb1f259076b10deab363808eb8d3db','d3ecb500dabb7449d5e0bd0f25b9a369',3,'BC1QHMF',2042430009),('2c335e89cf8bf8c2ee1db3562425ab1c','f22df2ec01ad32a5efbb241fe9867adc',3,'5CCMC',648614538),('96d957e8540198140c80559a91cb73c4','6e3dd97baea0d774f0cf1a57630e7915',3,'37WJIY',180371633),('e548764648449b0b916cbe3d3d4279f9','4bb0d2b749c9d6fa15abeed743a916c1',3,'4SQQJJEB',1467150721),('4d63963eac1a04da7194ec5cd9500b76','e8aeb32128a7e7d6cacbfe3a04e61dbd',3,'52RYB',559706424),('fc86e2d39d445ff04347512aaaa4daea','1072d2f79d3ceb4a61a70428682c284b',3,'1GKNYZ',1765990250),('b746093a87e95422c3d01d387b11a96c','d4f99d3f8640b5110b9d4226087ac665',3,'149WBP3U',421072041),('d6449a33978546db099159918574a6bf','5e19be25099e1b8487544c15bb73877f',3,'2USUHL7',1771912806),('7a58932944c48ceed9179cfe78d8322e','31777c669cd4472da93f18d8ad06327c',3,'458TB',1521164095),('ccd938d845888bbf989579c794a3d31d','de0b522a907661ef2e11c1dd06786237',3,'5B1H69U',1351457562),('1742e53d375b03693a76b3ec4861164f','2c0a686dfd57e50cd0f782e4f1527521',3,'4PIU5U',59345316),('d5eede9eef388c94ed63690513b8e6cf','c1b48bfba8b16b3385c266e5176e08d1',3,'4YJ88',717725384),('42c07eddc605576f85d67e4c22465393','890b9ec25773478ca0952605a1572978',3,'5BFXIGPR',1650411191),('1bf4da43f55169efaa99ade144136089','5bc641fec24ae77774ec9819c15827b9',3,'OPAW2',8019648),('18f6d42e5cf12f12ac4272f4ee9429b0','aa013c8a84d076b4fabe68004133ece7',3,'3TD33BQ',1657842695),('3a2d18f28c30d7e30577c382592b4dff','4aa93e3403ca83dceadf12e8f2b92fe8',3,'2DISGJDO',1770569940),('b98e1b95272c66e4249210721e763d5a','bea5cf5d2db72c9ac166f2cfaf05cd46',3,'3YM2L',1841654765),('aab01dd242fbee310337fd5f1478b047','2e54f855f7ca976838d3e74fda435d73',3,'M98MK',69545887),('254e6692debd3aca36d43d652af316e0','81941be2a5c7fbddd4cb82a033f6c7d0',3,'3NZCUS',269935454),('d8d6b00c71423fbd11ad70595f339d14','2c00964cb16b1c83840f275e9cde7dd9',3,'2PVGGZH',565862740),('1c24f5c980d968ec6a282fb785ebc996','ca8f7edac8735717408c5d6a560a0441',3,'CC5WTNZ',600877052),('75597674e121f1feefac6e32bf2da3cc','1883feb36acdb32c87372da6e56c30aa',3,'7JW1ASVC',140026783),('922b3ba4a6efed6ef7c9a4c5262ae6c8','68e5d970e9d4dbad99f937adb0d8eb1a',3,'59CQAD3',2012860666),('5723a1a9d27dd1f9f4cdc451469bf353','3de1337bebd6851155635a935f3d9a40',3,'3KVGQD',878055619),('14a7413336b0e81e11a1df2db29e512f','e6f8f7a2ff5edabeabf490b5fa783e59',3,'TLP33FKD',1705022622),('6d845d40e40501c461cbba77caebdc62','37aa4bc8a325605dc92c5791fc17b808',3,'DUER2',1420304243),('774ab2e79672f5bd630518402fd53eb5','3d4e3481cdc1fa17bd56dc776b40c3ce',3,'4YJUTBQ5',1685990485),('f27a599bf0993d9206017c2effba7db2','0521c95b7a9f6a493793f2bc108ad85a',3,'1ASRFYQG',1535031861),('91b07c7a68fe7e6bfac39863c0a4f81a','ad4047d6d2454ddf43644f3235ec006e',3,'3ATF79',1762009527),('8d8cfc34184aa5c43377f8e4f0be1c41','d0e714dee9bf72b3c5115ffe2f7083d2',3,'4MGPK',1122522730),('149b355c1e309b8fcf3c153c86dcc307','329a803b1cf155a8565e4349f18958a1',3,'3O1VO',1372405694),('6f3432ce8bcad18266d2cb887a64d6fb','d22231a19d14e625ccad89f9549874e4',3,'8ZFLWCL',418148677),('bd51c36bd35cf3ecccb93ebd62b47a1f','95eafd1d2d233df6b2135af3837bfdb8',3,'1D4T5',1660465672),('8e70f9afd154cec51198fe1b19c9474e','5ba56fd0dcae4fabc540b89a47f8f42c',3,'24YMW6S',1430399942),('669f2c6b0d15092af1bb9eb96c44edfb','d1c02330698c854071acaab5a0600859',3,'51WIPAUL',1591307827),('f3bb63bf844b3d730c1530742bdda587','fc6e9638e765d790c2aea25dc97b91cc',3,'3QS7A',295883125),('c9a65f6a9f8fe07df3e420a3200932ec','d931c02de46b918d80d1af66d625d8bd',3,'KDBAIWB',1236137668),('1d7ac6c5a5e2a56edfd318f2b7d02d29','fb2eb6795c9e99a770e96714aff96a77',3,'UJA9G6',653916745),('5ac1a0c49716f210d421718b2e37a621','9740eacf7b5c24ad1d08be529a1e3fe1',3,'1PU3N',1921357664),('dbb89d09a8cc302544ae79bec77ce4b2','b7973b3cf098d59478f0367f6305818b',3,'2FFGRF',735590906),('85f43b97d13061b7de93b2f4a0f755f9','c447f249e17a231a1477a8973a394d45',3,'JNXQA1L',233770663),('af284028aa0df8273f9904794ac439a4','4f69b14ebbae46819a569e6ffa6a17a3',3,'LANRK',27150640),('8bcaacabb5e5b666cda06402bbd94151','7193e14f41376cd519e6c2985ca24139',3,'4ETQ7',922268162),('59d2a5998a950a48a20c16f0accccc10','e45019f6214a065519d418bde63de097',3,'1DVWWC',597160148),('deb402ef5709560ba5bb70563ae73feb','d198b1e3fff47505484fb6666e4cd7d3',3,'1AGSX',2041042341),('471a1ec773c27fabbe5b940aa6515b70','316a7fd93a852333f691bf1102b4d585',3,'2O8JFGT',473197959),('5ec84cac51fa0b9aee6635614e0944ed','56af9fa4714c07379579fa2fcdfb411e',3,'2FMQT9S',2109108957),('78f28dec5267749f0ae1386f6929d4a5','ae73bf7a7d9f98acf4a63a54e0490d0d',3,'4OO7H',638873349),('4e8b13583287e969b5ede10ea80d9a04','d9473c34f695b67068de35c4d417f049',3,'4VIKZ',207271757),('85d3d0a98d91f3e71450cb387b130af5','179f074776fcf4585d511b806a91cc48',3,'PGGVTKU',2025337253),('7a6933cd824c2817197589f3c04ac847','5e0caf92fd4b4a710b272ebff8a9a53b',3,'1JQD6',1764003274),('1593560ddd76df894474059d86c091cd','b3bdd7687e5f10a517c9e55ea760c835',3,'3ABCI4NX',1285292995),('8fc1dbb5558dd813404ae18e15fcc741','a14ca199bf2c097f5711b916b3cb5c48',3,'12PP5EG4',544355584),('71b0c1594458a6cc0280444c4ec0fb53','3b15428f0b9894cc36a950a1cd19ce1b',3,'IM9DD7I',2128529996),('1db62b545797000d4bf5680d2b7ddf1c','f5937561498a77e6d89b79a5eab34e7e',3,'4IB8D8FG',1454656921),('22248d0808d0e80d71b3534746f5aa30','5663a5fefaeff18cc5c1456c8caa5e2c',3,'WBSXY',2130365029),('4595e94e159cd43301bb82125bc16017','94bb30f94801ed3e8ad3474ce88a2754',3,'2ABN24M5',957116000),('325f39506c7c62cd77f6547331d568f0','b9369a7e82bc608d14b12cc3748dea3f',3,'4JJUIZ',1983722052),('2bfc641c9c57c048a0fdb23d8fb7acd2','2cdc46a4fdacba9d3fef58b77f31bcb4',3,'3GT6CFH',525146754),('4fecf84794ff47662aa56d4780489df2','35c0bb7241c1596ce470ddca7030f8af',3,'494NQ',1937380428),('26080a127c02aad9ab8949044d7d19b8','13a7adc74854a1fa17c7ee689be2cc9f',3,'1MFVA',405438544),('8ecae82632cca5498eb16c43d2e3e9db','ecf7e67f412310a6cbfa0d84735c11f8',3,'4CFDUR',2104913567),('af4018b0430d90ec26ec70b6d1ec0e95','ef0e61f2edb035bc7eaf956f647d6c1f',3,'X9DP9SAF',167013840),('c5a28a8100fd1edd0a31e695af628a0c','63d692f14e0913bd7e0ff51f775de6bb',3,'4KQ76J',371070323),('f3deaa9dc4d9c66f7afebef92aae9e21','d1b6d682461ac7d708dfd077fc7ee8ae',3,'33BHYG',265423282),('6d205bbafc4b830f5b6e89e5f1344b87','0edd9f26b4fb8a5ae93920cb65437eb5',3,'3ZZP621',1280484054),('0b2653363964221fbe085ed0e4f80682','1bee14a77f7f1e7c7adac1cf4fc85e27',3,'2WN54DF9',1401158311),('9a22183cda0b646917f8404538e8342e','13b60b2b0a9590b03ef4c4f678836e92',3,'1H5U3S',1754284666),('b309d155d91694addc9f6b787179e9b2','f2cf4889299077fd9d93245b94634c77',3,'K46QDJ',352557671),('98a68c442c05a447766e951afdd82d40','c17e3e4a55c8a43dfdd2d33097d119d2',3,'3ZZUTN',1784088887),('6690af3d9493460ebc3bfc276df2a5e2','8780e3bc697c59018ab920ca7040ba2c',3,'2LBCP',288067159),('c4f3860caa6ce476cdce7f7fa1ae11cc','ab75bd71ffbdbfa87b0ecd75ba9a5941',3,'3KAHPEW',856650331),('6989bda707ef6d64fb713edc561eb63c','a03678ad1f21fdde96c0b2d82fae2a24',3,'1XEO3',677527621),('ac7b49234ce9277693a5113a3f151052','ba3c47beda9a6c2ea3fb0bfef9fd5ef5',3,'27LRF6',1573816749),('1903c690a5d801d90808846ee1628eae','fe556a5ee8f042fcad022ead12f0e45e',3,'2CYZM5',1160889841),('791b8ee5dd3fbdc3ee162dbeabefd990','a2b05f12b95a6f377cde6511b1473fa4',3,'4JXGQSBY',1474232884),('7882c734e0723645568aede946a4023b','517248cf38484171039b9dd2c9317b7c',3,'B5QJWFZJ',515328704),('15b235160ea2d42b088669229e2e235c','9de342b391040f45a198280fd27e9a7c',3,'279NP',1246508464),('6a828e1b3fa3056102ad3ad8c3ab300b','9cb2bd01aa107bdb7f63126e641f5e51',3,'237CTB9P',1814454921),('6e8513a4de72da38978783e32643e31d','087971f3ad627162bedaa341e0bbc6f1',3,'4GC8B',25435312),('0cf55a4a1691b233b7c4c65e40afe7cd','fdcb74c073506398796a47b3151a70f9',3,'47IUQ',14895446),('759417a7e0f59d289e23f8b62a55a097','3d45738955f7fccfceab9b6bb31bbede',3,'3GFHT',1443984735),('c7d2e1719ba683d23e159f3cae3cc79f','fb740bcc7e41fae3b24fcb20094aaf48',3,'2ZI8DC1',1698710562),('35c8a662476b12d70bc0ce8add593f2f','cb20b8c6cc0054a1e22244ac24e963a1',3,'GE8S6Z',1010335915),('3478aef3347f3ffb05710e53bd718361','06276be9c808e46af22f3af627bae14f',3,'2613ABS',160586017),('b27534e7c977dd77e718b8f9b8885524','7fcfd8f569fe3df22f12045fb445ef45',3,'3IBVMA',747211325),('c52dd68c67590808d7902c00ae407de9','19a185490ef294e94c7f2a5f77753b95',3,'4IXEP',565861533),('97f230b9145865e9edff6af3fb0819b6','2ed8930a3f51c874583d215f4ce3b959',3,'2GFVS5',1477957787),('a7544969f342270cfca5d42355a7ebf2','e20f6091b7f1945f47ca470ea9567267',3,'5F3T9',235542869),('f26e8831ae9d242328037c20d04539b5','1fc7514e942a76038cd5793aa8186d5a',3,'1SH42G',1562781519),('b2546cf1b694cd54da7e10403e345e07','2c7c10ed40a3c52506115e0dcd373c1f',3,'4MOYL',1642943662),('1f2f1a08ab0670cd0d0073f359e8c4e5','83ddd7303e94ffd09b2ab2ba2943b911',3,'32SBAWLF',390358848),('d246257fbf404542e35a14bb197531cf','43d8b5a61ea32659b36b8b35c2a0422a',3,'418KZN',1337705937),('e4c3968f7565bea4b17aa292fd12db57','0a2c9af5b123f050519c70d13cc9f006',3,'16QNW',867677223),('b57104f21caa7d7f7dc3542be2ac99cd','c79ce6a7e891c24f873010dff5499011',3,'4SICX',142572307),('1ec3523b5310022e65af45e15455d9ef','6d3ab3b23adfe6eef06b29fad36dbcc4',3,'5C5IY',1017948048),('44862c727426ea0d4c1513173f1e3967','f42bb70a35c7aac0e71f52ae6095905c',3,'3OK5B7',1479973999),('e5a86d29267dd2d4bf1134e1fd50109e','325b061fa33a79e892b86ec7b33f2573',3,'7KIT6',761046635),('351a5004417aab1d5ff64218e0847f6c','15a15e408208743103cc6ef9e4d9ba04',3,'1NU5U7D5',262907262),('8d79d754ae33e228a70a09eb6350213d','7c0fe93b5f258095cab59abd1be6c7df',3,'2JMQ7WS',1286903650),('a9e06b9d23fca090d4a0e6de7fbc3f42','074173d52bfe23746213144da1c7f463',3,'427AVU',610919679),('c8239e1f3c127cd623dce588586d243b','5a326d3107444866b29888844847f827',3,'3J1QMLD',581428521),('1a3c0f2199de6b2241a15ce101c5011b','ee0d085bc30c22dca66f2aa2dcf6e685',3,'19MW8',1195278196),('0fba5adb8bf04d1e438ba0e5481e3bd3','c476ce013da1b83d9df782ec0b064632',3,'47D2MIIG',195941156),('bbed061771424779b35d36709f8ca2a1','2cd8c94b6e083a1ca63009cce7546d64',3,'39FATKT8',288442284),('122b6e7ac13eca74fdf9cb0b8b4902cf','be093ef41cb51b21ad482ef606abcd44',3,'RGFAA',557214075),('dab30847ac2660585c5b26f6f13307f8','cfe0978a3639fdcb866ecbb2b019bc1b',3,'7BW7EC',1262805612),('ef924f057cf2b1f57ce68ed05361d030','f67ca5426e99fe7e0fd37d70e4a48a96',3,'59SKL',1442942748),('3aaaf118adfde5e2c6df834747c3e546','b6f4b5b4c205d18b1e233596607548f9',3,'1KP6LA',1997460584),('18f056c80bddc17f420dbb095b22dd8e','1fd2dcd8e48c29bcfa1effe00c908886',3,'4R2R32',1691237203),('098edca322caee8fd4ea566fa14a3fa4','98d98a926dec16037c12141e0d2cb144',3,'31KCS',929196241),('75eaf431b490c5f786badf3da083b7bf','cdd2765e840b585148cf7ba43175b033',3,'3UQHS',476746378),('d10afa756e89f08974ae581d858bf6ed','933428eaee0d71261f7b66a8f30856fc',3,'FZD4MQ',453332861),('e8a2aa5e4e9e21a4aa7e0dd297c893df','8da88275c52dbb302ea45b8365663c76',3,'AV8D3M',285601164),('7550834b8914dccd70f3f65ff3b6f739','b1293352b8483fd329331fa6879aa804',3,'2DJGXD5A',345835972),('9e8d84c7b288f2a6a8032d88f945ea96','65917ea10e2f043f33c46646dd25ff5b',3,'6Q7MR4A3',1884910353),('d8c403623697e56f093f4474bda74e93','143f3ce130ca1db430d6d8702f81b515',3,'41IXLBHB',1950055120),('c8e112bb5c87a62a39984288983f35bd','543aa569371f164bc40ddb80bf480290',3,'4M7821',362572964),('dbe895d12f291867e7b147c2a2e6a0c6','5af3bbbf22623b859d46f25b62464df4',3,'2SVELWPQ',1702322865),('ecbc44feb07307c6b232b37c526f5317','6dc11601669ba2a7e8dfa0a7d6f55f43',3,'3BH363VB',1715057429),('3eb32ab554225868c84451803d2e1d62','6f1d3cbf8df524215f5676242ba83815',3,'47DKQ371',1096422998),('d3d882f68515a448ce27935a333d3594','247b5e37e2acce4f7367cce8111b495a',3,'YLUWSP',779720829),('15468ccd6ed790145e6c919816dea357','5c2aca29e7bc822310317397a578e039',3,'4Q645',1482269328),('40e536b0ebfb18b94c05513f50a2843d','7ddcb17b8a650112b9e545b85af2283f',3,'2EJEZH',551808259),('5afc031438858169430ab6da3bbd78d7','4cb89c3c0f8c57b8ae54e63a99edd7d7',3,'1LRD4',991834203),('cea176196a18489f14a3cc985ccf6a04','d2e0abede06738641626f8944fc354d6',3,'2953P8',430800975),('f10040b708be1bc06a25e31ae517a2ab','38f61bcb917bc759640bab709de0679e',3,'2RDF25',703970729),('171068f5933e2998643606c33c811cad','f7d4a5b59aa46e3beaf598437c45380f',3,'4ZVQ3TF4',1094649111),('fd8913bbca3297ce5a41045d9d7cf690','b059abb36e7da8d9bafc24a56508e813',3,'4VAHRWY',1656402751),('bf474a0f951e68b3f680bb66855e5359','c43a3c9da02d4a093174b707cebfabec',3,'1XK8Y',1350344075),('0b9370b3011aea4d86d2009d52531a73','28e15ddbc99a31aae52ed8ebf1315cc9',3,'4N563',696983596),('6c5193970ca6806d227591f433476caf','d3f19bc0761a95c0453dad48945eb724',3,'54Y5HSD',200249713),('fa2a0fe96482f5b210ec8878ce325bc2','e3878bae57b5f6846f725de2e74c128b',3,'SK49K',1047043765),('adaca2660d8644508eb942d8cb2140ff','d588e68a03628adeb1404d029b2f9837',3,'4GNC9SI',1442639752),('185ea70307691d2707b3be469e1adb20','ae40e0026310e74e05ca95a4b99fefd4',3,'1VQVIO',421178211),('b2fd5ef99486c389284c0950285f322d','d12b0c574c9cbbf8a4937b41696769e5',3,'5B6S9J',1330519158),('876253b9d653b526b199a485761110d6','5df4877d6d66c78741ad3786a8ff9f78',3,'15CQG',312737721),('cdf5c9ecb5a421c37e340b90eb91e14c','675410a6b3803fb4945d8f048034c057',3,'2T27DI4',477569549),('8614d9875392067193d6c1f63b3a28e1','d9a44246094cf8de7cfe4146429de100',3,'32F1MXM',152801047),('bbeaf71ad8454f085fc8dfdb6841891b','03d5749885708bb7eb999d54e5c7087e',3,'2ZCAW',933149093),('65436aa173c142f30b7ec00a8dc8ff88','88da847e99a6bc0c12cd26332d3579b9',3,'3AWUFR',1206325744),('98d6190e91b2b105c3502cccd5508e32','9988b7568f0c04d91d11a167bc4f4bda',3,'3SFNT5T',135125672),('ab2620f7aabc05c28d25575c10e8975a','1f1e27659546b433786e0bf67691e163',3,'1I7PDZ2',1625351295),('210dbc18f8fcee03861767ab25b9cf11','b533cff07980df5d35778d89154e9371',3,'5EDOZ1',771387642),('f6b70ecd81e671cab53edf31574434ce','755a317e1c8ac702d27db95b0d5e4850',3,'1WH5KN3',469169186),('ff1b18943d1889009319455cbc4954aa','79e92e276bac6983d6cbaf5e73397295',3,'2R16DZX',1475706330),('8764f666df6191540852d2a6463be3dd','531a4d03dfd241ecac507aaf901a1e44',3,'4CVDTE',2115157545),('4b52ef8cc65b5871e507f25df5928b02','271772a3ceb2b8c7c2ffd557d4edf1d1',3,'7SC5Q',459179715),('884a7e8760a4d3bc12532a6f278e218d','734739f1eeca18ba9adf6a358e7a5dc0',3,'3XQH7QF7',511052041),('77cdc4d99e70ce2ba9355284f9a316ed','462164d8beab3974e5c86b85b24c4fef',3,'4AVHH',832974451),('5145c1681907c28ce7fc51836b405a01','4e779f84149c2ded351d9f678d1640b3',3,'3IVG6B',2116145967),('e70d03e3f4fa6b061bbfb8fb68d38f5a','14418e490302f7b4f8409cca9f781db0',3,'3DT6L',516874553),('51e4bdeac8405a86ff1d12adc720cba8','7c750366ea7c91f8542d3c82e839ef24',3,'2FPMF',1534342913),('131a46573cb4a787d2d78a8269c957e3','7e4f86ee3336bf0f4f5324f0434a82ac',3,'3INTU',61039943),('052825ceebb1c32589df292f8e02c5e4','b2b83ca52cfdce2abf15a5735c01aa48',3,'32NG8APZ',922597543),('11a1a09a1a4c3bca4eefc95c6f7b470d','68fb6f718809fec6b1719f6c743c349d',3,'43ROBTZ',2042236777),('3a4bebe75d2505d9b7904b6cb44cd7f3','6270fae9409315682f485ea0675ca085',3,'568YHK',50480145),('38769ba250ac31a7bd5e10e8ea5339b0','d5a22ce77f508b39d7a9cdc12c004a1b',3,'D6JH7NB',420200791),('777c8a7da39b19c18fee71066bac5b40','337228342145c6bd8d41616c7b0f5b88',3,'EAG55S8Y',669492139),('44e1a3932d012b481b51a8da83029a12','c80d5dd460ab52060038b503afdaa844',3,'3G6VD335',839892327),('a2020e195040d7391824666f0b163450','b4ff994d47d5821e057420b1186b184e',3,'27VCC',791078982),('0db13bf56b71f34194753f0956dddec0','c50d527596d15c7821f2e84a83739a05',3,'OZCI1I',1383441046),('234aa5e8491123f59f15a63f07f55860','66b088fd7146626f854c473f9e465f75',3,'4TYBE',1945934743),('2b8472a2ab7a51f61b6e70067285563d','64ce67db1ef6e6ce79370c941d1be0f5',3,'3M5AWBF',1674516408),('0d6e28424e6a713f97f9800dfc4a52cd','41962cc967e907ed88b17ad651ae4a78',3,'4MPGAD',1027101199),('b937e4ae41402c3f68f82363cb1498ab','b4b8983119165f27d6e40890a462c7da',3,'1XZYUCZ',408852041),('6f17be3d91c18245b791e4416a3e2ed2','b2af7cade98db01d02ce58a0ffb3b4d9',3,'A7YGVG8',1593609400),('950e123043b23113d02f6093d2dc4f26','f3b3470d4f4a86b5a5fb528295c8473d',3,'PBYU5Z',1476498526),('6b20352971a9002cef4c1d7241e47056','8fe30be5385c45a52ba8cec93a884a1c',3,'3EJ6DSP',772155622),('cba4184d861122b158a3f0fcdb93cf15','aba266db75245be0d8c867814c6d08f8',3,'QC7WIUAR',1111312419),('8e6b5931c95f370992b09da2ca02618b','f28d5d307002d55aa254ace92b898880',3,'4SR74K4M',578426350),('08290c909184ab322d742afd621d89dc','f63cca10328055e22636eab4b8cb2b8d',3,'5Z656',710629986),('40be86f3d35be85e239e906069009d70','523ea65029fd602a6c0c44f2cd5b29bf',3,'SQWPCSS',986260528),('47d952a92a2aac796e9349945c875884','38f01121741dc7ef7870a4b441f4a080',3,'4JT8AUFT',1132017650),('c231347a3b0deb944ecc2ab242eccfdd','011ffac26c3fcd5972a735068a25c64c',3,'1WSU1PJ',684818607),('4f60a4173bec852c24dfd44df8facf7d','459ae97d2af1c49dae995b919cc7fca0',3,'47ZXS2',412835212),('478039e30ac020cb130dabec9c710f03','e0e0a09c8480e8582c3458e324a28fd2',3,'5ZHYJE1',700176002),('339851a34bac306085eb7642da8e506b','d1036b54aaa73714932d3705eacc9750',3,'B7MTLVW',580013049),('4227a7f4ee2ce7c196f22b8717761427','d760bb2172fc2dc25ef0a628a9027391',3,'YF464VZK',975526949),('13e64112db7bf3390407edf4a58cd21d','4670e77d98d8f4e290bd0bb41e08592f',3,'2QEPI',2137412052),('ffaec649220c5034ecfc801f71048d06','4701bcf8f0d358805e434f4f84a98fab',3,'PBPJN',740485247),('e23e1a8cab76bbde66d6f7fb8d8baa3b','1b954155b6fa41ac3ec08ba76a6416eb',3,'1V2UHX',2016361501),('bbd6fdbc9e67ddd1276b5aac4c56ee68','9f18252265f313cb06729e04a5e9c710',3,'4578N',1221502100),('ba1f547a932f5cc824627158497bc1cb','e3620ddf961ce0412b6e464d84736ea1',3,'16T6JU',456566328),('6ebd8f776c47bf2bc8919e8ca680093f','029c5ad2ee0d32240f99b3486678b253',3,'HKW72Q',1140030222),('3ed4eb2958b1b12d7d5beb09ea93de32','beda477a9812261fc5d131149cdebfb4',3,'1ZKNYF',667555782),('6984a8a6823e910da97c46e3cab54810','833ffab0d1d2992d5e1fbd2cf5696fc4',3,'41IFEX3M',1511580909),('f5d42f8fe2c949c138169c14a7c7439e','5e935cdcb46cb0f5b643b762b8dcf8f6',3,'22TJJYH',1887270098),('6fcb304f0ac1a9de851f81c1325c07e4','46e50c728431e7860e5dfbb963bab9c2',3,'1E6DWS',380858973),('e047cef2ecfd4b5598fc6453b49128c2','5fe3db93c6ef316a6a40378de221d14b',3,'QPJ5HRB',380932390),('5a911ab0d45487fa24721b02bbc92069','470cc14631c39b789acd659bfce09ac9',3,'19W6M9',411209255),('b2421e6a62f0266b8ddc583de488f834','8da570e297e7e4e211cbe8c7192da085',3,'2XT6DKF',1125371238),('ea52e29596cba080b1c23c29762a9bf3','b079e967edc0c8588f0d5821e7bec535',3,'58ZUVB',1491723693),('e061fa2c00ec9d2d01cf881002a41185','7784089f02d33bd2fd55d7ed7a0f8503',3,'14LJ4',1045120219),('c64e5f3e266114b8de847621bf399bb3','9b4301d3543f83254c99b3fbb28049d7',3,'4U4DJ',240909656),('1714791f43b5b249911eadccdda38f3e','8c239dfc61cbc4da664414f709d0f8b1',3,'3G5V3',1662570449),('14c993a21cc686a0f391a20fafa60029','7095373cf095e03c923549d82ccc401b',3,'1KOM5',1805479360),('8b98b76287ab55edbd15d48e63c632d1','ae4bb8b9852f953422e9e50e45c95bb6',3,'4RQDI',528443647),('eb11013aa044292e2c484c0d9e00e2ea','539689bc444db744575e3789eee7f379',3,'4728J96',1880465317),('3dfabc6e0d694b97ade8bdd3fd1af946','61b35554c8401cb778790479b058a4f6',3,'IZHPN1',1820871402),('a90e0052ea8e1bab5909050d560e49e4','495530b08785bd634935e884bc4b278d',3,'1C3GZC',2063251743),('9ebf012710d1ec5534d16dce1f97d405','33c60474e1c81382773c0cef95cd6d31',3,'1R66ON',2069868862),('463b0e55977f1aeb5e683723a12bc97a','43cbd641ed165f81260dfbffe6e09aca',3,'56DYNR',318997226),('257d3773d7fbb0b76281b3050c3691b3','187cec3793a97b616f1274a6a80206c1',3,'4HUHK',8192029),('748761f671879ee94f3a0a1dca9bc980','a1cd5b5052305c42232370a6e3428102',3,'R84HC',152820677),('760a549321c777501500a5a367271535','29a09797bb1aeed0588bd00962bf81e1',3,'35YU5A',325270774),('7cb50ec304f004424443d50e7ebe2061','e5e2fe2a0c6c1d10bdfa18b085a99cdf',3,'2OLAU',1084413754),('ddc91c0a97e4cf776c6d8300cef42933','e35fc7627587b8959fcea8a9235abacb',3,'1SZOAF',1137541388),('babdacc261e1e45bc1447a7dc79fe040','6a3e0f0fe5b8303929598c2bd7d9fa6f',3,'4W82PC6',1047834295),('190b43af96efee44178be71e7177198e','cae998337e549b7923f68da2cbd50bb0',3,'31XBBZ',490053272),('818433e6efd178fcf9ebe12b4772a4f6','7567731904354d31724f045c241b9b5d',3,'BGYV48M1',49352572),('4dbe56c1b08a9fd3b74749f09e9f7c18','92be0ad344ffab282979b464580821b4',3,'3CMP9',1306505723),('64322128d1fd50f241655bf3e69e071d','bee1c00d01abb3ee3cdc26b8b1f9ea1f',3,'3FZJ5N',2054011514),('c14d545ff6c30a95337e9365e34001c6','d1580265863e4fb9fd00c1bbf598832d',3,'33D4L',699299104),('746ed8b2ca4ab85e1be77f92fcee7729','6ba21627a16397ac7db8c87c8c52ca42',3,'4OTKS',1239865845),('838a0ff927585a0e8f35f58a6f4d577a','b476ae26ea1ab5706babf06794978909',3,'29AZNCG',796124157),('63f59b834c8fe1952806979f441246f7','ab68ad4e698f38d408df3dfe3783c565',3,'14LWNRB',1388087628),('99ebac50ab10e8ea642a1537e9aec7ef','a0dea6534452662a43bf946104672c93',3,'3VPXR',541462506),('0586f1bc2b1a5d967832a8e7db1156d6','9884040501621a284ed6758f5fd979c0',3,'189161',1039822019),('ed6a72bf57624faf7dfa48fcb452482d','68bce362c1ea709c6eed05ff685af76a',3,'51S2T',1201110250),('e4e7d80e79f3d4ae5f2e65f91cd9f340','52d2d38fdeac8450a062c2dbf42d505b',3,'5D5PTP',1042331492),('493febc15b8ec27b5dd61e531324d13d','a27469a4665b96a1d0be13daf3010cd4',3,'SFML24',1470347597),('e8cf46562351631ffacbc9c347dd2ec6','2cfa58f3e19496e671227cd0a399df56',3,'1ITPE7YB',877031512),('028051750deb1a4dc8d971da4c3c5ba4','2b0ffebeae92b151aba1c20ac5fddd66',3,'2N9LX',1971166540),('9306bf5d38ba76aa88c87a532829ade0','23999a2252bbfe360bfc296248d465cc',3,'3BFDAK',1330986568),('45854eecf1dd6f9e6f9e247104a20784','d5aec57a9aaf3acfb1250d10b8b7bf41',3,'223PZ',1663836084),('2c1d30daa16ec3ab4b47281d8c4b5a34','7dff49c2e74dafb1e4f6cec37e5ba28e',3,'NRULS',1991183608),('9aa7c0507b3959ade336ea99d4a35ae2','16a76464bbfe352d218d808612d9f3e6',3,'5EQK5',1346555891),('04d4c4f1b562a1fd97561d537c2d54c1','de88ad10257ad5db996a39696ebc4463',3,'2YETIP9T',1893206881),('70d61e35d8e924b141064cc61aa82051','6f32bce6d9c0215c0040945acb3c072d',3,'1A8PXB',1706815251),('3ac750cc7d3bc4b6ef942a90dfc7d8c8','caf95a38cb097f1887d2fe73a1cfc5f7',3,'1D4N941',397595103),('2f4df090648af5cc410fd3580d8d129d','4474046026903555eb9a0551fff0a85d',3,'2MABGM',979157470),('d6fd9b900c3e8446340b9451176e7c77','0e0a437a11125210ff447bf2e2b98d28',3,'NVW4I',150291038),('e725a5706a28308a942287a94731f2b5','2ad298279399c58933b087eaed7b5349',3,'3UJYTMU6',539986793),('ce617e1b68d7a5b689cf844f84d74c64','d1b81572643db94688e04bf24ba867e6',3,'12P5AP3',1510488350),('1bb992a68ba7cc7b93ce747a039428a5','b25ba504dffb2f7ed1227edd350bd838',3,'31A1Q29',446199888),('52c223a26883da1065099fee646e5289','c7aea8684e71e008e481e235c5ec2618',3,'436YA',634939293),('47786a6c528595a67b74b14fd7ef3a4b','d79da0089b90827ffdfafffec0c11697',3,'26AOCV',1637728678),('058926f67ae716ebbd49632af1339297','f0e7dfb787ef1914163155e8a69a21e8',3,'YMTP4',806876067),('15eb5dd7e5450fbae442928e001f6526','38b3817d01f27ebacaef0495e4323fe3',3,'4DHMM',320332158),('9ec35e68e5c9a143b4857caf2b130acf','96b98f72855b5e37532471f9c74c4dcb',3,'4OGT58',1925966943),('73d30ba5aa628d668be1804da2a7a191','b00987dfa6cdd8ee5f625a8c633511dd',3,'LWTCX2',1020522061),('1807aeec591d241b816c0a8d175d16b3','2b55bf8009d42e9809c14a2e931ff812',3,'1DHV9GCT',497409548),('6db21f1000845013c68f58ab0adb40aa','b265408b14496cd3d0d7d8cd8738a795',3,'3ESQP8',1935916882),('968a60f5ccf3f6c9e1a82d16041b03d1','087e35c3f3b7f8c22f4588da228121f9',3,'5F9XOYG',636284670),('8b87a4b09c3b31c9d61f794054d058c1','5e47f0b3fe5c314b05cd1b96ea27e46d',3,'1JVND',1911185368),('5ff380682999238728ad003afa5f0f25','083f997f2fcd86a014fa80871f8c52d0',3,'2ED1X',1489969801),('36f5b4b6bc26580bad7b187359d0d90b','36a29683729dbe3c2b96f909ff68e040',3,'3B9RX7D',1454085926),('90dfca43a2b01dccd271e9a96d71be22','ce3139c2f23b27b8cbcf87a4ebeae001',3,'498EJ',1322275195),('8ab7af66a209d02761a5032f1fe98c5b','057401beee953d3b1ffef0e6172157c5',3,'1LQVKNA',277648530),('5bd47b5b03149d99028b698499b616b4','986d9d2406f55c5c5305424caf164422',3,'25AHB722',1631076389),('7e29d9bcfee926d67c5c076194e57521','b52034c595f8772c14676f9081dfb91b',3,'38INF9',1950204824),('521326e312eef0a2a9e9c3209c96cd6d','ba4332a77f582eae21d5cb3f5e01431a',3,'2GWKF7L',1512859919),('7f963facab5cc9fa529a04f698de60a6','5e28595afa77af5791efcda8fbad7fd2',3,'1SJ61I8',1114134636),('4df2b6a9c0e8984143f59c02e8862d17','5543d92e72e22467c91691dcd962cc90',3,'25OLCX',129322549),('c71cec19443c58d5e5ae29e61bf7822b','61c8486bc914a9b45ff2b38eca571f61',3,'2SY8C',2125024427),('09ac71d9e09a725f939893ee392f9d61','a8e678573dfb217bb1cb76bf44dec772',3,'55KAC',609445212),('412fb694eca545367ed4f2c142ca4dff','e21f08f44e4ed09f234476f8266c7263',3,'11BADB4R',1908020987),('fb9f9af61355e205a7e45f48a38ca6d8','1adc3d76b8db63d5e64d593a5776ea01',3,'3BJ3V',1609340943),('a2e23c218fb8f38849f0e0e5f0889502','1185a1ae234aa34f12aeeae36b2c2604',3,'3MHWHJZ',587300459),('d5d35310c4220141f25200fe7cf5c097','d6eecf6e9a61dd6e0a8f854dac4d67f4',3,'3WCXPID8',314633129),('91d17f4cd3735a4d1e08bee5347237ad','310f41a21ac0e05bcbeda63bff589c31',3,'24KN9',1415253025),('f6b655280381c0ac0d1a387e291a86c2','d352e8cd78f3b083140319dd939c2284',3,'2C85FR',2066389826),('6edd41d65299248cce6739bddad0eb4a','8489c3f180ad2199158685d648ae5ac3',3,'LK8IKR',1864766454),('fd980758ed63bd0048e7a5c2f3e98ccd','b5c499f759615ba2ae4a9de58d69ff10',3,'2P7BRA6',124689695),('1d4e7b3c31113e6de7ee5c4d21c9da04','71bfcb36410b6303064a0fa7fd127e68',3,'2OKF1U',1927041932),('9207492911ba34649a3d8bbcc3678104','790c48c0c2becbf04dd37655d1055928',3,'1HSZ9LC',2100340644),('8e2d2fdb56fd1d7a60eb67d4a577c290','815180101192c2f6b079c4e9755e4612',3,'3K3OS3L',785687665),('9e36ad56e5e35dc902ecfcdcf63d9218','e6663afbba16d8fb0f0856e4369521b8',3,'3FYNR',1823482979),('5507b4c7ce036de87480b0c29445eb09','8176a18056784405d985671b9ddb0730',3,'2Q1TLMH',1441550196),('2855b238451e2b04d738ff320789414a','a63399f32632895531a69f3326ce2474',3,'3PL8C5',240614974),('d3a37a4b1ad09f98f2fafa700d44449e','5f91c92a2d7008db8743ec98914e3c47',3,'2DC81AR',1460846298),('1ff7c6635a4d24d42a1541039ffd3a13','3d9a1c61d5f35f9ece57de228f0a26f8',3,'2GOTOZBK',360326685),('8ee7a26f49cb8208e660d3dd4b4e3dad','2fdebc131dbe89650dadcde74b66c00d',3,'H3HI1Q3',1324073609),('bbd89229fce4af2059e25f7fe199d3fa','c0be55f33bc60ff2519207ee1b7cbd13',3,'QWY8Q2',1521751298),('4bb39b36b87c5b7b12bc829c2918c299','8de84143ca7b6bb1651d1b1d76a7737e',3,'23IZS',1969602779),('8cc9f257995b8f2747da264f9377b04a','79b15e75dfd2cf1e4a57825a7b28bee9',3,'4DKIEP',1783649049),('802e74afae594ed7ad7ec4d3c2b8b9fe','e81a4edea83fdcad8fcf15f965977092',3,'T25LIONZ',433759477),('eacd7f0fd71e9bd4caadbe0eb2a4b2a2','1083b7880ecfa82b7891333b7fa6b70a',3,'1IORI7ML',1710514081),('5df0e22af976ffadcef151e4cbcb042f','c570109a7b787c5e4f613f722f65de1b',3,'18LKUDPI',1525760967),('7cf902eab17565dfa871c43f1bf581f7','11b078ceda0d1c047f41a3a8690e79ed',3,'2S39E13K',274890050),('3991b06910cbd353a448fffcc6e3d7f2','82ebea4ddc0590f32dc7fc074a406652',3,'J12P9',2111796057),('b393bef3b71c9a6110e1af42c2a7ff03','efa1f8268e08f78df11c147059dc7a80',3,'3SJHSD',403898743),('6b28cf0db7e416ce4a139fbc265c08fb','95f1d6af7bac842d85074dc5d646af41',3,'3XQQB7J',1447396759),('0eda5dad1d537a8babcac07c88a6594c','c56134df67beed0e945f3f049836e895',3,'2HIKYE5',1946523887),('2d0367d966037ae4e1a9f1495d157f38','c75d056b7813e3ff725e49123310096b',3,'LNT16',1261476332),('1fc2a74e2dc6b6bf4b16649290230d2f','12c77f739179654d52c50a6238e695e1',3,'3OP9K1',357748038),('393a40b5ec9bf2f04ce58a7c0a14513f','a02be0468e75761e45d130989c84346c',3,'1F9MY7V',637507761),('3f348d33ffefa68deb12153ce5cb1acd','07233e3b153ba6fde50166fc11a2c8dc',3,'4RPS8',326227637),('7bcb02f6771122a2044c7b855282a484','5389d3871f010e079a6c7e012107b380',3,'5B1TKU',1689196974),('e6853e454fc3e55c2032afe23b0cb754','2f30a5302487256d13bcf586e27d07b5',3,'5CIYI',1728197173),('816299e1b69e145172d4ee270458c828','a5f1cc08632d10b512df379d97cd4d7c',3,'3EJBU',854309207),('73f514698758ebfc59d6feea1842fb44','7fee50cd9ee4682e1dd90d24b24e697d',3,'49BYSA',1042223135),('b62e06716b18576363ae5ae4ea9af96b','24e72f73964815c5974a7a1e1f3c8ffd',3,'3WT1C',1679380746),('62c14d0f44abb2cc65a6ab7cd65414db','c1a793f107ec8812fee0261b78424159',3,'4VPT9',540969973),('bd3fd29518463d4a83680216ff16acb5','40d2ac22597960a82dc38489daf973ff',3,'21ANR9ZA',880622399),('1a4725f5777bd614a3b6f35d5f62d981','ef9d5de081af0ac8a64a96db9ff20ff1',3,'2IJ6RE5H',673646242),('9c1878203fd58638bb774942c6a3f7b1','4f344d820f8d76ef76faeeade8bfff33',3,'3U7XEO',1296928939),('5605566b4263a814fec69ffe9c160b28','073f29abb1281b8bb2b3b1da20c9f076',3,'3MNJJE7',366326076),('1c44562523eb86b7d29f14d28baafb5c','22b687f89591d3beaf89613b061c180c',3,'1LTAY',6319293),('da1d36c628ef21c2bb01dbf18175de5f','eac9b029acefcf07e621f41ada5915c5',3,'2Q21E',1190860292),('3ffa84558f1855abacc1daafabaf74f2','967fa4d12ee5c542a2d2bd481b501595',3,'4YQHOZC',1283844403),('17f7738077581daf4eb948a892b12da0','58f6424b6a5f994427edb88e79a536bc',3,'1B1UEC',2136925349),('7f7336a3af4e3c20f97d2afef68b8d81','174c0389935d0d8fa8862642a374ef54',3,'3DGNTT',2083730912),('45ff4fba525c7e65e1d69565ced77e96','1c1ae9954427be7f6153194054235b87',3,'G9VXE5KT',846533659),('416e2471649725045a4b6fba0e6b77a5','feddd210a4a8800fe764ec5ff99c111b',3,'3YISPB',1146752947),('dc3dfbb89f3ca910f33558ccf351c88f','8a54da7b552565712ede0c7eb9dd4330',3,'2FB8J',176402239),('7171be681d0900a2428a29c33b23ab96','2f25dab3ea113e9f2ccdc59fb6aaed86',3,'OIR8MHRP',705442691),('198e2991ddbf1840fc7fe8085a11eacc','4219151e4d8faef9db7567f57908eead',3,'1AIR7HNB',959865479),('d860f02c624433e8042b597fb2944295','082332e1e0e79cdbc7c56b6e611beba2',3,'15E6BJ',416694888),('a818a09e3febe61b27c0f417283be412','f48b994385a941fa31c5676227b54562',3,'1OPC5YQ',1767654802),('735fcd1eecb8ecd6bb94c06b62bb92d8','fbb01537cc55f548294b21995813c05b',3,'BXYEFTH',229590019),('34f96b05c33a8aa9dd97d1e05eb3656d','8fbc1f8e21098fe569a717c22b2f9489',3,'HKIUE7PL',435136274),('8900de0c26e8fc550d8d22fdb84a6608','21e7d77deabaa1a3ed84b980d3cda44e',3,'41G4S6AB',1643092927),('791c3c612b71ea7538423077896cf58a','a52fc068c6fce2979d7788f58ce70607',3,'4GR815U',2036469347),('8147feac04a09ffa68ac870f3dcd6882','e1e0a55df3d17e311a11d5c953dda3fa',3,'2AVQGEG',1582043579),('dd9a56a3d991be7923246a5e547403d6','6f07f49fe67cc1350b448f51cdb64432',3,'4U5VD5R',1650299720),('48b87e91797a3a24e60ee244aecb2c11','b51f213bbdd4187756aca811536df36c',3,'196MC',104162113),('4b36434b3b0251c81ddc2d6975348419','82a73e79f97839df92d52b4b6edba1ed',3,'2SHI1X57',546627343),('4ad0007da9bfa49a8fd2bc907ffbe5ab','180e08e13523ab81458398eeb2a0c33d',3,'34QWTL',587684548),('ba67259b9b1bbed83dfe35b8eacdbccf','17cd612585dbca6afebc3e2ba6f1afba',3,'2H2YE',1363142500),('0ca0831334ce31cb202c50753c90ad44','2b06c60140a4b5259541aa4368455c0a',3,'4HPQR14',786392119),('a8a21f89d7757a9cb6d617c8189a1b83','77da470520f307a08df280324a42c559',3,'1FIJEXR4',2092225280),('133c4b1906f8578596662ec93fc7ace8','3a66ddf95da9f1611d3e8c44ed0aafb6',3,'BDRA7',36089908),('7cfdf276bf5beebcdef9a034d5e761a7','50c50d7e849e5cf1270f340d061b9207',3,'3F7D1',718905797),('4abf5cdc7a97f5cfb34cb6aabcc37c77','d595136688da14977c8ba2f660966551',3,'XZC79J11',461805120),('3e242c409546f430d6909bd80b8263a1','3a481b7b223733298790ae2f4c37568a',3,'2YR6G',632379234),('7ca18f6594c9a93a919340cb2acf1e62','c5254c3a6ebc9ba4a513e80b0e678fda',3,'4FZNC8B',1993743543),('bbca521615501bba8d559987d9b199ee','3deefab479efd971f986f650a57ac788',3,'2HPED',1241663564),('ba1d28ec082e4c3e9b276f0140d96b6f','c733bcddbeee6b65cc4772b7a9cb2a47',3,'S8JXRNV',1116316215),('ebe87fad904c93010276c755ad435926','fa4476b97f32ba6c46cc174e13069a1f',3,'4YVIG',905620665),('8329ae66236f6920e81c92bf7cec2693','90d4ab3b53ef649bfed49e1c1bb5298b',3,'9WL9WC',1505805510),('0bfe3c8650bfa8ed06b6413b3f091453','839c816df5f1ee812744b69c002ced4a',3,'4IOUI',647791753),('7a1a50bd7a070fbde8b7f9d5a7fd75f4','59cc865f16449828f80e5fbe6d07f8ed',3,'1ESXKA',112187663),('ab5f9462bc84f7ef2d509706f82d7bc5','26c5c6fcb3db5dd6d28273e5a98ae9cb',3,'1SEWJK',1385329535),('e877ce759b369f08aa5e7c986b6095cf','b4495105a60b4f4229814b9026cfb047',3,'2BL3ZYPJ',2034348449),('cc5364dc91f88140035db4e364b31346','16426f33e0b04266aad7a807b302cd32',3,'11ADGPR',1535271312),('a8f0f5e97fc37fbccf382d159013755d','c9c76791dd795f748abfdfde940386d1',3,'33DGER',1730455275),('09d12cb453eaee370f49f3b4573d1315','cc849b3f6d1c4b69c3081777d25cd2c6',3,'11JQR8F7',1673471910),('47311361900c34a2940a49c7142c3ef3','14f0eae26a178ed3100de924aa5943ce',3,'4E73LJY4',846914893),('82e5fa1167153aabeee496292fa6326d','106fbbd6eafc41f4546cf02e3f0ca1b9',3,'2NVILSND',220291286),('b9cd21cc162464912a802f9e8d86f528','c3248ed99f3e6557e5c10a27af78828b',3,'25BQVK',392963609),('7c24e18c128677ec506b75753e459845','38ac4d9b010e71ac5238ae5ffb18684c',3,'113JS',169421700),('35b2f9aa5220dd5282534c88abb611ac','eca7cf20f1b6e0e26f76ecac86dde6cc',3,'WOBQ2WF',1547517951),('63b7a7815a6f376083094b80a48003a4','d018b92735c7df666d73f366a0c3bd2b',3,'HTPU9TZ4',1341221287),('991acc4562adc2070625b65aeec211ab','8e1cde68f5ee4a2221b00fe13712ec26',3,'27C7J',2001493672),('c5a4fa3d215ea3576e64c64ba113885a','0c6fc71151f140bffce090dc962aa24b',3,'3OEA57',1378390541),('83c4c32e5e08a0f4d45ef589aba8cc5c','cd9c0f2c01da5d4665d8136bca3f00c8',3,'2I448',508481653),('9a33fbcd163423116be2d451247e4b48','2e62d2e29b79bf211ea2d8fb6f9b7179',3,'3GM2M8PB',1782951086),('420b54de5a02def857f35df7d26c1a4c','d16129f8cb39cb34221e72aeeb342ad7',3,'46SMHV',2097283491),('1b68c817e319429751c2a8090e482be2','44241fe173ba4a284aa8081b725c401f',3,'31G7V6P',915457927),('0465a04aaccabd87fa8e13b9eb8f486d','341810be8a37c9db7e5dc83a53c66067',3,'3OK4T2J',6558014),('55d50fc6e0cffc09f9bd490bca1c19c6','d4090bac26566688b58652fd005f8a12',3,'3UWD5',1804792139),('07067b634f0278d335e7955bdad138e0','e978ee2f23ab5f63ec5cd19f44bfa87b',3,'JNEUR',1932621614),('dad09ca00017067c0907011f4588dfe1','fc898d99916dd5090a886c015eee68eb',3,'484JC',1663924460),('d6e2233b40eac99d8a4f86be9d5a6f5b','cf3a7619d92267633f212eaa521466f2',3,'43C3AMG',690495173),('eb6d7ca7ebbe8b8c28dfbe45dd681a46','a7dee4ba16beddc00ef47e7dc773f340',3,'43H5N6',1037931075),('7de8898355444bc252c9a670fcfd100b','2e655a04660bf555663b294dc861fc39',3,'36HAZ',341223252),('632a81986e6bba4f0b21f18d89c3d41c','948442016aaf21c776d28976d869d95f',3,'5E3B6',1347351059),('8b4a54aa190329baa2a0efb22bf0e87a','1fc5d1bf9e97064a0b45248e14a7b015',3,'39SG9D',2078303889),('b4c5314e48a5d65e25c76dd5d30a07d2','a73c819a2b76b0030d517b82c1ee7f70',3,'2ZE9U',138920835),('75e9da914311a2931ba12e0663d2728f','aef0be834b1562905c242ea158699197',3,'QILAN',1280376563),('b6b093756cd52a1b681d2a50b2556318','b0c1cc11add72928221194ffdfc32494',3,'11WJ2YNO',309024384),('076e7b3c801425847b7713a30c6127da','1eeca2281c893925822c54feb7c8f214',3,'2O74M',1333185790),('da167446ad4cebccee88e76c26f148a2','6dd9150a6cec7e6b96c173bbc9825507',3,'3PKCYF',780761256),('395cf1682d46bc1e2dee3933bde49e7f','35901554fb69e95c0d047f20c68511e6',3,'1F8HLALY',1741520727),('83e9f5c0523b5d3796855ca1e2db1acc','9e7bb8248cd99a12e3f38a90a771105e',3,'49DYRFT',1442218330),('99d739e896202d0bea989be9f2038a04','6d705fd7b37f9c5c997242e2c9e0297c',3,'13EFM83',1313413531),('e78e7c507039280695f57a72d3e1d489','104b1cd1f2f4d226201f4717ade1f725',3,'1XEIZM',574136611),('1b422ea6304c3c1e4a9dcb13590a0869','3ae4bdcb50dd7adde98f540e605a3e7c',3,'3QPRJ5J',1058360245),('a21a30deecedc6aeaed44c046bb962c4','00165a2d0649e6f927ddb3a37c03e09a',3,'2EUGRTC',831391497),('d06b800bcc170f0ba25c1d5359991dac','9024c3c076ce4b8697e8ee1fd3a0fcfb',3,'5BWUGS',73697780),('2f3b4f93741e57330c32912212f5714d','1cc35acadb3899e71a86dbf418c409e3',3,'Y4MR3',262536594),('81d601855d392c4de2e92130ca95d1a8','917b8157380f9c6d3ea709d9e2e947a2',3,'MZ3Z1',9718096),('df16cfc051aeb43ad9819f1f0dac48f4','62f74688a340edefc4207291caa80fcb',3,'XLL4VR',558857465),('187925e867b62939f8e136f080f50172','dd6b9fbdc387371d822131cbb63a5e69',3,'2JN61',1638730959),('bdbf145fdd22173b11f92588dcc1b752','db73ae6708aaab166138b38b895a492a',3,'1DIHHGE',1988353859),('9fe978d4abdf3db910fc00bcfd74fd22','515311cd281c00ce8c82bf43880dd49d',3,'4MQG87',277235622),('759770e0424eaed044a7e66b4e435d99','dfcd54b044516b931768a2c945bcb870',3,'3KSFIL',340826527),('8fbae2b8252dd58b83cbef4894731995','f393a642b216b6634804398c7c4c1857',3,'2CFD8',2068636660),('2bdaafc984cdad8b493ab6a5b309c2b2','47b22fdd0e7f83b835eee501f1ed858c',3,'A6E7G',484041993),('cf0c680a34ebc93041d60e75cd512aed','2880fa996603c82c274365118d64fb3d',3,'3TSJ9Z',1768645893),('551134bbb1042f5aadb9207a242e260d','a9e0a37b6febda4345affc0dcef3fd2c',3,'2L5ZM',669126132),('4df3709760681520e774ac5998653ea9','352b1d6ecfa25a6aeaac063b9cf85a7b',3,'2CWPMB',1785081924),('e445016e67fd6f256259a02e34133c36','d0916143c11652311b6c8ece03f9ea90',3,'NV2G5',1409969298),('b88e490cc08d89b853815b82761c4bc1','c94ebdc2d0f7097bd44609e0e44ba79e',3,'2JRHR',1197092541),('399ff46e2747851ffeafc58ebe77b045','6d54dde0142a76631de565755eb05037',3,'2DKLEST',865373564),('4355eedeed39354d058ef24c0ac79cd5','ad6dea8291fab4ce0561f7e503f807c9',3,'5DDM53',264142019),('9387df75ccdfcc04e3aa9fdacd0a0f61','25f83886a662c6b5d363c3ce14c29dd7',3,'4MJZ3Z',141172731),('a125e056ea8ec738b1894ca66eeaf0a1','55c738f4fe834faef5085eb2ac9220a4',3,'HALD214',1828013033),('7eaf304981ef6265421d928d34800a42','b452aea5206b05ea2f3fa5e74a4c6cd2',3,'3F9FOE6',564820249),('3b0b8f146486f76f0e48ba871f894586','dd237d08faf29ee306a7abfa9286ebcc',3,'2DJOOZ',899508682),('0cb8a1b3f679473184bbad31404316fa','6348ddb8dc2663105b2d81030c97dd73',3,'59NSLF',151414879),('5faace967f6de1c584d3c3427d3f3e54','3410b96cb42e04c4a1827976b38c80eb',3,'1QKXZ',674674594),('6381aec6d0c2894319221b12be8f168e','79360243f1850d81180cbefe887ec6e6',3,'8VJM6B',1709333823),('cbf9236265845f8d1cb75e71dc1bae46','eecb3f02b0da53fc88162caa54b53265',3,'F4L7T',1743644613),('1fb2c049f84d1da18369dfa45ebb860b','33d6a9e3b8b731b9bb0f422ede436af1',3,'13FHCU',446925491),('6ea1e010a59084b822a5b1634963d0d5','a76c7ff90f48e16b8fabe0a2a9bf0577',3,'48OQ7',103948459),('7b059e244fb54183002f61002439ef01','6a5b6095c0fa078dff31546546a24bd3',3,'1T1OYQ9',938449983),('263efd9a8a299a39eaa1ac966563ef21','3de30266a38525b4c616945bbe844942',3,'3GVEK',150107968),('8d6ec7ab13af33c0af75b9332929d7f1','a05ac1915294474d42c39b382b28e90d',3,'187T9H',1081401513),('cbe1e13f4960c4f8fca552e73e35ee6f','627ab42010637f9119fef8f25d07ca83',3,'ALMRA9',1450682102),('53d6e335242c356a9e4e7e2becd7ae15','aab787f4f3e71a804477e97cc234e61f',3,'4WN78EB1',156701696),('357b64a44c5d67258ba080fbe0d4bc9c','5bf9f1347a2c83abb8c27d9ef7422e0a',3,'29BSPQE',692645006),('a3397ee0d66141c13bfd083772c6bdbb','89e2866f9d187a5db91c330a883559ed',3,'UUUVE',227817963),('4108490d2dc00dfe5b7760ed6e30e5af','6e0e27b5fa4004e4d9df241b655f1e73',3,'4WRPS',446899290),('0f87ab1049968870c171df0be0843b4d','b9bba78a1a668c67b71d1d5fc7f36cf4',3,'5CQVOK',431677439),('2c246b7dc883ff582a38329a8a79d97a','164f6eb95d096afe312baa5ac10eff08',3,'586KQ',11063433),('f55d525f77abab9eceb8123e6e2c8864','dcec7326c66e10f6b7224762800a3413',3,'37O9F',2127885321),('d4afccf536f9e81c78f7420e589ca4e2','a9f8b347de4d0e4ce62b262ef61ce47f',3,'4ACLVY9X',663719885),('af071530774ec5aa43416e6db809b38c','796672a3f1398515dfd0dfc8ff6755e4',3,'25G3AV',731384174),('5e44ebe621b597870bb370bb426911e5','eea0984bd48136f1995061aae9404075',3,'2HX668',216557787),('0c81d5788309c4f3742a459cf6f1b8e4','b11816a85d72d83225783e85bba5b496',3,'7E1LH',1284371001),('1c01ac5072f4c80a38d6eccb58935b57','494746f731157f082d30f70c09b50035',3,'4U1OIE',1021206792),('b1bd61bc3eadee29bb1fcf1f35a9ed9e','27976f16e622797e5fb1dd030c0c3a27',3,'3YEDKQ',1907350350),('b9c14be5178a3d3ad6131bf8873b7370','4a299668795d6a9e1192e0eaf9bdc35d',3,'4RSBXK',102377078),('f1320c26db12fe9c4e08774ac2fcf66f','98d2a90d96367a227f7205e961a36f8e',3,'2HZAVCV',1820112330),('10341a8dc9974e0ab564a84ee3c3c121','96f45f9e3f010434e748e7610cde882e',3,'1XSPA',305242725),('76f9f68445907e0cf48001e7473a1aad','fe2a90816af516b9ea8bfc80cff3937d',3,'U6BODC',1614685914),('608d92e7d57e5c65a40f7614c3964b66','c920fe2ae4f3ec6bcf0da447b1600f77',3,'3U196N',1360722015),('698b904d1340da3f878dc935e7d11436','37b10c7a0e791aa235ef887b2dddf0a3',3,'3BLBB',1191628220),('a8d4f329985dea8ee37441dbd3c62049','0cec69892b1b98efb3ecdc76474dc479',3,'1TKP6RA3',2295074),('6c59ce27c7981ae185028fe3befa12af','039ed95568f6568d5c9a807d200eda18',3,'1AK8N',1131709199),('4400b9bb7d5530155a10cb02cbce2a8b','efaae53eda2cb7eb8a09116e1f514c40',3,'3OCFKYC1',627905983),('fbfc9223fe8557341fd0c3006694043c','b69f66f18ac109860af767d5619605ef',3,'3VOMOF',1885066022),('a9f1e1c174acc13e78138d3cf4db5082','0c27e821e7c2241d7e99cdfcdf7e1795',3,'X7RUPO',1211461786),('ef2fe02683192fe69ad53290746e4d70','73604a093ceb5dbd7dbf809111c83d10',3,'3L7UI',1184872633),('87e2a1d6de2bc7b045eef0bd7215f809','126a4b41a4f1472c45a89b23add8072e',3,'1GJ2JO',1387893860),('09b86b8ba9b2f7a0fb6bcf23006aa7ae','13caa9e7b9b2ded664c39f0da632f88e',3,'3WNN7',1897856634),('c664e3774ad184d684190b41ace984d6','1e458f5d3dbf75b036b104f224371b42',3,'ASSPIDG',279805025),('acd0f689253eed8318f794d73fec1fd1','4ddd7544b6d3fc31132651a68b219045',3,'3FM1M1',1639484717),('0864ad9db5ed66b5ce2e7a6ff911564a','de030a7f0288fd584370cb3de6f96fce',3,'AFCXR',1167459237),('9fc099444c2ea35d23fb495b4035d696','9b88a9f2f62d03945c2ac0ca946608e2',3,'19CMQF',93591990),('67eae4cc3aac7dce1f52ee4c220b0c07','0a111cd03e53126213976fdef4f7afa7',3,'2T2IB',1932187889),('23ef521524204a181f41df564968fa10','2e7b648cbd9dda8e8fa058e9dc5cf45f',3,'34SNBD',988846861),('4e0b187b4ab1f6febb22bb7316aa5b91','e367c30f923b70709051d27eb938bfed',3,'1GJ4OMK',1271425467),('a5e1ead3305863076f02aa94e66b826f','209a086d54d7ccb10c0f535c37f05581',3,'5F662',2099540753),('d06dec302b0d2f1c616c6985ccfc9143','8c54c36b3a9c662325721c2f81d32ec5',3,'35IFU',454111872),('1dc3784dd7d89c968ef57f4087af08f8','e197cb903acd8aa0571acd147debe7f9',3,'8VCNU',1731505516),('e35a368b443cdb0666acd5df2fe7ac5a','6154976dc4e90027ad61c7078ff5ace0',3,'5Z2BP5NU',1599851132),('46c77f0e35333673d38bd4ab59301d29','025df93ad054a5a098b5e21b256e5e03',3,'185K53',970111505),('812982f588ebdf9e1089c80b5f954469','7d03ce9251ca0ef2f093b28c5360bcce',3,'3Z14E',748066862),('f7e6f26fc0f1a08e996996f703405df5','ee34f9460ffffd643cd03b13b78b61de',3,'PBMXS',1273321926),('4ef0c016e6296d6f54143b0d9a1f7d7d','f1c8675a8ba9f5e714d3e284ae240c80',3,'28DXSF4',1542983080),('14f88db07729383e574149222ac8a1fc','bcc4e21fb6c1130d7813bba0a391f864',3,'17TLM',97493036),('0f7324511941c10e4b6132ad358d7d7b','5f715b73c0c25b1e8477a52ead82be38',3,'3S8INIX2',954310992),('333092cdd45dfb3d94919ba0670754be','85f526cd965c69844c74d9c60de794fc',3,'2NVI38SH',263584059),('42cb52408212343cc89e79ea3dd25974','4a4e0f58c50a25685816f5767bf9c450',3,'2PPAX',419422863),('b1fc9ab8167fb7795a8cff2de64468dd','1dbcaaab837010b3c3ab9b1085700c04',3,'2QS4EEA',699705377),('c488a90ec88df64221b3009a281ec89b','04108d03c129621f4d77ad0800f3e006',3,'1FN7E',821639736),('6dff1da7924e4b74a4758193056513e8','ec2924c4008bc867a73d89bdbcd10a35',3,'RKG9YM',828407726),('8a38585175263f2aaf4cd7535ead615a','6a1017501e25c604d5936e4afc995ba3',3,'P691X',112855315),('10f71d8e543f0d59052d06ee958ba1f5','c296fbaaecefd53bf8f52ba03e7596e1',3,'4FYGC5',469189587),('da04b15133a271451bf9200edb9b22e9','6b435ceb95c5e67636d202b5fbe6a88a',3,'1AEZF',2050245425),('e22f783eba5e26605987fcde092d17c5','8dca652db6c3e48665598aa5879f5907',3,'DNL4K7',1585518507),('1d309e32412054d8ada373651968af94','c20ec8f37f83afdc4acae4219d99eefe',3,'RIR3S8U',632541467),('cbe85be0d56c49e38e6faff95d60d78c','8cd35c95e678f0672827c179dec2a66a',3,'35O9Q',987231164),('098b1e272bf2d2a0c17d2b3d9fb8334f','b0343fa8597ddf8a82d6472324fc6b0f',3,'3SNDDI',1595739591),('874632da56b04a80e99c89db4bea899f','5051a8c3b54eb86b2703089b1ad28918',3,'1RHSK',1418647349),('db08974f8e327f41121f3373a4518421','20410b50ab5866c21177180d9216368b',3,'PL9LLW',1242815791),('fa33b8c9c961ccb5dc18d16899c8d590','05187fabaf65f3151c5207fef695e480',3,'2FNI3JAZ',229263408),('8ccb4e56ce9f45dfaf3596dc61fe5220','a91aef1ec3c7138c7f254d2043ef6408',3,'1HU5QP',1619968206),('a6de49b8d58e5d9a5f99325215cd363a','dd5091104d4b0789aa0ababd7156a190',3,'1HXK8TS6',62830036),('ffc644b10bc4abd5ea329acb0ab65cd0','3b603ba92454edb10318e5c0092b018d',3,'52A24MO',1547589442),('b0f6ed1b8c52fceba72852b98816902a','246f5a3c13bb1cc7faabc46a9d20c063',3,'547CNJF',1596842600),('fcc24676c1b702367130857ed52c5ad9','6d06e81627fa5e265730fb1aa6cd72de',3,'1HMNX3',2128236107),('db9b9b61a59538308398414837366acb','d490b56706bec65a58fb968c6f3bb49b',3,'3WGJH',134827690),('4c485b5d937c7ffde37573daad8efd4c','8afe653e76a5a54b69695cbd5d19431e',3,'291J8TIF',1654453430),('12e9939f3075a5fab77c402a1fd9e190','6930b61df71a329aac7e481d7caeb049',3,'4C1PF',637017955),('246c813e5613db9e1d4ed8ae26d230b5','0201d15e5d645d7164ed9d3c01f906fc',3,'4O3YITA',1799711682),('65ffc11ab03e180732d93062441d4227','f698de2fe1bd118ba630a5ed0a11cb23',3,'1Y7GB',1118823780),('2df0eeeb0328eccc12191cd1e9e97585','a0232e00fba327fa3649a54285b54abe',3,'3JK6ZBL6',1453889076),('3a10187f014626c9a243f9a17222d477','e6822605d2ff5771fe470e74cf6458c8',3,'1TH3HBE',1093668050),('72d2ae0e20454b621d4970674ad3b32d','16fa91f03b075eee40d5968009e78a8a',3,'3XTX2',443791946),('3787036ea43aef915ec27f3ba5f27c49','f8d37aa14b5ea0ad73bc176656efa325',3,'23G54',1970207544),('b17ca191c445cfabddebfe4a59a4b05e','11b413b25ce71ad00258d3a390a8ceff',3,'2JUJ7R',1743026004),('ad7a40b8811e8c0309bb375917e04534','ce58e648dbc60339a5632440510b0faa',3,'391US',738397097),('84580d3a3071d22f31a191bbcb759fba','5f02a1894704795251a58b4a45354925',3,'2R1LL49P',153340818),('4ecb19040d347baa6895f90ee4102d3f','91b84fc5725c97f3b0cbea56adb9a50f',3,'22VJ9',845570559),('024040222388870b3907b4e73db9f7d7','766c2f0541e80a999bb60467eb57d376',3,'3XGJKXT6',2029403597),('6793b9aeb3eb38e48470fbabbb474f85','740cbd1e52298d85d0af9ab88a8fa55e',3,'2HQV4',1046794925),('80cef8f00d43f27d72d433f32b352796','2b21943155463be67252c9f4812cc6cf',3,'4H736',1948217260),('4972269be0a5bd3f1c2819d91d62158a','6669006e6f9c6fc19545411570879491',3,'1GTQY',669380337),('95ea3fa97b7071fc9edfdba80f4acc72','3fbebd698a1b4f857be399cf8360683c',3,'5AZ26',638655371),('7cfa4d2112bf0dad6dec74a6b10aae8e','20acfbbc31906688414d1348902784c7',3,'2PHWL7YW',1460787515),('b99c823f1a143dbd14990526bec67450','69946f1a18ed24342e69a39d6b16c5cf',3,'3G2EG3',1536471523),('fd1f93cbccebbb51c0b347bc08880a59','4b943dc704f33cfce0dfb16d2d4842a9',3,'1BVIA',1273597413),('89ab94362242ad8562d0eaf8469a0f27','6159e08fe43b91e8fe4b094a81ae9eec',3,'5CAI77R',329296270),('33cf2edf44770643208313a38c3801c5','b8d1c34568128626628b115c869f5772',3,'511OMR',752175412),('c4a4b9fab94fd4bffa6255ace9573f38','15e22e72f68d2d53b5126d8345a90539',3,'3VP5L97',739073902),('fb89b77896c5048fff4d96e57e3f6304','e573cbed314d4c6fd126c50bd38d2588',3,'38BKZ',1136614630),('1db4fc8c7af59491b6c4111696218595','31e61eb8b8a58162cf1b6c9ee59bf78e',3,'2UWHR',440374963),('ec699d92d54032936be9c883cbb4bd5e','2e92af570162e177a92c4561373bd011',3,'1P9GM',300380008),('c21408bbd900f8ff10ecd47fdce18efd','4775abc261ec6ff41a4fbcac790df26b',3,'4K3YC',779060745),('4460bc8fa758963b28351ff376444c73','2ed8ea686e0ceef7839a7fa922f705e5',3,'2BRXQ',1049833176),('1f3f77d567b6803f9dfb7cd271d172ed','1d725050ced304951a1b29bd9eee3fec',3,'3WJGX3',1228108333),('15cecd951247dddc864c6068f58813cc','edf16487808a200200eee09a7e81edd0',3,'4GTE8UX',1033697451),('0a03d7be198cef53d69e7dbaa59dede2','be653b71bdccc1f376bbe4d69493faf6',3,'2Y98Z',2058374773),('b7e2164976b98f4ff7091f384b431386','d4bce039804ad124dfffc73a71978e05',3,'825LY6A',649885415),('10493f8045a366a6c38fdbe3ecd9a725','cb131e7989a32175ac7c2f02f255dd72',3,'4XHZP8',1646201341),('ec5bff0da5e6d0c111865bed60f46ab1','09b6161d0769071d3c7eed3d2e218012',3,'Q8RH6',1103964517),('e8330799749b7cc83e402e3cf2853794','a7ac2170ca0d5be9271ad5a15902f292',3,'2Z8TBFSP',1579819705),('0181f5bc6fe6f451eb37713e249f3d4e','8535b0e5a1b459a478873ee146a03f46',3,'1XZZRXI',1854264588),('64f3a513dd00360088605916db2cc219','e7f494573d0d455e48b4ec30fdb711e5',3,'5D9XKL95',89780055),('d2bd6f534254c3ce6a71bfb30b73c269','1c4f3f1b10a389a4c2d6649d5f077ae1',3,'3WVQVQS',1269246727),('b40a042d0102d7f5a8e1a2aa5b0378bb','10d75fb80bb8ebf5bca81e53239ccc9d',3,'4LD3Y',710534207),('b1c7f004813c2be3cf8dcd7d1ae1cdfb','f6afcfb5a82e0758e7309ed52c298621',3,'3FMV3',739761071),('4659bc26b6b2aad4e2d38e04c9d5fed4','91fd30edc5d81ffd6ea0615f2b1a2182',3,'1C44G2',2011863340),('b2550ec50f01e1a33d4bedf616f3a705','b49b385d38bb7c9a967385657050552f',3,'14ZWNJWW',2121954510),('b7a1fb69e51f0eada5df67ec596cc799','c16000c87a1cf1919e3aba48a81d998f',3,'4FJF4VZY',1096018468),('f7f99572095c9a0cce17178ad5c5c22a','780449f48a560713ba2f5cd8af3e93b8',3,'73QYE',1923361172),('ce6d4fc45f4e211174c01642bd68be4f','974e60f1cead1391258d0c548acdb555',3,'387671H',663159285),('b6b17806d2e6ee4b1bc508f7719bc89d','47b5296b949e0fffd0a72ce3a152fbee',3,'2CDUD2V',944531950),('23a0b043436aa636def61abd875b8de5','2821f021f5dde16d0d6bd04ac5ff84c2',3,'2SZ4GUD',376538541),('abab02e338b6fc2d2728fdeaad55a0a5','04f353d34e281104d71367fa2c00207a',3,'35EMB',659430506),('15e22b0c2bd6f53b0d3b4634bb3a6ddb','bacaddfa82e74c83fba428f8f7132007',3,'PKHB9',1069099234),('5341ecba3a397b923eb3590e651db0a8','727b0ccbf9d9b26dfc80ac9f12c1e4d0',3,'4A7SJXRL',59288869),('281b3ae0e9b56e8887dbf9aa16b40ee1','ab2792735698985b1d01849ec7d7ba16',3,'SD95N',1136827858),('97fe9cc6b5b800843bb07e0b158c7396','ee385d10687eb0406623d927bca69afd',3,'4THURCBO',908161373),('bff1cb8dd16138550b3942d25cdf39d6','91398560ecad6f145097a7613d72b176',3,'3VQ4C5RJ',738174097),('42e5fb977dd95b3dd70658459cf792cc','97d0e3caea611534c9c4266f31077b83',3,'3RZKN',936690219),('6db545a9b02fd17ab80df66d1fb1ccb8','f36d5eb7db12505bfb8ebd6220de91c7',3,'2GGBV',1694660754),('25e51cc91cd4da6a2590b85722b4c19c','e08fd0f87c38d9466f35bcdde506dfc2',3,'2BG75F',334657297),('518947c18b692a85adf2d5280a182b3b','3a70cc21e9c13f16b56944a4a501764a',3,'2RI5XWNN',1151327424),('1596add456079ea552361b2b6c3c1ff9','adab7214c9d0be51c9ff83226df66a62',3,'4CL1K',1587779780),('d363d713863371efe94b67f4fdb2ab1c','6b15e41eb15d059e2a19c099294842e9',3,'43VCOXZZ',1081366515),('1ac59fabfdb2f23ac71564bc54a45c44','b74103adf046060c627608ce0e5eede5',3,'16VI1',1732337087),('0c501c873a4a7775cd1597ac0e94b67a','6d0366d8459d0984eecae1dd68c7f3a8',3,'44SXPIU',1547948425),('91f3ccdb325a0cabc19380837e29ae75','84b46dc53d328a6301475c800cfc513a',3,'25W8JUT',1926001056),('49b918e88a2735395af781b3ecf3e58a','ec24ebee977ade2a1de6792b516bc264',3,'FDDN3IY1',911589065),('c653cb89c8a5faf3d60b080f4c7db9f7','baee860c9892bc2536ca1786be1758a5',3,'7DYQA',194224359),('40106d7ca3dadabb6ee62f956f70e040','e130aa9ebb5a0df420a3d9ea854e93ab',3,'1LCJE4',1782784619),('3cbc4b9abd1842ac53bed67c20167f06','5eccde43f259f0a4767aaa556c34afc2',3,'4EW1HCB',1957280398),('da46132f0a75ed6bba2ce76c7731a8e4','8e5e5a1000fb063170168a654d4888e5',3,'11UO99W',1751019378),('4d6db044034e828dce14e1188f5798c1','2216d578e443f52c5f3c3424c4b0b1b6',3,'3Z4H92',1386403736),('29bd64ea02a78cd32ba5dbe6ee69bb97','da647b6b62fae08e44b12513f9878249',3,'43V72',551771642),('9d2c04904c698a90ee53babe61c8afca','93586e81732b7f452bd43dd63d690319',3,'2LWMY',812590913),('0d81972bb149fb7f426881008a38f683','a3eecb333285d88b3182a9b8238fcd11',3,'38WETIR',476117263),('f92fe81c2ab6ff9161d227894dc0600a','3c217772679492b10864420b07a704fc',3,'1HQDS219',773061880),('15b7bb076f6bb0c8a0a01efe23ba896b','4647562bacc1a4c6bdd565552e70aab1',3,'1L61U',83563634),('7c9a6dd9bd32ecba9c482ba33285f75f','77e3f23e09aa39a4a1d971b5d6f67ee8',3,'3F79DR',531574945),('1309e30628ed1365d0c77bbfd2759a7f','73ef1663b2c2eafe917fb6e5e25e8a73',3,'3457EA',1383813439),('2f700d84ec0cdb7a7e8ae913dd0edef3','c02c51f0b68bf563b8316177e4a41578',3,'3C1FI',1213679502),('3cae76e290fe7e88a7604a84a8019fb6','f5247dd58c7786a54631748c2f42584e',3,'P5I2G',403059872),('a61fc63e80aec52d0c2bd40912afabba','ce0a6a56fa2a070a32c503d777ea5570',3,'1G648P',1256477871),('438e9533f24486912fb43152674a4292','9f9e8de94da43892feaa04a64c2a296d',3,'2DTGWH9C',994510057),('6e7b3b12f9a70e84ffa12cc8eb132451','50db5f5e267172472bfc8dda91814cef',3,'4AKN9F',334498402),('939a317ccc4347f27a6f0026de1c7861','74376bb8989cd5e776774b5d220a0636',3,'1IV5PJ',1790817216),('224c20eaab35761b937993f53e3b0bdc','dd4eec55ba36e95782d4efdadf7dcd75',3,'1ERDR55I',1973832108),('ff979fc46606d8ed75fdde6917d46f67','0da13fc091fd42f391afdbd68ea96d26',3,'HVXSGCD',309188319),('d7d5c4274ba7ab2a3912e3fffe5b2626','0461a9751fadd016a5988a2cce502ac5',3,'2HMYA',685856114),('e6557e12e623646a86fd10b909f35089','972128c64bd5247a74d9a5533ea9fc9c',3,'4A5ZKI',1870106656),('08ed6a632c8b18c871f7a93736241e1d','02d77c34d136c852ae47eba40db62199',3,'GZNB2',84956263),('374b95b82412fd76c03712844ccd233e','d7efb625178c98cfc230798ee56db734',3,'1ZFJS',529307179),('a0f8e245e811bd7330c20ed2ce459e1e','824e0fbf220ce2dd336895230f8aef7a',3,'3Z8U6B',1172885520),('f3e849c9cb9321e6573959c8268e1de5','77408eda92e266747a4d7f761e9fc71a',3,'28YN5QH',32626250),('d78299a5bb8e459d7eb3a1d659bb36db','c2ed24db110c0a7c33b7851a4ce19f55',3,'MX1YYU5L',1650595342),('cd68982940877fb2def9a929bc8a1aa3','f3e35488ec6646df04836c126f6fd54d',3,'13GZJ8',2108079119),('c3bad8bf8c8f9399f543763ee0987e13','82f3335d9af00de51360262cd668930a',3,'2R9YBV',965821733),('71006d8f3d970794fc83a9bf9f0ee2d7','d4300875630a8d65eb0f38a6cea5a34d',3,'53T1DT',1853499115),('20a076dfecb515cc3469c44c97c2a11c','9d4fd395fcd249344fb7afd3b94a53f1',3,'24HIUX4Y',1491478801),('52d478da80a53fa3bf7bb918fe961143','cca2ce4b32b99fca517e1cd72d0367dc',3,'4TCBOFBV',1193203896),('faa0def7a72f6b529a88620fe3b529ab','c5bb1c89f84f52acfc81b8df153c2c0e',3,'1Y65VJ',574166599),('02a682872acb2120fefd2b3ce39366d4','c2316e00b466f55b5c656251a2c222a7',3,'4UH1BKA',1560049393),('78367fa6314e8b64c0a956b5b7e7833b','a13917f5cc3ccfab9810167e5def7b2b',3,'3R45F1J',234523748),('9dd64f558c1cd14878155de5b31cda33','78ddb1afa05e7067d1914c1109ea1585',3,'3YP4V8LI',60739610),('f05b5aa2c10bea32c3dd594230d5c706','e73d25caad25dc608769fc3cd850d91c',3,'T4Q7P3S',1445152682),('37169e12614018fa02d785ca769d93e7','88cd30c47a02e046c1365e9535f5fd52',3,'4P278',969337721),('55e075a48a007f1d40dd15b7da72efa0','12c39ac901a97edaaafea6b8eff540b9',3,'3LJPHU',144320132),('1ca50f645e01c876b645f4da15389ea1','3936458cb8fea74261444a0413467eaa',3,'4Z4L9Z',836764855),('21690b253e58c1fd95b02e63e012c577','d57102136e1842fe9fe6e07f76ce350c',3,'RMHYL',365632048),('3ef0833aa04a2b8f3ee2aaec0170cc29','632f7c6b113095f76058590633f570a1',3,'232WHBD9',1973926316),('8bf17ec5e151a97fd68a396419080a90','9841010d30c63ddf330b02641d77daa4',3,'1CCIZXI5',1895622253),('9b7f00d2406884d5cc28901ffda8a5a8','18d01b6ca515bd65a3806bfb89afc7c9',3,'3ZGAVS5',2045321484),('f977ce7af5e11c8aacb6f9f03a192a28','e74d5f7d862590e7324ed203875eb6b2',3,'4XATQ6UM',379073371),('1133476164181ec39adae23a5d483d7c','5d54185d445f456d2caaf64e190195c9',3,'43HN7F97',1271522280),('8e617fba23d2f9aa9e7a662b624328ba','ee8dc5f49d1975e12d82b5724841a263',3,'1WV8BJ3',221404494),('6b27d3369300b90cfb91ddfd7cf07e45','264d30076e7ec9e9804036bc94e8a57d',3,'2XNDART7',1260940961),('efddff42b9ce1463c054367c673bbba3','30f2d8892417364cd89dda9cf1c1bb10',3,'218BUCM',76896939),('6a78dea712d2f64057661ba6a2fa6724','0f50335fde8031403b1cb1a3e760a5fb',3,'4XSHIW5',1115415367),('39a7c4f8cfa64fb84e5af90523826db8','1578e4e1a923af7facdd3f03a049d0d3',3,'42ZDP3',56113760),('7f19b8c1c2be56c9403a0a9e5dffd9bf','4cb8e016e46d4a86feedfb3a963aff68',3,'LYO7IV',1879668839),('94f3d13f042cc821db106ede6eb7b0ff','1ccd44b4242a84e61512d6e1ebf54639',3,'1PYD3I',1813462394),('ef6b501d4408fab0d205e3e53caa0238','8fcd8e71b4bee495d700705749e47339',3,'56B68RCH',409403934),('9fd0bca8261fdcfede111ee4439fb586','ca20be78a8765990893a73286e072c00',3,'573SON',1973596959),('f3e79e94ba082e0e2097792a7b653c8b','f9ba692dd37d9f8a1c3b2076f02e250e',3,'12X4HY',943338545),('7f48a33d186f9c1ec64690ea748ce400','ddc819e2983d838d5a4e3422e9af26c5',3,'26E8WF',1524074700),('c149076e9b2b63cf3d0ecf12f12112eb','70cfa271d2cce229ac4c49f5976ae6d4',3,'3CLK3',870799651),('2a436139c0f6793d3f60d8d70bef31a1','d20f95148ebfe82bf218ef288c071104',3,'1VFU8I53',166581657),('54e09c58a12036ac35bbed97234ec186','e4e8a1de961a55fbfebf7b1a01b35ee3',3,'LKYQEQ7',2011447617),('8bd945e5a5387e73fd78ca21b34e63d4','8e8c2d1ec0d548e89a5f2a130348b04a',3,'29ACY',21855063),('22dd159c597a0798d8c9696438b56c38','c6a920cc6f83a09cda6516ffeac6f095',3,'3ML37',1450827435),('95e3cd5c63e244c9f7a949404cd6cc31','e08f96b5c3e161e9ea350675aac467b7',3,'1T7NM',1396125534),('8a843b1176a233abaeea287da9e015cb','ccea589f8a204414072188044b966291',3,'1QIX9',444370398),('9de5d32869fd477354bdcdd09de16507','c871c71367aa9107b8e982a20f646e75',3,'2TFZ61SC',1450595737),('6b7fb709e3fff13a1dd47e9650a9e848','fa6def8518baff0e812b7a3788ad8ddd',3,'1466XXHI',235885853),('8e0f4804c6c07d9a1a730758d35b7893','8119b461794ca3a10aa6fec5b3930872',3,'2HUTOIVC',2016051696),('771e54f068d7b31089f615b7ab27733b','738dd75bc35ffe77062218a7615a9790',3,'22KEVDH',996062672),('29eebf6cf1b687d312ad2384c1cf5640','082ff12600e88772941b620f9e5e19b8',3,'2D257',463529470),('bdc3c457a734c7b21a9d0de8dc1b44cc','f54b8e5e26b683feab3d649c156b95b6',3,'2VUQMFO',1863161546),('3b82cfe499cf26e8843e43b818f1cc02','3b18d1c7245cc8d029bc86cad95847e0',3,'4J2RH',819023919),('d9d9134a5af274996ed4264d5261226b','b4cefeed3db53d88a9f791fe8f6e8448',3,'UM2BZKU',1009777568),('9a19f2f42c340fff29a6db5e139d0184','59f145add9b55f29d0a014316c66d9a8',3,'1PDOF2U',915807457),('160ecedc96a09ae800aa43a4ad24dd38','c6732a9d4a582020b3918061718bb666',3,'3UN1NQX',2031965996),('32b7f3f22d9f25c93f7880f2d06cc9be','fa1f00d72dbc99b46052cc44abbfb692',3,'3PZ9LX',150862892),('cf4445404471bddbb2aec63cd15ee2bd','716d5226af3d82b272b57226d7880416',3,'4ZI3F',1275249147),('d2e1d2d0d8fc8024917b180b2c38dfb9','fc2ec2189a8be9a9fbcc1d7264ed0bca',3,'14S6O',1012885399),('f1d4e80785a993ad6d9243a74c3a9ac3','1270798fa9c5da164275315e0516ba10',3,'4K7LQ8',654381133),('ea8a0399629419d9b4e0bc5fde920f3b','83219b2c092a488b401f0c3631a0ed91',3,'4LC61CU',1966242225),('de7334e55abc6d6eee40ec2b7eea7ae1','806063a2c2e80f425037eab5f0ff731d',3,'1YQKJGNK',979698157),('287f1f2b17f0e55a65e46dcfdcd97f1b','5b819b49928600fa81e8adfc4e55aff7',3,'1NS8SUND',550503647),('82031e299b2d503e683703f9aaad569a','cebc9329bf0eede2f326648b233c6d13',3,'31EEZ',518267614),('99dd464137bfc8c9131443f1dbffd9e0','09051592c87616a632c1ca667a2d7516',3,'2CVYAGL',1588083576),('9e8e22460a090af8a5be40f8b4131850','a0aba478df8a0166571dc0d86b24722f',3,'3U3HI',1377316388),('1323d1c6acb804825e8dfb4b253fb622','72d86175ab8c1576a459f5f4610decc0',3,'1X6LM',964110815),('4b2d27b9705e7670e5e6bb539a2757cf','45d10b3f890bd5f792025a91edc56d0b',3,'LTV1HB',1226834749),('dc977042ac5149c78b8b155baff23a8e','e0f6833a3b226ddd2c943fca25fbacb9',3,'3JI8GB',1893721501),('dbd43a7802c130c674961c986e6be47b','b8b424722a7f0e3aca449445361bce8d',3,'6WMBS2M',1798758602),('d10b02932ba4937bdd6a40fdafd6d9e1','1a6ce0b43ba9afca7859eb77b14e2b3f',3,'3NWYK',674125244),('401066bc4aff3c65c94ec39cb044aeec','d6f850eb392fffda5c5715824079a3ae',3,'4S7QB7',411425124),('7641126f2e36309c9440b083d358d89f','baa92fdf3db87ac6aabf96440af712c4',3,'JH3531LW',1502293834),('32d53fb5034b1461bc2c2adc8331f648','26018443569990bee45358d91ab9310e',3,'3KBXXVFM',2113401633),('a98a2507596a622749ad8cbfc2f58c2b','5a70341422070c6e502ade7425bc28e3',3,'5ZS1U53I',175099985),('a9d63c19629b1fd9e1820f100178be5e','cd17e1c3f5c2c6e6daff54be5a9d6124',3,'DZVQVQ',952093501),('2b4e581439ed2f2c82614a5fa5a0c72f','da6f5274e8201b79373ac3ca3442bf60',3,'3P7BYX',633015149),('1849c3a81f4422905aafd87ca7c8a52f','c94edf902b92a75c0a0b9f2c6cee9836',3,'14QYODE',1378480039),('78a6ed1896bbbe260976c5280d2bc52c','e42431845c4f7186e167e3ce3594ceb4',3,'3Q96CUL',488061692),('3d6052ed1b2670706a306079ef18f717','30cc857457f7e61154e0e5ad61b6c65b',3,'RJH662',1355830647),('7e95287088ef0fe2279eaeb5aef9b46c','609ebd421eb5838fbd1895ed98646de2',3,'2HYV2D',679400133),('7227d9e8a9246e6f77f991b538b86ff6','16a0d57de3c7324e3ea45b885bb0cf03',3,'5Z8N63C',1682654874),('d11c5786f972a30400c11c5ff2a787ce','f14696928d7c6e287a9ccbe8a45d4a9e',3,'J2TFW',534849330),('1b039f121ae4d0bc1c86e5f71e8fb062','3b3a0d21f1449abd7a56701b16b90ca1',3,'2JNDRR',851462873),('8b5d9de14130c8c373b8c88c8d9325a8','e27102886d1f4d22ddddca26ace03731',3,'43FXWSOW',494578463),('d18977c363395807b5daa47d68cc2dcc','dbc3f39e50cef20823a9fc9e93cad89c',3,'3G755ALI',277772805),('2878f5434dd91f71225cc123b13f55cb','903737c10632c9d3eea828aabdf35a1b',3,'4O9VZ',167490268),('afa972b24e2442ad4a8d46630c67c9bc','5aace14588ca54c14249cf7b8b30b94e',3,'264CMCSN',431418795),('db543b0450570258e62c000a17117b95','cb4befcf6932a5e857112d2c01c5868b',3,'KJR5CJO',101228844),('c3be06b8bf1083094fdda8a696937a21','7d914b720244f3a1bbd61b4d3dfa53a8',3,'3LIVZ',1167912571),('390d4c24a6586939dc054399e165fdb8','fa8f3700b0da76810629263065580e63',3,'YF69J3J',126835531),('977e73d446605d656cd50d631e25a26a','1314e59d16438c480cd62892cb088dfe',3,'3QPDTJVX',443885386),('ae552a8902ece89dbd01599a96eabd9b','1d4d1ec3b3e4e6b914449d12354a3f4e',3,'3NKB2V',1228214400),('6171e9d9e9ddeb952133cf46f55c516b','d2b3e4aba0ec5863411301a4f10aa047',3,'3XC7LJ',1461770024),('91cb2f6326d5d2f145399f4230de9dcd','37c6ee0ceba41ea518b6f2cdf0094b98',3,'29V74Y',1295959695),('3f03df42d47bebce12916021d53503d2','8210b2ee62a0e0b30b2967ec14e06426',3,'5AI7B',617762686),('ea70f3d40824b21df4011a3bc0c2762a','6cb3e50d591d0bf12247e1b31af25177',3,'22LCUS',2038241096),('a5bc35d4703f59b1137fc1b4671ef243','7bbf5e8f890aa71ea79f614efab9c883',3,'39Q7SF7Q',966154220),('720c0a5ba2e5a62496022e841df84d5b','c43862d4501720415a72cc74b9143ab4',3,'4SVPMTV',917324069),('7bc9ba9723d3fb66da37239ac1630c3a','2c7653cc5cfbd1b1c6bbea3a32de7c12',3,'2EVO6',1073473787),('d22ddfed76f275915cbef7edde9c7ecb','17fe8a18f91d34208c7539be5ddb4029',3,'14ZF7MQ',586930166),('fc4347ecdd2a58a5f9c23ff5ffff4309','493930216f500c0c8bd2c3e916906f01',3,'OGRB5D4',481836119),('9f8f240c4cd0fbad6659c8e973c53d86','dbde48e372b7fe13724fde6a556ad890',3,'23HZ2HTY',865661350),('d6c41e1975c36eb3b5b61f63a27b8bca','10fcf22976f54348bfd7f4458e006fee',3,'5191KMD',545751861),('049bbcc7fd4b85cf76a88c8f9ba178cc','c9b8b6b31697962b1b204abe489eaa89',3,'4552BE4',152778574),('0597dd2fd7365433117e271fedc81c80','ece5c1e58281240cf2c0898ee5587f8b',3,'4U46YL',1524991612),('b47145231d466d6a1a0f3da8fc6cd67e','5ec4298ceeb91fb87a4f2c779172bb48',3,'55OCG1C',1131149462),('f77eb81ee6e3b4d6b78ee7579b327ba7','54b93f41adaae219d0c939eb881b44ef',3,'3JGTJWX',1977790121),('fe50e63c5bebb44bec6094e10d8d11c8','c905233810808f0b240906b3821d171c',3,'1Q9XYEE4',1584582125),('2ea2096b98b5c0afb7a652818c82e00d','bb0173c338bf90a2fce8f1a01095ec22',3,'4GP3HX',453310591),('cf506863a006f3d7fd90592a5c3046f6','3382ff39a7b2e14ba8a01594312a1f37',3,'3PX934Z9',2080862178),('d71262de145d7059dbff168541f760ed','e5246a4fc98ec46767f6980ba0dfd907',3,'R5C6P',1430231929),('8b57bf7ce4d63936c1be8ca4ef63bafc','5602a0706499ffdc0404b948bf6cf76a',3,'3ZZVFD5',233070091),('be4a998c9e8ae2bafa69a20ffb194b5d','b8c60659e1024c67db5d6e3d8df1356a',3,'4E34H86Q',271919092),('9e1945265a161bdae632633d37d2a665','01ec0632dc4cf5c3ccbdfb9920fdd0c3',3,'3G1M4',1866957660),('511e8e9a432a244b1c694d3408b8c237','d9b8a6bfbc6c7a369c905d1381904702',3,'2UUGI2',1109011456),('427de1713f9054fb3fb613c0c1cd60a5','f2c9600e6bd1e4cea10d92b5fe5692fb',3,'AJP42',193221869),('ed72bf55542a6145fc623c55951509aa','03870c5cb0b696a4af77341b5940bb6b',3,'32KAPE',2138969694),('bc740aab9641e3afad3829e6fdb0af97','6350c9144e60e808a3ba0b44432fed06',3,'4CYNV',2057496541),('7aef558bc906c6662e10f839e9d58ca5','6f721312a25bc6fb58a8c6b7d21fa045',3,'3IT2Q',314665567),('b69771a82904de2f6a1e3696b4518c0a','ab9d644a9b016578ac1f7601546ff955',3,'4KVTYD',1948900013),('25c0710d1387f4ca74d69888a86cd9a9','5d6e8e41e3c3246aa08dfc24f1776b43',3,'3CFEE',88595200),('e84eed000cbd9fd3a13efd8baa650285','c46a705991b3e3841b090ecb31a97bd8',3,'24N4T',1897898085),('591fcd97c1840362ce08abfd7c8a97f3','ad994ad55bb6a8dc3a31f5cdcbe3c121',3,'1BM3PGN',969051558),('675c0d52fa0710dffdb181d1318c8c18','c12f2cf17dce47da64a9cc4900cf0789',3,'3JB8EE',755867159),('a79c6961dc31aabbd8e1a084a8efadd0','d6c58773930434c86693663a1c52561b',3,'FGYC1H',313840044),('6b9514798b9fbd24a2ba3165745e42a3','45218856128b5b1ddca56d3d3e97b6ae',3,'3ELMS9',1291269097),('82ea4117540b50c6d7e9884e23eb4764','0351e9bfd1a91ed53bae78fed603aaae',3,'3BLM4TO8',1321795450),('9c5e565e7a19ec032f9f77cf7fe976fc','4974ccb91906dfce7cf7a55ead5d53be',3,'18U159N',2143637539),('0168516b6e4b1a8dae1e6710b3cb3218','105b33abb12535b52901c6564b928e4c',3,'1QD5P',392655193),('053d0392be6ae9a5ed50ade0e6d886a9','4126be32e4f9efc8f2d0301ef8f85f81',3,'589ERGPM',360698098),('d725da62c98d70d5345a7eb12fd2c605','b1d02a0f798c20152bd5b8958f5f09e1',3,'3ER8Y',1646819144),('2563c4f472f217b401d3344985703042','ed488f34bd8349f2865ae96395fb0ef9',3,'2S93BT',1770202631),('f60aadb62f3db062fa7c74a5532631b8','5508b61ae2e66dc9905b20cf64d6ccc7',3,'565TB2X8',989446298),('2306ccca0eaacd7b42f5c4147f3ef85b','fd09178ced7372a12bab88cfe6099ce3',3,'3IINW',1460720270),('ca5452006b6407d90e71d2f617e19b36','191db9364c696d390a0bfb66277e732c',3,'5BUS4N1N',430222530),('d617273762f2a0c63428cb87585f639b','704b2df3860ad3aca968c1b352e84836',3,'281AC',1184343978),('05f0b94c109a750a88d50f217b3ec065','e6c2afa69b9fb89efe96fcfd7cc1a8f4',3,'4ORTX',1005816133),('7b5059d8595bb904eb274b1c180a59dd','55272545c0e6dd5bc2624040d843a7ca',3,'1SVUA',1110012518),('3b5569fae3c76cde1da1dea6a72f7251','695fb8a460a4298d688c0979af68e0b2',3,'5485EE',861109989),('f7816cd4425746c663aff0024ab4a901','50e5c3414453f48cc778695f6cc5393a',3,'21PKWA',793998551),('69b0bad26293bbc2985cf91240ca098a','fca9908cdf5a009b6ce27748518cd15c',3,'1PBMV8V',1706899513),('d9ff5a7d2b69fc3782c9e3cbea4ccd71','9634a49f3d449ca975e622246dd5c7f3',3,'4AZRPVMJ',2032902688),('192713cf9165106afc67c78449d9801d','1094a4fb25258b7e0f760559464c4cff',3,'353E7FQ',673966849),('a6d7de0eee0561610430f321eb9873cc','0bf96000487f9a04992ccc5cc0dda1f5',3,'43QI6D',366640677),('22c4f73e06e557fddb1a6d1288d8bcf5','17932b08a9aa0d22c19ba7cbb4178bac',3,'2DENW',1673488415),('18eef65d8c8229cdb718df3ce1b22e45','2c70fd8fd584e030b0b139dee635e45e',3,'22RTF',630925149),('6d2fdab87a5458d9f664aab66ebbd9d8','52aae8288234feddff4f2d194f9c1758',3,'COYBDK',705690554),('780498d068962a9d8f5e101d6016f898','6a1fea4216f6edba0d162fe763ef669f',3,'3Y511ZF',881297251),('4da3701ada8aea7a6d5b9d4652a49074','2d93ea5b85ca0363d5ae10046fa1bdab',3,'2QHBW',2014717633),('c6d57957f2964025fe7f8cba26c81ea9','69178a41cb9766c3e5d9153d786f47e0',3,'UWL6MF',949439254),('e23272591ce4d5ec22adabe800418b0d','03924539669cee8741f5de571b8e230e',3,'38AUQZD7',316542688),('fe49d5a776e55bf7d92126b709fb6d5b','13e008c449bb8efd4e68c695486a07e8',3,'VFSLTR',1718190224),('a9721de84469ba81ba728d663d6041ed','9df102c34a9a6d07d7cea490aa5660e3',3,'2H11QW',1977704311),('ae50059675033684c3a703c85d6d9991','3d08790ca7ae4e1e829f2608f8b0f4b9',3,'29KWZS',1014396391),('f1f6f60bc453b22b799defcdd978ca96','ce1a896cace1c30d78b2d771db887ce7',3,'2KEMA1PL',652015742),('b073d012f4c4625b19b7b7afca6b18c0','0723a83bb9e5e9398f36b27876316e22',3,'1XPWU1R',32996246),('000db86aacbadf62bf89f16229352e29','cdb823bfb6e1b3aff3219565e5d0245f',3,'5DNJ3',1331405187),('bd497331f376fe53b4f932fb284c2cbc','5dc5f947871a6f0587b5401d31d4054a',3,'385TL',1225037872),('7fbda3df9d09cd84a3bf39232559b6db','36e04dc0387c096f0386c145fb1f1018',3,'1DZAQ',1176330877),('229b979693e7fc75e37d7bb2a75c17c0','877f01579de6c67c1a33a7aae8fe37ba',3,'54UUXVC1',167507640),('f856eb34f7e08e2328aa0e5e37a4cbf0','60fee4874fb451d7b80cd47a7d98cb6c',3,'2OWPH3',151130963),('c98524acc8cd98777299c9994a41efe0','d60248485be4125f8834e5e8911fdfd0',3,'9WNN6VN',924205386),('434625510b294d3903ba59b1c0c9debd','7f93d5ab773b1c3b8880dcd099880e8d',3,'2YLME4',954061255),('ac9cacb5e8742ad94280655df7465079','aa7abd4752a5c6210e0471a7cfb08952',3,'3KG2CNJ',1821120471),('3807a33b0ffa4faba1f889f43589b014','e885fea7755a3a3d98b286f03c207944',3,'4R6LHK',356430774),('9e67a65d996c67ab194641848f58c71e','491456b045e816170644d45b64836f89',3,'42TQIFKV',1033523304),('145b378401bb0c139a0efb9c5ec941be','675df967d8df6cc572beae3ef6c0a886',3,'5EOXJ',348017021),('babc50caee011296eda0c95153b504ab','41212eab17df72d37f91810bce5b39ad',3,'3Q693OL',186409919),('26c3d5984d018dba7c9ffd11fa31182f','62907e47cb44e1fb9cd7fb7c52465220',3,'M6CY1',458058709),('6a42cf0bf4e3451ae06af7b9ef0128cd','baf36f23015cc202a162701ddd10f990',3,'P3OZ2U',176085782),('ecfaba54f9c32de48c05fdd729b63919','3c01b9f09d13926ce087fcc080fec5d7',3,'4S8Q7XLC',1824998641),('18c8431e03ccd9d43fc5750a95757c46','2d7805eca4254794b5a653a198e20b1f',3,'RKCIVP8D',1863561180),('a1efc06c7ef78357d5b59ddc8ec5777e','84ecbfb1b7b7feb191b80f340beca2d4',3,'11CK59H5',1016947700),('e92193586542a6e26822875ece7c5c10','ce7d1de4fb7a4070f158814d28c66bec',3,'23MZU',642820190),('00d483737ed434b6f67810f3f07d039a','bca04ab61292dbe7f739acdf91b26e1c',3,'59ZRF',246342214),('b0f0790d2a876c5c2902ecc16d377b10','afa4925345cb8fbe62cfd37f8991304f',3,'TRDTNRT',94145152),('181a512a4ccd9c3e5b04116f25199987','3abae8be40b3865de213e470fbd2ed37',3,'O6RL32',1478436916),('017956edf5d1664669eb2437006ab12f','0d2ffa83a02b032a2d63cfab3cd015dd',3,'1QO8K9',831093169),('13afa6078f3e7d8bfa8b8e0f2992df4c','86ea7851fee17e2f70b579be153a5e46',3,'39PKPHF6',1255646016),('ead580fea3e4187259cee6fa1e9b1879','6c0c9adff545adc93aeef7ad7a87efc1',3,'2VFNGS',1875384114),('7c746b5f2de2f81f619066f966cdb631','23f7f1eae43eb81f502f6d049c23d310',3,'1ACSKCSE',311750261),('7d27be84a042af6b56234d27a30ad983','29e1b6fdebef2db73dc0221c4e666e69',3,'3E6TN',872894430),('b5f5b47df710bba853279da69bf3a726','393ecdc4f3a121c475e2259f83098e54',3,'1DDSVK26',196817128),('ed0f394604065226c048966053f72dca','edf0f6624073a80e5c5a9cc7d74a615f',3,'TEM5AL',219658961),('32c0c34c286c7e1b303514ef68df2336','19ef30111bb2ce2d53f6be84ff219e6d',3,'4DGCJ',898739587),('47cb3062b110e15a1165c09fe467f703','e15300cd60a469de98bd4fc6cda00eba',3,'2DSK74S4',169975526),('bb8ee86ebef95421d4e14f6e0c896bb5','89233c4d15a653da5fba8ec9ab73ee4c',3,'9GMVR4',1431710153),('5d394d550a33aa1cabe30e6bf5ec6611','833c21b85c6599ba8691fb692b9a49c1',3,'1Q46M',1661705565),('6a15845a73a2b44ed5eb9128e0176462','13cdd336686a3ababe0baae4bd818bb1',3,'29U9TFC',1803311065),('9ff40fdb47a115dcd4386f0584c8b2c9','05578da0796909fc075aa51b4495e7c3',3,'2GSTUV',1863733582),('9fd9a995eb1520bdfceabd206538548a','1dc38e4a163875ff0f6e08ec1bb2672e',3,'5FB9CR2X',1700543989),('195ef6eb82976eb082fd2a61994c58c3','f6c188042c6c85bdf3205fb33384b19b',3,'15DAALPD',1022789738),('f9d5a1610cb427a16ca3c36afedfec3c','2c69e740f2010aeb2596b0488d613f21',3,'1MV12IZ1',2001427783),('765006ac9a9ee2d62d8c916f237f1327','28b1f1b7961db9d6e9fafc5c4fc1e009',3,'F1V22',486736372),('f04c04f15a1f19e6b4b402dff6907711','b28b7c07d4d03086fd2310b396877ec7',3,'36BEBR',1639457755),('bbbc1e69023cbbaaf50a7d8676fe0737','018cc8ede0e927019a2474a03fcfb2d3',3,'527TK7DO',1711340503),('434fdf43ad60c27e65a64a28f33221e1','5ee48c6acd99cd29e2cccccc83cb2d6f',3,'PMSKJ2C',833525462),('e5fc95df1cba22e6def917b369652aad','f15387b5e5f1b20c52c597937d50e972',3,'1X4BV',1806086923),('038c28f80bb5c33392406f5e472f536f','3e527096e5520269b414197adcfdeb96',3,'1EEQV',376832849),('12b6f64423aa037d5782ab28bf492997','870716c8e85afb874f95afdeb1d2380b',3,'2MJLGD',776572853),('66fc659d8c81db7fec140e618c4b15d2','c5d85aa5078ed0a28c92b3c595160f9d',3,'4RW4N2JA',1786116374),('dd7a0e494db61614e774b48ca573ebf0','66f3f3e119f40858b9f5a8065e7f847a',3,'3E7NBZ',193854743),('b6d0dcb9f7f514a076d845c1b118da5e','b1d2a46b31aa82a3fb47f251ded87e29',3,'4ON4K9',1746682549),('7e40c8a5edb776b8c062766c2e30dc38','fd1e596a1eba1bfa14218a5bdbd61d9b',3,'4HIDYVRQ',1066135839),('d1b5478250d135d8c5bf093a419fd8ed','51b54aa9d1f4c011e379e4d39e22e385',3,'14B1JZ6',1853342242),('ed7f73d43d253f6f519dba127eea3591','18063d83f96d3360f13cc2d220cc2281',3,'2V3Z5P1',2037474517),('13b33d3fc969873cfb57a6af3eb32e7f','a1ea34eed018ee580f0c328b18420c35',3,'2NG197RX',2134378858),('dc971b938ca749d00502616865bb7544','ea878e258928df0ac727df2442d84d77',3,'482JP',748194305),('186df9da72df105a5a86774b556e916c','7e672617bc32112e1eb6cc2f58ae2ee1',3,'71KOI3',1252278569),('64f52de299ec73dcfc1ca0f17bc037c8','915419542e3a837f0a8fa95034f2bfa6',3,'1QAIWRZO',1013704330),('e6380402f1ddd07d057e67036c0c18d6','16fcf85b8cd9ef8712c923ad4fafdc5a',3,'K1YN7',30506151),('804fe4fb47cbda0d048faf23fb8406bc','e0f183a02a9631efd5c70d83dcff5f40',3,'4F5FR8AR',327904181),('14e47689a7bbeca1791a2ab1aa152422','6c75d2340f355d198cee2ac294a47271',3,'11B1K',692425614),('7f0c58a9e06c4e746cdf90de806d220a','22a3fa8fa5329027decbf3a1ccd08a4c',3,'2HWZ5',1294170009),('5b2076b0deb1e8ef45e46fa3b65f1049','1476b081cf43e5ac1cdcdb16c1b66a4b',3,'PWAFBJ',34307768),('91059236283f2c2c8664eb6d163889b1','750b323c28fba79e0c4e7c42eb8aeabc',3,'57LU24',1297179571),('3a22cf32a43830f8184f24268753362b','5ac411715f40a59c5fe411ae2017cc31',3,'1TRBT',2064847),('eaf30fb43dfeae35038be43acc0bf454','8a89198db2935f1cabe9ab52330c3bbf',3,'56Z3V',1419646159),('e00a51111f5eaf88037a71972a9b87e8','30096cd9f83dcccf0313fe827bf284da',3,'39A34C',372509025),('5725483fd3b653f7854e5c9f3c3f1f10','0ac8df4cf96d2c3b09952bac80c19239',3,'3AUU59',1946672953),('a27d6a834fea6639137684609c5b9198','28df04fdeac4d9c2fa6f38016b8ffedd',3,'2CHKU',2112047438),('ee0cf35b183c31212ab4b3110c5fe011','028f6538f51b3b171086f32a5d5dfe80',3,'39GL99R',933362489),('8a7dba11d7252af0bad1ca3731ff54ff','b475e816ad3f675a1b0bca184496590d',3,'3AS7P',1739250225),('7f88b73221bcc0e593643d8c78d4fd4c','61a200b08467c3c825ceec4d1785b390',3,'1CBWYNM',1409347161),('b63d7eb7f37d0887da1ff44a13498020','556fd975eedda5aea1fb1a5baa4f06ab',3,'4TAJQ9',1370724140),('f25fdd078a928efe14ae037830eceee5','46f56f7db4cfd49c810eead5fb63fadb',3,'1C54UPHJ',841219302),('4d5770a37f7cd02746d3c37df103e1b4','95e427f75822579d24f5dcb6eb50f0e5',3,'1JI1NGBS',1759547201),('642e2c2a8c9f22fae1076d1e76de1873','8173fb7f734b0be31bf8e4f1fac6081b',3,'1BCXA3',1699724086),('bb260befb44fb33a2a3fdfc63fc403a6','8d5a9fbb038ae0b94ee4559c165be630',3,'52SWNK',1250072929),('354a89fc52ba711900e3b450a4e75588','06f0aa04fd1bc13633e8f97c409d4416',3,'2SGRURV',272453735),('0cd217ceea903e6d1724ef768f4647b4','c9a2ae8efc81c69082c35027c519ede6',3,'3Q3Y9MCV',8469686),('be6ba5446db1187aea76afefd0134888','fb802adbc2d38715ce78ed69027992c9',3,'383L6O',463599412),('9c91a254fbb6824a399a4c3d084f1a38','8dd575c291903c89025024440a66a73c',3,'2UJWB',257752552),('ee472f20cb874f8b0796d66530a47c01','196f675fbf4c0885995527d86835c1be',3,'32JPLGA',767134013),('24f6f462aa93069f3fe1d5284ff0399e','b7bdb98a67388995ef4b0d1b5b77c09a',3,'3MQ1VL',1698595771),('27c6e0eb0c9d687f544c7dee2327513b','48f1cae9bc266aa9295acdbcc87af3c7',3,'57AK36',2141815937),('b7e65f1ec6d835022acb17b0c84b0812','38da2f2b67017387869ee1ea4d96a9f6',3,'4HJO94WE',714704979),('e43141f03500a0f92e88bc9ff6d0ff77','882e0573c869dc3f5f9f2c27cfa9a254',3,'2W2LI5',1790602691),('e755dee2210fd76e3e42b14bcad70d17','14c7697fe8b326b4e3724a597cd261b1',3,'1427I1F',379388300),('c63409e8f1f0c79957233ff744a61b57','3e33cffbb4a870cf8b40d057eb9c81a1',3,'3RTKSL',820003196),('0b27df77b54ef83a227ba2569f69ba5e','9622a16ce750bd4bd6b91abd1e92373e',3,'YCFQ7B1J',1032413775),('5c889f433ca7a29aa9e8984fe107821a','1b7d418b018972a5fda2ceffe03247d3',3,'3I9I3',1439189862),('64561f3ba1e050fd3b70c2c41287f76e','0c4c3c249bf230b164a672f8293372f7',3,'33Z89DH1',167067878),('0e9a79c55b844d5e32f726005aa17a51','672034582855d0b270222b6f2cb8677c',3,'2A4HEWN8',1025434713),('04a9c9b641fe3ff3998dc38aff29b1b8','0ad13f6468bac4dbf91e44b83aad60bd',3,'5Z6DPW',1924339353),('9ed07e1db589a56da5162a8891f8c1d5','0ad0de611484f220d75f6873171aae89',3,'55QBLH',961425179),('1b78769a53bbb17d508c312098b0d44c','b3cd9a01eeef6293d9bd800b6cb0d9a0',3,'2KPIDY',564046107),('d370bdba64fcc38abb23a1077d6986c4','941fe3eb13809c5fabdf769831eaf4c3',3,'37PNX',973012828),('408fc14dc58f94a6a76561c9bac917e3','4343ea99d4e36fc211064d780c0ee5a0',3,'155LH',1802753444),('d6503d93d1e8174f9ffb1a95081938ab','dd3e3b1ce3575f80a7546d9cc36e5917',3,'4WWVC',83460553),('50dc3d054b8430ea02fb1b138646ad97','ac4a36d02d0d4a15052a7645320a524c',3,'XGNSOHH',1290947543),('48a5660ee6b80b9f48e89e7dddc717ef','aec358b441bd85ff383eed151c2a32d8',3,'4W3NH8',1747396369),('384409aa92e643371f55a533ae5b32c7','7fabcfbfb01e7a579e18c9dd8f4a01a7',3,'5AISBBSN',1241655023),('5bf38935c3098c38339bc037ac34406b','09e2237f9472aa6e5ca93414cc8ac767',3,'4UNSKG',1531385441),('f8bedb32ae6e250edfe2ba188e8c9da4','ecba885f7eb023bb7f68625a6eb178e6',3,'58O6A',1359052429),('6c22200b8e924cdf09b1961637cc67be','4a55fb46ca506601be6f9f3521765efb',3,'34DAO',4109378),('9a52fb0b1282b145b4f67d8b3e8bead9','a8c57aebf377e554ba30153dc6a8eb56',3,'5F1DIER',1314060584),('5e9a20ed97b56cad2250776f48b7d71a','989b4a80df4d7c7874f3ef8c4e1ac19b',3,'2QDO1K',1901064281),('318f66dfbf88f263903c149abef084d4','3586200041833e3ef6fcf96966202a50',3,'47VSZ34B',850142958),('fa8bf432d4426c697086c56c8761d7d3','0d8c5748ec6d1ede534b94b87f75e779',3,'2JOE5FV',1780854012),('c9064caba81d280b0a25c6a139ec8bd0','0e77adb119e6e880dc23abce78a804ef',3,'35XCMP',400688313),('7f7dabd23b6b5dd7775dd40f64490d97','03e13f50d105b47c721870958e79d9c5',3,'3EH8I57',1648321017),('79d76bb675ecebe2b643f698516033dc','c2f124bc4894b40596a187b006d57a23',3,'3AM8T6ER',1732110357),('9353b5fb72782262e2d723ea2ba9f4f2','82a856e1d82d0e55c565bf319db18a6c',3,'4AZ8843U',1919390393),('6133d18da3f498c0dcf3f8ddf98f4069','f298a24166b91f5cb6ec5e423d0e3a70',3,'38DQHOIE',1894839900),('15df8a71c247c35c8a0d1d441ede3ed8','7a5d37a6a7dc1e92f13d19f729969063',3,'TZ8A6X',1752959369),('a29c235c1ac26fba2f265ba714996da8','81d39ea5208706913b376f74213d5ad5',3,'1VEKCK2',603202304),('c169537412dd7b192b28e3619e85aa25','9c63dc111063c477a086136e84af102e',3,'5ZDV9L',1632686458),('57c88f6dbb231523384625cfe75d1695','947db43eb2e65417c230962949ccc8c9',3,'26SY6',11181438),('9f1272ce8c706220d306f85dd2c329cb','23da4655ee19f3661e3628feb02b5d05',3,'1YCZHI',1924344111),('600e8fefd9ca2b704fcbb7dd15cec11b','f82a71c028b34a1d52324410be2b9c14',3,'454DP',990057373),('a39d5e5391f0a1edfa8d15f6e98ecb75','e2506eafeb820f44fe33cc649f92ee24',3,'3TCWWQ1P',951118621),('8b78a2ffbf8c66b787ae0a9ec3b216a6','29650132e68548593f6807a26b4cde46',3,'4KYI6BO8',1825803666),('a02e02fefe92433b87c9fff3e297164a','e0aff87694e03543c82447b3b1e5e1a5',3,'4JYHB83S',945162002),('9e30875dbc83c8cbe8d7ad0ef60deea0','4aa6fa0e15706599c0055ef9f828d96f',3,'OIJ4KA51',563737371),('f2dbfe6786affda803a37256e2615dd9','52054090c2cac4e38c9a6e40e339f34b',3,'1LAV3N',1533504011),('e3bfca6324a77b5cd202d9c1ed0592db','fa1fa9c3d1aca89d80db75edfd3dd4f4',3,'2PYL4D',906134206),('e1a78b921a919156618d93a018ea9295','3ca39b7fbc425e737d9e2d5e36ed17bf',3,'1PDJLM44',871128022),('bacbf7a9689161da369cf8effdc821d7','ae617c0f58a1f8664cd0dfc7ac4534e3',3,'OXBO87Z',812307498),('d13439b5ad992c7725fd92705dbf8d1f','d83a9313d0269c9e81e87d1e4b99e555',3,'3FZGRCVK',1225335786),('78515cb34f2e903b51bbf56149f8f1f5','4c1ebfb2e3a0e57c34be7d60d60aa418',3,'1PUCZ',1918029986),('af9286cab4eea6bdf898af4525ce76d1','05c212843deef4fa087d9f39c7c2d726',3,'1EC3LM8',371018402),('d0dc7e62d479f1e046a69170f814492d','894a0a0b5c723458c1ed45e7081aaee2',3,'3Q1BIH3J',1074358775),('23218cfa69776ea4bd6ca7466ffa5722','4173fabc9ef4d6d636ec5ad398cd2883',3,'2PF4ZR',342518683),('7382f72ea2d9323b5d20cf7183333eae','6d21f0dbbc7deea20ac0d91143f00468',3,'4YLD8',143239940),('96df8f1547392f135cd84b52458a7f84','1c8c3f5c4a3084c9f2842bff68d4f3da',3,'57SOVNFG',690153067),('af7b77034008673f2d3e546199b4b077','5bc9435aec0c76f01263a00265355688',3,'1KSFM',500436285),('dc73558791ce7a8d49c0f97ec7190873','8a0a248b6a5d7c62f55304dca1f05814',3,'1312CU',1553371812),('fab3f26a8e2cff14a678dade8ae0bec4','81593f80a2ea5f577962a181ea00c36a',3,'4FM6SJ7Y',1197282726),('36ca4908dbb97d31a97a8a81d810a4c1','4c5569404ec61d60a375c3e21e5cff11',3,'K3TEE',83862981),('30e21d14ae0a4b33b13c5e6e60abb7d9','a82535e5b9ec329cfb3f84bce055d933',3,'2XZSRA36',1666823919),('83891813acef9d47e19d01dc78abc404','70c57b5a2993db3ed63b26abb77327ef',3,'3QQWN',415592920),('e00ed9a0df6dbc96218ff1a91c1ce43f','8efa0900263ff04c5bc56e10db5d5b19',3,'SO33E3FJ',823153841),('d1b947b1ecc386eba3455b74ee66307f','7387d196950eba76641d2f37631fe1a4',3,'11O8UY',1275407465),('32fc5ce547c9ea5cbb232c6f1a9962aa','dab7be7dbf193343b82b4e281bea6403',3,'4HRNHM',175558173),('835db63a40e22e2197a9018ffd5c76f4','af7aed58acd991c1f6c2543747413552',3,'2SQMR',463111466),('54f186a9fdaaa2280982d4e104ca35f5','657c64ae58a22bab67a4414023913a17',3,'2MLR3ZQ',1189260640),('76d3ae2049f811914898818d3497dfd5','9b89629d51fbba7b032dd1af413ce87f',3,'7N1E3TN',176916381),('29cd0299e3d6d5e57221521cd7fea8fd','c2b6b2ceb12d6744f38280fa0d835d20',3,'3UHJRK',1895622985),('69f984ad02a0a0465b56a83b1446c2c2','e5668d8b411355f44acac0ff9299d70d',3,'1CKLAN',1121825265),('a5fda95dbc218e76395be84a3e03624a','743b7cd35f9641277b594e7fb922fc9e',3,'HS5CXM',199113040),('bcc4ed6a2d3658ea5e6fd1321463149e','fa98f4354a00ca61528c1db962600e1f',3,'1ERDF',669558943),('3877724cf0a7d025d5599522721b86bd','5dee3f50818518406ad728141e81da1b',3,'1A6DHNPC',512332784),('6ee927719da15b4c605fb5202467a066','b1d703719564b64680a1c845dfea7e25',3,'55I7EH8I',2100578065),('ddcd87071e5294c7fdf5a2318a33864a','cc3b2ed9657253d09a4c066295253b64',3,'RHAUN',1322372608),('ff9ce1fc5b8e8bf9b16c25fe065fda5a','767130d17763861e387ff3ef604a7000',3,'1BTUCH',754231718),('e2aff0732a04dd06c3e3d23decded198','292436212d3f3db56f51b890ef5db764',3,'484QS',288218095),('321b2ad2099b49d3331a2cf21892010c','5d582557a358117f3e30cfcdd133d134',3,'5E5FG',106574964),('8cddc9dad43d0c8919914b1cebe18ce6','eb5034b48d2aa8cf79e09e794196cf71',3,'47BO4',412156566),('399adbeebb4696d3d0909395a9464721','fe0fc632c2c57db023870beb9067308c',3,'WO7VUO',1260688434),('d66dffe5deae226f4df64339072a8fda','8c65595a5e15cba8a88c9da584363afa',3,'25T7D',2087965104),('8328ba7c0d471981a36628aff61dd20b','31e1d70002188614c8a237454d68fa9b',3,'31EI3V',518871638),('acd7caebdf45beb522e76e4d759f6e36','b39b707c7123643774426f0dde793900',3,'3O14C',774389637),('82cef0403c1a9f0086617cfad6a07893','9aff73f06f0cdc6a09aefd3de755034a',3,'3RNOP',657298466),('7d89e5448e7b171970c59d1709830dd1','43b996722efa7a16e00ec9759570d5e1',3,'4P8G7TC',1909546075),('bd37ebd1a6d925b10d50c41b1f890ce8','2a7db6f2f984677cc54bc6788349df3d',3,'31SVI',1563215689),('8c21b4ddde2871f75f67dc6e5ec583f3','f871f095b1659afc6308bc5d47fb4fc7',3,'2LFH89F',1560559078),('83b9d47e90aef4dfef23eb1f098be2d9','0211ca1cb702f98168654673d8a277bd',3,'3FWB87W2',631684807),('fc55b2ee6cc90cacfdd78fca2a1f0171','cea20ffaa446f2fe36c3b773a16bcfe5',3,'53B3XZ3N',1119072783),('1d815785c12e4a837f08ea1232df773c','b92797dd6c66146d1afad967c57b8cdb',3,'2SRAOZ',764089008),('149f0c63dddd9f4ff408f0059de0811c','754ab90ffbcb668eacbde81d3a43e675',3,'3PV5YHQ',789579884),('8ec3cad4b1642b0abc9582a89b382529','00d326e7f9d8d71c03a3a11d8cf0a0fb',3,'5FJ2F',232746453),('e24a80b260655c307a668a0d1188583b','95a6b4325da60b27a4a79f4570fc8361',3,'4FJHO',48627916),('6ad886f061ec1b8e915791f6029ee4d6','28cb36514400515a583f2be43ca0a199',3,'4UZNX',637074763),('90aae42348ead53ac2922ce8d4357832','2b6dd1fe123bf8519ae166db459c10fe',3,'3HBDS8',1723229491),('afd70a451fd9e1b80930d48bc9483d44','0ab78b0155ddb53d278e8cda00bc41f9',3,'2J4Z4J',451786800),('faa0bf174f41d481c5d53b93c15f3c7b','890e169b0e8909d5f67785345a3fbcaf',3,'4Z8YCIZM',149193266),('4a2a49cb2d934001f2abb461d7bb174d','e2e380a8767ef754052e4feb00a1813a',3,'14QCDW2',1657335188),('25bb368aa21f1ee6f1ea6c02f7f90eb8','11d50471f1a7b6a0475bb547408ea5cd',3,'5BFQNL',2091884711),('0ec207113b62beab740bf4c4656c8cad','eaf503207e5d1e6b30d37d80857689b1',3,'1GJMAF7',586297789),('447f54f9eb5686be6f285e8b8046f480','7597954202af35e21f5b692973c80e46',3,'3QOAZ3X',1364815410),('aa197d4db4d387f658e07f3543496b0b','02fb31dc88fa19df0bdede9b3ed4ffbc',3,'3S8G2',802399621),('7f3b905b3a83a582c06292a9f1084a65','81fd19fca5f687ffe3a8c0af6fd3805e',1,'1MED7UZW',432631900),('4391e95e1bdf6454e29696c83e65ec87','aa69437ef9dfd412bbdf48caaceab7e6',1,'4CW4JB',1259916643),('55c79671a11f5949868ac8095968df83','aa69437ef9dfd412bbdf48caaceab7e6',1,'T556JGV',1288902688),('1dd1ff4284f3b835575caf652289634b','85f678e6dd130fe07431b22519d3511a',3,'45WF55',1321282830),('7131908ae19baad1bf94fbdb412a6e02','aa69437ef9dfd412bbdf48caaceab7e6',1,'18X146CW',522971377),('2328e067a1fbd56b41e29e4b6f1158a4','df9ee43474d180b9f60332b1db156dd8',3,'3QBPH',1882554260),('ea516de113725fd51bc3bc34e44ab1fe','5f9d32e9596336073697213141382df4',3,'ABZT1H',440211579),('09a122f94ae6b5cc6caacca9359629b4','bd6184ee08eebcf31fe049a1f34e584d',3,'1MV9E',86008345),('2fddc0eddb304d044386d18c25f5fc60','f0cc7d282a0470de740a61deff09499c',3,'1YDJ8QA1',751443582),('71364081cbd4cba224bc335c9467e510','38fc40cb520c97cf48f2bc9b83a63678',3,'6O99NV3',2040363617),('8170740742ce919929b7d3614c26143b','aa69437ef9dfd412bbdf48caaceab7e6',1,'3L1BXD',239901384),('edd78e211597e137688273607f4f37a3','8a3cb379d55a9e9fed0ea4431c447f58',3,'Y1L5F',1235870341),('1800a3f07780966634b50f5b71d17dbb','c15a0c806218d75a1f3fc8d609de48cd',3,'BUPSZY6',1209977672),('26da0bcce2d54f4d192f17183f8af577','aa69437ef9dfd412bbdf48caaceab7e6',1,'4F1NUSNB',785054961),('d3b0c4c9419f1c674f51b04c16876a09','9c5d6e212bb4f44b3f33b23d2f88a724',3,'4DCX5',1984700460),('374296df5041a0f5951aa9db7225e69d','b5e1a26655b47336f3341576b0b17f3d',3,'2S4U8',1828514319),('75921832f5a673ee4fc350a98ec82521','0bef734b3418c8242efbc1d555e66104',3,'5Z2L8NB',1600634515);

--
-- Table structure for table `phpbb_disallow`
--

CREATE TABLE `phpbb_disallow` (
  `disallow_id` mediumint(8) unsigned NOT NULL auto_increment,
  `disallow_username` varchar(255) collate utf8_bin NOT NULL default '',
  PRIMARY KEY  (`disallow_id`)
) ENGINE=MyISAM DEFAULT CHARSET=utf8 COLLATE=utf8_bin;

--
-- Dumping data for table `phpbb_disallow`
--


--
-- Table structure for table `phpbb_drafts`
--

CREATE TABLE `phpbb_drafts` (
  `draft_id` mediumint(8) unsigned NOT NULL auto_increment,
  `user_id` mediumint(8) unsigned NOT NULL default '0',
  `topic_id` mediumint(8) unsigned NOT NULL default '0',
  `forum_id` mediumint(8) unsigned NOT NULL default '0',
  `save_time` int(11) unsigned NOT NULL default '0',
  `draft_subject` varchar(100) collate utf8_bin NOT NULL default '',
  `draft_message` mediumtext collate utf8_bin NOT NULL,
  PRIMARY KEY  (`draft_id`),
  KEY `save_time` (`save_time`)
) ENGINE=MyISAM DEFAULT CHARSET=utf8 COLLATE=utf8_bin;

--
-- Dumping data for table `phpbb_drafts`
--


--
-- Table structure for table `phpbb_extension_groups`
--

CREATE TABLE `phpbb_extension_groups` (
  `group_id` mediumint(8) unsigned NOT NULL auto_increment,
  `group_name` varchar(255) collate utf8_bin NOT NULL default '',
  `cat_id` tinyint(2) NOT NULL default '0',
  `allow_group` tinyint(1) unsigned NOT NULL default '0',
  `download_mode` tinyint(1) unsigned NOT NULL default '1',
  `upload_icon` varchar(255) collate utf8_bin NOT NULL default '',
  `max_filesize` int(20) unsigned NOT NULL default '0',
  `allowed_forums` text collate utf8_bin NOT NULL,
  `allow_in_pm` tinyint(1) unsigned NOT NULL default '0',
  PRIMARY KEY  (`group_id`)
) ENGINE=MyISAM AUTO_INCREMENT=10 DEFAULT CHARSET=utf8 COLLATE=utf8_bin;

--
-- Dumping data for table `phpbb_extension_groups`
--

INSERT INTO `phpbb_extension_groups` VALUES (1,'Images',1,1,1,'',0,'',0),(2,'Archives',0,1,1,'',0,'',0),(3,'Plain Text',0,0,1,'',0,'',0),(4,'Documents',0,0,1,'',0,'',0),(5,'Real Media',3,0,1,'',0,'',0),(6,'Windows Media',2,0,1,'',0,'',0),(7,'Flash Files',5,0,1,'',0,'',0),(8,'Quicktime Media',6,0,1,'',0,'',0),(9,'Downloadable Files',0,0,1,'',0,'',0);

--
-- Table structure for table `phpbb_extensions`
--

CREATE TABLE `phpbb_extensions` (
  `extension_id` mediumint(8) unsigned NOT NULL auto_increment,
  `group_id` mediumint(8) unsigned NOT NULL default '0',
  `extension` varchar(100) collate utf8_bin NOT NULL default '',
  PRIMARY KEY  (`extension_id`)
) ENGINE=MyISAM AUTO_INCREMENT=67 DEFAULT CHARSET=utf8 COLLATE=utf8_bin;

--
-- Dumping data for table `phpbb_extensions`
--

INSERT INTO `phpbb_extensions` VALUES (1,1,'gif'),(2,1,'png'),(3,1,'jpeg'),(4,1,'jpg'),(5,1,'tif'),(6,1,'tiff'),(7,1,'tga'),(8,2,'gtar'),(9,2,'gz'),(10,2,'tar'),(11,2,'zip'),(12,2,'rar'),(13,2,'ace'),(14,2,'torrent'),(15,2,'tgz'),(16,2,'bz2'),(17,2,'7z'),(18,3,'txt'),(19,3,'c'),(20,3,'h'),(21,3,'cpp'),(22,3,'hpp'),(23,3,'diz'),(24,3,'csv'),(25,3,'ini'),(26,3,'log'),(27,3,'js'),(28,3,'xml'),(29,4,'xls'),(30,4,'xlsx'),(31,4,'xlsm'),(32,4,'xlsb'),(33,4,'doc'),(34,4,'docx'),(35,4,'docm'),(36,4,'dot'),(37,4,'dotx'),(38,4,'dotm'),(39,4,'pdf'),(40,4,'ai'),(41,4,'ps'),(42,4,'ppt'),(43,4,'pptx'),(44,4,'pptm'),(45,4,'odg'),(46,4,'odp'),(47,4,'ods'),(48,4,'odt'),(49,4,'rtf'),(50,5,'rm'),(51,5,'ram'),(52,6,'wma'),(53,6,'wmv'),(54,7,'swf'),(55,8,'mov'),(56,8,'m4v'),(57,8,'m4a'),(58,8,'mp4'),(59,8,'3gp'),(60,8,'3g2'),(61,8,'qt'),(62,9,'mpeg'),(63,9,'mpg'),(64,9,'mp3'),(65,9,'ogg'),(66,9,'ogm');

--
-- Table structure for table `phpbb_forums`
--

CREATE TABLE `phpbb_forums` (
  `forum_id` mediumint(8) unsigned NOT NULL auto_increment,
  `parent_id` mediumint(8) unsigned NOT NULL default '0',
  `left_id` mediumint(8) unsigned NOT NULL default '0',
  `right_id` mediumint(8) unsigned NOT NULL default '0',
  `forum_parents` mediumtext collate utf8_bin NOT NULL,
  `forum_name` varchar(255) collate utf8_bin NOT NULL default '',
  `forum_desc` text collate utf8_bin NOT NULL,
  `forum_desc_bitfield` varchar(255) collate utf8_bin NOT NULL default '',
  `forum_desc_options` int(11) unsigned NOT NULL default '7',
  `forum_desc_uid` varchar(5) collate utf8_bin NOT NULL default '',
  `forum_link` varchar(255) collate utf8_bin NOT NULL default '',
  `forum_password` varchar(40) collate utf8_bin NOT NULL default '',
  `forum_style` tinyint(4) NOT NULL default '0',
  `forum_image` varchar(255) collate utf8_bin NOT NULL default '',
  `forum_rules` text collate utf8_bin NOT NULL,
  `forum_rules_link` varchar(255) collate utf8_bin NOT NULL default '',
  `forum_rules_bitfield` varchar(255) collate utf8_bin NOT NULL default '',
  `forum_rules_options` int(11) unsigned NOT NULL default '7',
  `forum_rules_uid` varchar(5) collate utf8_bin NOT NULL default '',
  `forum_topics_per_page` tinyint(4) NOT NULL default '0',
  `forum_type` tinyint(4) NOT NULL default '0',
  `forum_status` tinyint(4) NOT NULL default '0',
  `forum_posts` mediumint(8) unsigned NOT NULL default '0',
  `forum_topics` mediumint(8) unsigned NOT NULL default '0',
  `forum_topics_real` mediumint(8) unsigned NOT NULL default '0',
  `forum_last_post_id` mediumint(8) unsigned NOT NULL default '0',
  `forum_last_poster_id` mediumint(8) unsigned NOT NULL default '0',
  `forum_last_post_subject` varchar(100) collate utf8_bin NOT NULL default '',
  `forum_last_post_time` int(11) unsigned NOT NULL default '0',
  `forum_last_poster_name` varchar(255) collate utf8_bin NOT NULL default '',
  `forum_last_poster_colour` varchar(6) collate utf8_bin NOT NULL default '',
  `forum_flags` tinyint(4) NOT NULL default '32',
  `display_on_index` tinyint(1) unsigned NOT NULL default '1',
  `enable_indexing` tinyint(1) unsigned NOT NULL default '1',
  `enable_icons` tinyint(1) unsigned NOT NULL default '1',
  `enable_prune` tinyint(1) unsigned NOT NULL default '0',
  `prune_next` int(11) unsigned NOT NULL default '0',
  `prune_days` mediumint(8) unsigned NOT NULL default '0',
  `prune_viewed` mediumint(8) unsigned NOT NULL default '0',
  `prune_freq` mediumint(8) unsigned NOT NULL default '0',
  PRIMARY KEY  (`forum_id`),
  KEY `left_right_id` (`left_id`,`right_id`),
  KEY `forum_lastpost_id` (`forum_last_post_id`)
) ENGINE=MyISAM AUTO_INCREMENT=6 DEFAULT CHARSET=utf8 COLLATE=utf8_bin;

--
-- Dumping data for table `phpbb_forums`
--

INSERT INTO `phpbb_forums` VALUES (4,0,3,4,'','Comments archive','For orphaned comment topics from the blog forum.  <!-- s:D --><img src=\"{SMILIES_PATH}/icon_biggrin.gif\" alt=\"Very Happy\" title=\"Very Happy\" /><!-- s:D -->','',7,'','','',0,'','','','',7,'',0,1,0,37,20,20,941,59,'Nice Article in the Red Deer Advocate March 1 2008',1204416028,'Leather','',32,0,1,0,0,0,7,7,1),(3,0,1,2,'','Blog postings','Weekly account of the NobleQuest trek up until we leave, then daily postings after that.','',7,'','','',0,'','','','',7,'',0,1,0,209,54,54,948,53,'June 5th, 2007 - Stunting on the Alaskan Highway',1212026617,'RyanNoble','',32,0,1,0,0,0,7,7,1),(5,0,5,6,'','Ride-Along Discussion','A place for riders to discuss travel plans &amp; arrangements','',7,'','','',0,'','','','',7,'',0,1,0,24,17,17,947,1,'celebes hot baby names celebrity',1209127448,'GanoTampagino','',32,0,1,0,0,0,7,7,1);

--
-- Table structure for table `phpbb_forums_access`
--

CREATE TABLE `phpbb_forums_access` (
  `forum_id` mediumint(8) unsigned NOT NULL default '0',
  `user_id` mediumint(8) unsigned NOT NULL default '0',
  `session_id` char(32) collate utf8_bin NOT NULL default '',
  PRIMARY KEY  (`forum_id`,`user_id`,`session_id`)
) ENGINE=MyISAM DEFAULT CHARSET=utf8 COLLATE=utf8_bin;

--
-- Dumping data for table `phpbb_forums_access`
--


--
-- Table structure for table `phpbb_forums_track`
--

CREATE TABLE `phpbb_forums_track` (
  `user_id` mediumint(8) unsigned NOT NULL default '0',
  `forum_id` mediumint(8) unsigned NOT NULL default '0',
  `mark_time` int(11) unsigned NOT NULL default '0',
  PRIMARY KEY  (`user_id`,`forum_id`)
) ENGINE=MyISAM DEFAULT CHARSET=utf8 COLLATE=utf8_bin;

--
-- Dumping data for table `phpbb_forums_track`
--

INSERT INTO `phpbb_forums_track` VALUES (53,3,1212026618),(53,0,1212026618),(70,3,1179115380),(70,0,1179280073),(62,3,1178412017),(62,0,1178412017),(66,3,1181921964),(66,0,1181921977),(81,3,1178857103),(81,0,1178857103),(82,3,1179154932),(82,0,1179154932),(77,3,1178850108),(77,0,1178850108),(73,3,1179293217),(73,0,1180621845),(73,4,1179293509),(70,4,1179280073),(89,3,1179282109),(89,0,1179282109),(66,4,1179935684),(92,3,1179589507),(92,0,1179589507),(95,3,1180413333),(95,0,1180413333),(97,3,1180711973),(97,0,1180787634),(93,5,1180524931),(93,0,1180524931),(75,5,1180704698),(75,0,1180704698),(73,5,1180621845),(66,5,1181921977),(53,5,1180543474),(86,5,1180905333),(86,0,1180905333),(59,5,1180551410),(59,0,1180551410),(97,5,1180787634),(97,4,1180650536),(103,3,1180656605),(103,0,1180656605),(106,3,1180860577),(106,0,1180860577),(105,4,1181139665),(105,0,1181139665),(109,3,1181582186),(109,0,1181582186),(110,3,1182076316),(110,0,1182076316),(111,3,1182259882),(111,0,1182259882),(113,3,1182458028),(113,0,1182458028),(120,3,1182610569),(120,0,1182610569),(122,3,1182725103),(122,0,1182725103),(123,3,1182735486),(123,0,1182735486),(124,3,1182837624),(124,0,1182837624),(126,3,1183057165),(126,0,1183057165),(128,3,1183159300),(128,0,1183159300),(129,3,1183168488),(129,0,1183168488),(130,3,1183231185),(130,0,1183231185),(131,3,1183259211),(131,0,1183259211),(132,3,1183586198),(132,0,1183586198),(133,3,1183617414),(133,0,1183617414),(134,3,1183637798),(134,0,1183637798),(136,3,1183704202),(136,0,1183704202),(137,3,1183713701),(137,0,1183713701),(138,3,1183806740),(138,0,1183806740),(144,3,1183904752),(144,0,1183904752),(145,3,1184036500),(145,0,1184036500),(147,3,1184039909),(147,0,1184039909),(148,3,1184059441),(148,0,1184059441),(149,3,1184072479),(149,0,1184072479),(150,3,1184142618),(150,0,1184142618),(151,3,1184167907),(151,0,1184167907),(152,3,1184184111),(152,0,1184184111),(154,3,1184271858),(154,0,1184271858),(155,3,1184291185),(155,0,1184291185),(156,3,1184306761),(156,0,1184306761),(158,3,1184463676),(158,0,1184463676),(159,3,1184480381),(159,0,1184480381),(160,3,1184489002),(160,0,1184489002),(162,3,1184654988),(162,0,1184654988),(164,3,1184730253),(164,0,1184730253),(165,3,1184735588),(165,0,1184735588),(166,3,1184816270),(166,0,1184816270),(169,3,1184885410),(169,0,1184885410),(171,3,1184974834),(171,0,1184974834),(172,3,1184999184),(172,0,1184999184),(174,3,1185059244),(174,0,1185059244),(175,3,1185070535),(175,0,1185070535),(176,3,1185123783),(176,0,1185123783),(178,3,1185162862),(178,0,1185162862),(180,3,1185225872),(180,0,1185225872),(181,3,1185246031),(181,0,1185246031),(183,3,1185261166),(183,0,1185261166),(184,3,1185314355),(184,0,1185314355),(185,3,1185315114),(185,0,1185315114),(186,3,1185333323),(186,0,1185333323),(187,3,1185391554),(187,0,1185391554),(189,3,1185446138),(189,0,1185446138),(190,3,1185461000),(190,0,1185461000),(191,3,1185489950),(191,0,1185489950),(192,3,1185513924),(192,0,1185513924),(193,3,1185523156),(193,0,1185523156),(194,3,1185557536),(194,0,1185557536),(196,3,1185609383),(196,0,1185609383),(198,3,1185609822),(198,0,1185609822),(199,3,1185610410),(199,0,1185610410),(200,3,1185612292),(200,0,1185612292),(203,3,1185700285),(203,0,1185700285),(204,3,1185743717),(204,0,1185743717),(208,3,1185852326),(208,0,1185852326),(214,3,1186019241),(214,0,1186019241),(217,3,1186079707),(217,0,1186079707),(219,3,1186104468),(219,0,1186104468),(223,3,1186164360),(223,0,1186164360),(224,3,1186194949),(224,0,1186194949),(227,3,1186322017),(227,0,1186322017),(231,3,1186419112),(231,0,1186419112),(232,3,1186432723),(232,0,1186432723),(233,3,1186436928),(233,0,1186436928),(235,3,1186575001),(235,0,1186575001),(237,3,1186594502),(237,0,1186594502),(240,3,1186686626),(240,0,1186686626),(241,3,1186687850),(241,0,1186687850),(243,3,1186713764),(243,0,1186713764),(244,5,1186829442),(244,0,1186829442),(249,3,1186914429),(249,0,1186914429),(252,3,1186927053),(252,0,1186927053),(253,3,1186946320),(253,0,1186946320),(255,3,1186959191),(255,0,1186959191),(256,3,1187044750),(256,0,1187044750),(259,3,1187095372),(259,0,1187095372),(262,3,1187161416),(262,0,1187161416),(263,3,1187184175),(263,0,1187184175),(264,3,1187221411),(264,0,1187221411),(266,3,1187269367),(266,0,1187269367),(267,3,1187269693),(267,0,1187269693),(268,3,1187270408),(268,0,1187270408),(269,3,1187271812),(269,0,1187271812),(271,3,1187276337),(271,0,1187276337),(272,3,1187291797),(272,0,1187291797),(273,3,1187292644),(273,0,1187292644),(279,3,1187354723),(279,0,1187354723),(280,3,1187407648),(280,0,1187407648),(283,3,1187429367),(283,0,1187429367),(286,3,1187494711),(286,0,1187494711),(291,3,1187599369),(291,0,1187599369),(295,3,1187663280),(295,0,1187663280),(296,3,1187709891),(296,0,1187709891),(297,3,1187748080),(297,0,1187748080),(299,3,1187756170),(299,0,1187756170),(300,3,1187795180),(300,0,1187795180),(302,3,1187808729),(302,0,1187808729),(303,3,1187831282),(303,0,1187831282),(305,3,1187865574),(305,0,1187865574),(307,3,1187907156),(307,0,1187907156),(308,3,1187910872),(308,0,1187910872),(309,3,1187928312),(309,0,1187928312),(310,3,1187981236),(310,0,1187981236),(311,3,1188008243),(311,0,1188008243),(314,3,1188118264),(314,0,1188118264),(315,3,1188216187),(315,0,1188216187),(317,3,1188255073),(317,0,1188255073),(320,3,1188304963),(320,0,1188304963),(322,3,1188381884),(322,0,1188381884),(323,3,1188408429),(323,0,1188408429),(324,3,1188465620),(324,0,1188465620),(328,3,1188534605),(328,0,1188534605),(329,3,1188566658),(329,0,1188566658),(330,3,1188572690),(330,0,1188572690),(331,3,1188613780),(331,0,1188613780),(332,3,1188626629),(332,0,1188626629),(334,3,1188627962),(334,0,1188627962),(335,3,1188633239),(335,0,1188633239),(337,3,1188662017),(337,0,1188662017),(338,3,1188684650),(338,0,1188684650),(340,3,1188727026),(340,0,1188727026),(342,3,1188798557),(342,0,1188798557),(348,3,1188887857),(348,0,1188887857),(349,3,1188910266),(349,0,1188910266),(354,3,1188957793),(354,0,1188957793),(355,3,1188961665),(355,0,1188961665),(356,3,1189009805),(356,0,1189009805),(357,3,1189011518),(357,0,1189011518),(358,3,1189013327),(358,0,1189013327),(360,3,1189027845),(360,0,1189027845),(364,3,1189094397),(364,0,1189094397),(365,3,1189120928),(365,0,1189120928),(369,3,1189177993),(369,0,1189177993),(371,3,1189191439),(371,0,1189191439),(372,3,1189191819),(372,0,1189191819),(373,3,1189217130),(373,0,1189217130),(374,3,1189221817),(374,0,1189221817),(375,3,1189247816),(375,0,1189247816),(378,3,1189431311),(378,0,1189431311),(381,3,1189484237),(381,0,1189484237),(382,3,1189526207),(382,0,1189526207),(383,3,1189531698),(383,0,1189531698),(386,3,1189577491),(386,0,1189577491),(387,3,1189583358),(387,0,1189583358),(388,3,1189587534),(388,0,1189587534),(389,3,1189593998),(389,0,1189593998),(390,3,1189621941),(390,0,1189621941),(391,3,1189626718),(391,0,1189626718),(393,3,1189650740),(393,0,1189650740),(394,3,1189659599),(394,0,1189659599),(395,3,1189675001),(395,0,1189675001),(396,3,1189680805),(396,0,1189680805),(402,3,1189819101),(402,0,1189819101),(403,3,1189828775),(403,0,1189828775),(404,3,1189889682),(404,0,1189889682),(405,3,1189896043),(405,0,1189896043),(407,3,1190012234),(407,0,1190012234),(408,3,1190037066),(408,0,1190037066),(409,3,1190064381),(409,0,1190064381),(411,3,1190106147),(411,0,1190106147),(418,3,1190187101),(418,0,1190187101),(420,3,1190193977),(420,0,1190193977),(422,3,1190263450),(422,0,1190263450),(423,3,1190276528),(423,0,1190276528),(426,3,1190349408),(426,0,1190349408),(430,3,1190558304),(430,0,1190558304),(434,3,1190638426),(434,0,1190638426),(435,3,1190658128),(435,0,1190658128),(436,3,1190674507),(436,0,1190674507),(437,3,1190703306),(437,0,1190703306),(438,3,1190713615),(438,0,1190713615),(441,3,1190806228),(441,0,1190806228),(442,3,1190848023),(442,0,1190848023),(443,3,1190869270),(443,0,1190869270),(445,3,1190905085),(445,0,1190905085),(446,3,1190910624),(446,0,1190910624),(447,3,1190912036),(447,0,1190912036),(448,3,1190914448),(448,0,1190914448),(451,3,1190967497),(451,0,1190967497),(455,3,1191002292),(455,0,1191002292),(456,3,1191004924),(456,0,1191004924),(457,3,1191018920),(457,0,1191018920),(464,3,1191123988),(464,0,1191123988),(465,3,1191166338),(465,0,1191166338),(471,3,1191246240),(471,0,1191246240),(478,3,1191344641),(478,0,1191344641),(480,3,1191350227),(480,0,1191350227),(483,3,1191412268),(483,0,1191412268),(484,3,1191422188),(484,0,1191422188),(486,3,1191438236),(486,0,1191438236),(487,3,1191438279),(487,0,1191438279),(488,3,1191462761),(488,0,1191462761),(489,3,1191466396),(489,0,1191466396),(492,3,1191525770),(492,0,1191525770),(497,3,1191563503),(497,0,1191563503),(504,3,1191629465),(504,0,1191629465),(505,3,1191631486),(505,0,1191631486),(507,3,1191682230),(507,0,1191682230),(510,3,1191765796),(510,0,1191765796),(511,3,1191787109),(511,0,1191787109),(524,3,1191994878),(524,0,1191994878),(526,3,1192038494),(526,0,1192038494),(527,3,1192045361),(527,0,1192045361),(532,3,1192097376),(532,0,1192097376),(535,3,1192210085),(535,0,1192210085),(542,3,1192293284),(542,0,1192293284),(544,3,1192317275),(544,0,1192317275),(550,3,1192447119),(550,0,1192447119),(552,3,1192583651),(552,0,1192583651),(556,3,1192672009),(556,0,1192672009),(557,3,1192678738),(557,0,1192678738),(558,3,1192727444),(558,0,1192727444),(562,3,1192766916),(562,0,1192766916),(563,3,1192775848),(563,0,1192775848),(564,3,1192778823),(564,0,1192778823),(565,3,1192810809),(565,0,1192810809),(566,3,1192834579),(566,0,1192834579),(567,3,1192885319),(567,0,1192885319),(568,3,1192889444),(568,0,1192889444),(574,3,1192980332),(574,0,1192980332),(576,3,1192987702),(576,0,1192987702),(582,3,1193078639),(582,0,1193078639),(583,3,1193083867),(583,0,1193083867),(584,3,1193084382),(584,0,1193084382),(587,3,1193158898),(587,0,1193158898),(588,3,1193171284),(588,0,1193171284),(589,3,1193187421),(589,0,1193187421),(590,3,1193191166),(590,0,1193191166),(593,3,1193260328),(593,0,1193260328),(594,3,1193331331),(594,0,1193331331),(598,3,1193480733),(598,0,1193480733),(599,3,1193483460),(599,0,1193483460),(602,3,1193557548),(602,0,1193557548),(603,3,1193621202),(603,0,1193621202),(610,3,1193732816),(610,0,1193732816),(611,3,1193740993),(611,0,1193740993),(612,3,1193783017),(612,0,1193783017),(619,3,1193895062),(619,0,1193895062),(620,3,1193901836),(620,0,1193901836),(624,3,1193938496),(624,0,1193938496),(629,3,1194024415),(629,0,1194024415),(630,3,1194036343),(630,0,1194036343),(632,3,1194043708),(632,0,1194043708),(633,3,1194049231),(633,0,1194049231),(634,3,1194083789),(634,0,1194083789),(636,3,1194141262),(636,0,1194141262),(637,3,1194153482),(637,0,1194153482),(639,3,1194180909),(639,0,1194180909),(641,3,1194201702),(641,0,1194201702),(642,3,1194231717),(642,0,1194231717),(648,3,1194314956),(648,0,1194314956),(649,3,1194331016),(649,0,1194331016),(652,3,1194418801),(652,0,1194418801),(657,3,1194484054),(657,0,1194484054),(659,3,1194545611),(659,0,1194545611),(662,3,1194562701),(662,0,1194562701),(663,3,1194672541),(663,0,1194672541),(677,3,1194850921),(677,0,1194850921),(683,3,1194897299),(683,0,1194897299),(694,3,1195037433),(694,0,1195037433),(695,3,1195051694),(695,0,1195051694),(703,3,1195155518),(703,0,1195155518),(705,3,1195161515),(705,0,1195161515),(706,3,1195163667),(706,0,1195163667),(709,3,1195172755),(709,0,1195172755),(710,3,1195187900),(710,0,1195187900),(717,3,1195286253),(717,0,1195286253),(721,3,1195293612),(721,0,1195293612),(725,3,1195376659),(725,0,1195376659),(727,3,1195393552),(727,0,1195393552),(728,3,1195408379),(728,0,1195408379),(742,3,1195564546),(742,0,1195564546),(746,3,1195626884),(746,0,1195626884),(748,3,1195655539),(748,0,1195655539),(753,3,1195668318),(753,0,1195668318),(755,3,1195676864),(755,0,1195676864),(762,3,1195809712),(762,0,1195809712),(786,3,1196071848),(786,0,1196071848),(791,3,1196148443),(791,0,1196148443),(792,3,1196157926),(792,0,1196157926),(793,3,1196170245),(793,0,1196170245),(801,3,1196346117),(801,0,1196346117),(803,3,1196405407),(803,0,1196405407),(803,4,1196405407),(806,3,1196506444),(806,0,1196506444),(810,3,1196545849),(810,0,1196545849),(812,3,1196567273),(812,0,1196567273),(813,3,1196581624),(813,0,1196581624),(819,3,1196753274),(819,0,1196753274),(829,3,1196761477),(829,0,1196761477),(831,3,1196762572),(831,0,1196762572),(837,3,1196818435),(837,0,1196818435),(841,3,1196850893),(841,0,1196850893),(849,3,1196953380),(849,0,1196953380),(851,3,1196981934),(851,0,1196981934),(852,3,1197003442),(852,0,1197003442),(857,3,1197071262),(857,0,1197071262),(859,3,1197166096),(859,0,1197166096),(867,3,1197296302),(867,0,1197296302),(871,3,1197327495),(871,0,1197327495),(872,3,1197355826),(872,0,1197355826),(873,3,1197373077),(873,0,1197373077),(874,3,1197379016),(874,0,1197379016),(899,3,1197899525),(899,0,1197899525),(903,3,1197943139),(903,0,1197943139),(904,3,1197977730),(904,0,1197977730),(906,3,1198005675),(906,0,1198005675),(910,3,1198021404),(910,0,1198021404),(915,3,1198096521),(915,0,1198096521),(924,3,1198210940),(924,0,1198210940),(931,3,1198312543),(931,0,1198312543),(944,3,1198453277),(944,0,1198453277),(953,3,1198583610),(953,0,1198583610),(957,3,1198625537),(957,0,1198625537),(971,3,1198863830),(971,0,1198863830),(972,3,1198880268),(972,0,1198880268),(973,3,1198881405),(973,0,1198881405),(977,3,1198934997),(977,0,1198934997),(991,3,1199096541),(991,0,1199096541),(996,3,1199143062),(996,0,1199143062),(1000,3,1199176791),(1000,0,1199176791),(1003,3,1199209803),(1003,0,1199209803),(1004,3,1199210079),(1004,0,1199210079),(1010,3,1199264135),(1010,0,1199264135),(1013,3,1199296207),(1013,0,1199296207),(1017,3,1199341075),(1017,0,1199341075),(1020,3,1199352186),(1020,0,1199352186),(1022,3,1199392802),(1022,0,1199392802),(1023,3,1199404031),(1023,0,1199404031),(1024,3,1199406661),(1024,0,1199406661),(1029,3,1199461450),(1029,0,1199461450),(1034,3,1199493523),(1034,0,1199493523),(1036,3,1199494035),(1036,0,1199494035),(1039,3,1199542745),(1039,0,1199542745),(1040,3,1199544662),(1040,0,1199544662),(1042,3,1199558944),(1042,0,1199558944),(1043,3,1199573932),(1043,0,1199573932),(1044,3,1199574499),(1044,0,1199574499),(1045,3,1199583439),(1045,0,1199583439),(1046,3,1199622830),(1046,0,1199622830),(1051,3,1199682608),(1051,0,1199682608),(1058,3,1199750655),(1058,0,1199750655),(1060,3,1199769031),(1060,0,1199769031),(1061,3,1199806138),(1061,0,1199806138),(1067,3,1199852450),(1067,0,1199852450),(1068,3,1199853873),(1068,0,1199853873),(1069,3,1199854947),(1069,0,1199854947),(1070,3,1199864816),(1070,0,1199864816),(1071,3,1199894775),(1071,0,1199894775),(1073,3,1199896072),(1073,0,1199896072),(1074,3,1199927486),(1074,0,1199927486),(1076,3,1199930052),(1076,0,1199930052),(1078,3,1199980452),(1078,0,1199980452),(1079,3,1199980718),(1079,0,1199980718),(1080,3,1199981218),(1080,0,1199981218),(1081,3,1199981542),(1081,0,1199981542),(1083,3,1200010490),(1083,0,1200010490),(1084,3,1200018818),(1084,0,1200018818),(1086,3,1200039495),(1086,0,1200039495),(1087,3,1200060996),(1087,0,1200060996),(1088,3,1200072746),(1088,0,1200072746),(1090,3,1200074868),(1090,0,1200074868),(1091,3,1200106941),(1091,0,1200106941),(1093,3,1200108138),(1093,0,1200108138),(1094,3,1200154289),(1094,0,1200154289),(1095,3,1200243057),(1095,0,1200243057),(1096,3,1200245015),(1096,0,1200245015),(1105,3,1200439060),(1105,0,1200439060),(1106,3,1200440058),(1106,0,1200440058),(1107,3,1200455620),(1107,0,1200455620),(1110,3,1200583448),(1110,0,1200583448),(1116,3,1200686815),(1116,0,1200686815),(1117,3,1200707211),(1117,0,1200707211),(1121,4,1200764282),(1121,0,1200764282),(1125,3,1200839659),(1125,0,1200839659),(1127,3,1200867534),(1127,0,1200867534),(1129,3,1200887650),(1129,0,1200887650),(1135,3,1200986635),(1135,0,1200986635),(1139,3,1201052855),(1139,0,1201052855),(1140,3,1201062592),(1140,0,1201062592),(1143,3,1201146893),(1143,0,1201146893),(1144,3,1201148491),(1144,0,1201148491),(1149,3,1201227287),(1149,0,1201227287),(1151,3,1201241220),(1151,0,1201241220),(1158,3,1201441206),(1158,0,1201441206),(1160,3,1201530859),(1160,0,1201530859),(1164,3,1201659396),(1164,0,1201659396),(1165,3,1201712293),(1165,0,1201712293),(1166,3,1201716736),(1166,0,1201716736),(1167,3,1201720519),(1167,0,1201720519),(1168,3,1201729156),(1168,0,1201729156),(1169,3,1201735704),(1169,0,1201735704),(1170,3,1201743183),(1170,0,1201743183),(1174,3,1201831767),(1174,0,1201831767),(1175,3,1201831957),(1175,0,1201831957),(1178,3,1201857751),(1178,0,1201857751),(1183,3,1201932223),(1183,0,1201932223),(1187,3,1202005671),(1187,0,1202005671),(1188,3,1202008325),(1188,0,1202008325),(1189,3,1202011014),(1189,0,1202011014),(1195,3,1202127272),(1195,0,1202127272),(1196,3,1202132001),(1196,0,1202132001),(1197,3,1202148070),(1197,0,1202148070),(1198,3,1202162154),(1198,0,1202162154),(1202,3,1202192672),(1202,0,1202192672),(1209,3,1202293796),(1209,0,1202293796),(1210,3,1202294336),(1210,0,1202294336),(1213,3,1202352123),(1213,0,1202352123),(1218,3,1202423043),(1218,0,1202423043),(1219,3,1202423544),(1219,0,1202423544),(1220,3,1202426738),(1220,0,1202426738),(1223,3,1202443635),(1223,0,1202443635),(1224,3,1202470374),(1224,0,1202470374),(1227,3,1202545116),(1227,0,1202545116),(1228,3,1202559999),(1228,0,1202559999),(1229,3,1202567089),(1229,0,1202567089),(1230,3,1202568153),(1230,0,1202568153),(1231,3,1202568267),(1231,0,1202568267),(1232,3,1202635747),(1232,0,1202635747),(1234,3,1202786798),(1234,0,1202786798),(1240,3,1202838793),(1240,0,1202838793),(1243,3,1202861881),(1243,0,1202861881),(1249,3,1202921713),(1249,0,1202921713),(1250,3,1202964838),(1250,0,1202964838),(1251,3,1202981567),(1251,0,1202981567),(1252,3,1202987283),(1252,0,1202987283),(1253,3,1202990620),(1253,0,1202990620),(1254,3,1203020385),(1254,0,1203020385),(1257,3,1203278489),(1257,0,1203278489),(1261,3,1203423518),(1261,0,1203423518),(1262,3,1203425390),(1262,0,1203425390),(1263,3,1203425677),(1263,0,1203425677),(1265,3,1203480287),(1265,0,1203480287),(1267,3,1203482553),(1267,0,1203482553),(1270,3,1203534555),(1270,0,1203534555),(1272,3,1203655626),(1272,0,1203655626),(1275,3,1203704048),(1275,0,1203704048),(1277,3,1203705600),(1277,0,1203705600),(1278,3,1203706868),(1278,0,1203706868),(1282,3,1203714132),(1282,0,1203714132),(1283,3,1203745505),(1283,0,1203745505),(1286,3,1203783219),(1286,0,1203783219),(1287,3,1203789499),(1287,0,1203789499),(1292,3,1203946852),(1292,0,1203946852),(1296,3,1204028987),(1296,0,1204028987),(1297,3,1204035529),(1297,0,1204035529),(1298,3,1204043681),(1298,0,1204043681);

--
-- Table structure for table `phpbb_forums_watch`
--

CREATE TABLE `phpbb_forums_watch` (
  `forum_id` mediumint(8) unsigned NOT NULL default '0',
  `user_id` mediumint(8) unsigned NOT NULL default '0',
  `notify_status` tinyint(1) unsigned NOT NULL default '0',
  KEY `forum_id` (`forum_id`),
  KEY `user_id` (`user_id`),
  KEY `notify_stat` (`notify_status`)
) ENGINE=MyISAM DEFAULT CHARSET=utf8 COLLATE=utf8_bin;

--
-- Dumping data for table `phpbb_forums_watch`
--

INSERT INTO `phpbb_forums_watch` VALUES (3,1265,1);

--
-- Table structure for table `phpbb_groups`
--

CREATE TABLE `phpbb_groups` (
  `group_id` mediumint(8) unsigned NOT NULL auto_increment,
  `group_type` tinyint(4) NOT NULL default '1',
  `group_founder_manage` tinyint(1) unsigned NOT NULL default '0',
  `group_name` varchar(255) collate utf8_bin NOT NULL default '',
  `group_desc` text collate utf8_bin NOT NULL,
  `group_desc_bitfield` varchar(255) collate utf8_bin NOT NULL default '',
  `group_desc_options` int(11) unsigned NOT NULL default '7',
  `group_desc_uid` varchar(5) collate utf8_bin NOT NULL default '',
  `group_display` tinyint(1) unsigned NOT NULL default '0',
  `group_avatar` varchar(255) collate utf8_bin NOT NULL default '',
  `group_avatar_type` tinyint(4) NOT NULL default '0',
  `group_avatar_width` tinyint(4) NOT NULL default '0',
  `group_avatar_height` tinyint(4) NOT NULL default '0',
  `group_rank` mediumint(8) unsigned NOT NULL default '0',
  `group_colour` varchar(6) collate utf8_bin NOT NULL default '',
  `group_sig_chars` mediumint(8) unsigned NOT NULL default '0',
  `group_receive_pm` tinyint(1) unsigned NOT NULL default '0',
  `group_message_limit` mediumint(8) unsigned NOT NULL default '0',
  `group_legend` tinyint(1) unsigned NOT NULL default '1',
  PRIMARY KEY  (`group_id`),
  KEY `group_legend` (`group_legend`)
) ENGINE=MyISAM AUTO_INCREMENT=7 DEFAULT CHARSET=utf8 COLLATE=utf8_bin;

--
-- Dumping data for table `phpbb_groups`
--

INSERT INTO `phpbb_groups` VALUES (1,3,0,'GUESTS','','',7,'',0,'',0,0,0,0,'',0,0,0,0),(2,3,0,'REGISTERED','','',7,'',0,'',0,0,0,0,'',0,0,0,0),(3,3,0,'REGISTERED_COPPA','','',7,'',0,'',0,0,0,0,'',0,0,0,0),(4,3,0,'GLOBAL_MODERATORS','','',7,'',0,'',0,0,0,0,'00AA00',0,0,0,1),(5,3,1,'ADMINISTRATORS','','',7,'',0,'',0,0,0,0,'AA0000',0,0,0,1),(6,3,0,'BOTS','','',7,'',0,'',0,0,0,0,'9E8DA7',0,0,0,0);

--
-- Table structure for table `phpbb_icons`
--

CREATE TABLE `phpbb_icons` (
  `icons_id` mediumint(8) unsigned NOT NULL auto_increment,
  `icons_url` varchar(255) collate utf8_bin NOT NULL default '',
  `icons_width` tinyint(4) NOT NULL default '0',
  `icons_height` tinyint(4) NOT NULL default '0',
  `icons_order` mediumint(8) unsigned NOT NULL default '0',
  `display_on_posting` tinyint(1) unsigned NOT NULL default '1',
  PRIMARY KEY  (`icons_id`),
  KEY `display_on_posting` (`display_on_posting`)
) ENGINE=MyISAM AUTO_INCREMENT=11 DEFAULT CHARSET=utf8 COLLATE=utf8_bin;

--
-- Dumping data for table `phpbb_icons`
--

INSERT INTO `phpbb_icons` VALUES (1,'misc/arrow_bold_rgt.gif',19,19,1,1),(2,'smile/redface_anim.gif',19,19,9,1),(3,'smile/mr_green.gif',19,19,10,1),(4,'misc/musical.gif',19,19,4,1),(5,'misc/asterix.gif',19,19,2,1),(6,'misc/square.gif',19,19,3,1),(7,'smile/alien_grn.gif',19,19,5,1),(8,'smile/idea.gif',19,19,8,1),(9,'smile/question.gif',19,19,6,1),(10,'smile/exclaim.gif',19,19,7,1);

--
-- Table structure for table `phpbb_lang`
--

CREATE TABLE `phpbb_lang` (
  `lang_id` tinyint(4) NOT NULL auto_increment,
  `lang_iso` varchar(30) collate utf8_bin NOT NULL default '',
  `lang_dir` varchar(30) collate utf8_bin NOT NULL default '',
  `lang_english_name` varchar(100) collate utf8_bin NOT NULL default '',
  `lang_local_name` varchar(255) collate utf8_bin NOT NULL default '',
  `lang_author` varchar(255) collate utf8_bin NOT NULL default '',
  PRIMARY KEY  (`lang_id`),
  KEY `lang_iso` (`lang_iso`)
) ENGINE=MyISAM AUTO_INCREMENT=2 DEFAULT CHARSET=utf8 COLLATE=utf8_bin;

--
-- Dumping data for table `phpbb_lang`
--

INSERT INTO `phpbb_lang` VALUES (1,'en','en','English [GB]','English [GB]','phpBB Group');

--
-- Table structure for table `phpbb_log`
--

CREATE TABLE `phpbb_log` (
  `log_id` mediumint(8) unsigned NOT NULL auto_increment,
  `log_type` tinyint(4) NOT NULL default '0',
  `user_id` mediumint(8) unsigned NOT NULL default '0',
  `forum_id` mediumint(8) unsigned NOT NULL default '0',
  `topic_id` mediumint(8) unsigned NOT NULL default '0',
  `reportee_id` mediumint(8) unsigned NOT NULL default '0',
  `log_ip` varchar(40) collate utf8_bin NOT NULL default '',
  `log_time` int(11) unsigned NOT NULL default '0',
  `log_operation` text collate utf8_bin NOT NULL,
  `log_data` mediumtext collate utf8_bin NOT NULL,
  PRIMARY KEY  (`log_id`),
  KEY `log_type` (`log_type`),
  KEY `forum_id` (`forum_id`),
  KEY `topic_id` (`topic_id`),
  KEY `reportee_id` (`reportee_id`),
  KEY `user_id` (`user_id`)
) ENGINE=MyISAM AUTO_INCREMENT=724 DEFAULT CHARSET=utf8 COLLATE=utf8_bin;

--
-- Dumping data for table `phpbb_log`
--

INSERT INTO `phpbb_log` VALUES (1,0,2,0,0,0,'142.59.25.50',1170609341,'LOG_INSTALL_INSTALLED','a:1:{i:0;s:6:\"3.0.B5\";}'),(2,0,2,0,0,0,'142.59.25.50',1170609716,'LOG_CONFIG_SETTINGS',''),(3,0,2,0,0,0,'142.59.25.50',1170609883,'LOG_CONFIG_SETTINGS',''),(4,0,2,0,0,0,'206.174.199.138',1173454891,'LOG_ADMIN_AUTH_SUCCESS',''),(5,0,2,0,0,0,'206.174.199.138',1173454907,'LOG_USER_USER_UPDATE','a:1:{i:0;s:9:\"RyanNoble\";}'),(6,0,2,0,0,0,'206.174.199.138',1173454916,'LOG_FORUM_DEL_FORUMS','a:1:{i:0;s:17:\"My first Category\";}'),(7,0,2,0,0,0,'206.174.199.138',1173454970,'LOG_CONFIG_FEATURES',''),(8,0,2,0,0,0,'206.174.199.138',1173455054,'LOG_CONFIG_EMAIL',''),(9,0,2,0,0,0,'206.174.199.138',1173455167,'LOG_ADMIN_AUTH_SUCCESS',''),(10,0,2,0,0,0,'206.174.199.138',1173455246,'LOG_FORUM_ADD','a:1:{i:0;s:13:\"Blog postings\";}'),(11,0,2,0,0,0,'206.174.199.138',1173455294,'LOG_ACL_ADD_FORUM_LOCAL_F_','a:2:{i:0;s:13:\"Blog postings\";i:1;s:16:\"admin, RyanNoble\";}'),(12,0,2,0,0,0,'206.174.199.138',1173455573,'LOG_ADMIN_AUTH_SUCCESS',''),(13,0,2,0,0,0,'206.174.199.138',1173455634,'LOG_ACL_ADD_FORUM_LOCAL_F_','a:2:{i:0;s:13:\"Blog postings\";i:1;s:9:\"Anonymous\";}'),(14,2,1,0,0,0,'70.65.76.194',1174243748,'LOG_ERROR_EMAIL','a:1:{i:0;s:73:\"<strong>EMAIL/PHP/mail()</strong><br /><em>/ucp.php<em><br /><br /><br />\";}'),(15,2,1,0,0,0,'70.170.68.163',1174268906,'LOG_ERROR_EMAIL','a:1:{i:0;s:73:\"<strong>EMAIL/PHP/mail()</strong><br /><em>/ucp.php<em><br /><br /><br />\";}'),(16,2,53,0,0,0,'206.174.199.138',1174325212,'LOG_ERROR_EMAIL','a:1:{i:0;s:74:\"<strong>EMAIL/PHP/mail()</strong><br /><em>/cron.php<em><br /><br /><br />\";}'),(17,0,2,0,0,0,'190.48.136.243',1178223010,'LOG_ADMIN_AUTH_SUCCESS',''),(18,0,2,0,0,0,'190.48.136.243',1178223242,'LOG_ACL_ADD_USER_LOCAL_F_','a:2:{i:0;s:13:\"Blog postings\";i:1;s:9:\"Anonymous\";}'),(19,0,2,0,0,0,'168.226.145.114',1178285718,'LOG_ADMIN_AUTH_SUCCESS',''),(20,1,2,3,0,0,'168.226.145.114',1178285781,'LOG_TOPIC_DELETED','a:1:{i:0;s:15:\"pharmacy online\";}'),(21,0,53,0,0,0,'190.48.156.124',1178313851,'LOG_ADMIN_AUTH_FAIL',''),(22,0,53,0,0,0,'190.48.156.124',1178313867,'LOG_ADMIN_AUTH_SUCCESS',''),(23,0,53,0,0,0,'190.48.156.124',1178313986,'LOG_ACL_ADD_MOD_LOCAL_M_','a:2:{i:0;s:13:\"Blog postings\";i:1;s:9:\"RyanNoble\";}'),(24,1,53,3,6,0,'190.48.156.124',1178314055,'LOG_DELETE_POST','a:1:{i:0;s:35:\"Re: It\'s the end of the world, man!\";}'),(25,0,53,0,0,0,'190.48.141.144',1178376276,'LOG_ADMIN_AUTH_SUCCESS',''),(26,0,53,0,0,0,'190.48.141.144',1178376299,'LOG_USER_USER_UPDATE','a:1:{i:0;s:9:\"noblesean\";}'),(27,0,70,0,0,0,'190.48.141.144',1178376636,'LOG_ADMIN_AUTH_SUCCESS',''),(28,0,2,0,0,0,'190.48.141.144',1178377014,'LOG_ADMIN_AUTH_SUCCESS',''),(29,0,2,0,0,0,'190.48.141.144',1178377040,'LOG_ACL_TRANSFER_PERMISSIONS','a:1:{i:0;s:9:\"noblesean\";}'),(30,0,2,0,0,0,'190.48.141.144',1178377094,'LOG_ADMIN_AUTH_SUCCESS',''),(31,0,2,0,0,0,'190.48.156.124',1178377139,'LOG_ADMIN_AUTH_SUCCESS',''),(32,0,2,0,0,0,'190.48.156.124',1178377144,'LOG_ACL_RESTORE_PERMISSIONS','a:1:{i:0;s:9:\"noblesean\";}'),(33,0,2,0,0,0,'190.48.156.124',1178377188,'LOG_ACL_ADD_MOD_GLOBAL_M_','a:1:{i:0;s:20:\"RyanNoble, noblesean\";}'),(34,0,2,0,0,0,'190.48.156.124',1178377272,'LOG_ACL_ADD_FORUM_LOCAL_F_','a:2:{i:0;s:13:\"Blog postings\";i:1;s:9:\"noblesean\";}'),(35,0,2,0,0,0,'190.48.156.124',1178377397,'LOG_ACL_ADD_GROUP_LOCAL_F_','a:2:{i:0;s:13:\"Blog postings\";i:1;s:42:\"<span class=\"blue\">Registered users</span>\";}'),(36,1,53,3,12,0,'190.48.141.144',1178458281,'LOG_DELETE_POST','a:1:{i:0;s:18:\"Best viagra prices\";}'),(37,0,2,0,0,0,'190.48.142.208',1178507238,'LOG_ADMIN_AUTH_SUCCESS',''),(38,0,2,0,0,0,'190.48.142.208',1178507262,'LOG_USER_DELETED','a:1:{i:0;s:8:\"jlredlin\";}'),(39,1,2,3,0,0,'190.48.146.189',1178546501,'LOG_TOPIC_DELETED','a:1:{i:0;s:18:\"Best Search Engine\";}'),(40,1,2,3,0,0,'190.48.161.85',1178761337,'LOG_TOPIC_DELETED','a:1:{i:0;s:12:\"Medical News\";}'),(41,1,53,3,0,0,'201.221.201.156',1178936381,'LOG_TOPIC_DELETED','a:1:{i:0;s:12:\"Medical News\";}'),(42,1,53,3,0,0,'201.221.201.156',1178937829,'LOG_TOPIC_DELETED','a:1:{i:0;s:23:\"aint know lil mp3 wayne\";}'),(43,1,53,3,0,0,'164.77.240.214',1179093261,'LOG_TOPIC_DELETED','a:1:{i:0;s:12:\"Medical News\";}'),(44,0,53,0,0,0,'164.77.240.214',1179093641,'LOG_ADMIN_AUTH_SUCCESS',''),(45,0,53,0,0,0,'164.77.240.214',1179095665,'LOG_FORUM_ADD','a:1:{i:0;s:16:\"Comments archive\";}'),(46,0,53,0,0,0,'164.77.240.214',1179095713,'LOG_ACL_ADD_FORUM_LOCAL_F_','a:2:{i:0;s:16:\"Comments archive\";i:1;s:118:\"<span class=\"blue\">Guests</span>, <span class=\"blue\">Registered users</span>, <span class=\"blue\">Administrators</span>\";}'),(47,1,53,4,19,0,'164.77.240.214',1179095750,'LOG_MOVE','a:1:{i:0;s:13:\"Blog postings\";}'),(48,1,53,4,24,0,'164.77.240.214',1179095750,'LOG_MOVE','a:1:{i:0;s:13:\"Blog postings\";}'),(49,1,53,4,27,0,'164.77.240.214',1179095750,'LOG_MOVE','a:1:{i:0;s:13:\"Blog postings\";}'),(50,1,53,4,28,0,'164.77.240.214',1179095750,'LOG_MOVE','a:1:{i:0;s:13:\"Blog postings\";}'),(51,1,2,3,0,0,'201.230.193.11',1179282728,'LOG_TOPIC_DELETED','a:1:{i:0;s:15:\"city fat in sex\";}'),(52,1,2,3,0,0,'201.230.193.11',1179282728,'LOG_TOPIC_DELETED','a:1:{i:0;s:15:\"tranny surprise\";}'),(53,1,2,3,0,0,'201.230.193.11',1179282728,'LOG_TOPIC_DELETED','a:1:{i:0;s:38:\"Best quality pharmacy. Cheapest prices\";}'),(54,1,2,3,0,0,'201.230.193.11',1179282728,'LOG_TOPIC_DELETED','a:1:{i:0;s:19:\"interracial lesbian\";}'),(55,1,2,4,17,0,'201.230.193.11',1179283928,'LOG_MOVE','a:1:{i:0;s:13:\"Blog postings\";}'),(56,1,2,3,43,0,'68.148.118.40',1179305677,'LOG_DELETE_TOPIC','a:1:{i:0;s:43:\"May 14, 2007 - Lost in the deserts of Chile\";}'),(57,1,2,3,0,0,'201.218.35.46',1179495869,'LOG_TOPIC_DELETED','a:1:{i:0;s:51:\"Useful Information about soma attention!! Read it!!\";}'),(58,1,2,3,0,0,'201.218.35.46',1179495869,'LOG_TOPIC_DELETED','a:1:{i:0;s:20:\"Search Zoloft online\";}'),(59,1,2,3,0,0,'201.218.35.46',1179495869,'LOG_TOPIC_DELETED','a:1:{i:0;s:52:\"I read about soma. But i dont understant what is it?\";}'),(60,1,2,3,0,0,'201.218.35.46',1179495869,'LOG_TOPIC_DELETED','a:1:{i:0;s:23:\"Read it befor use soma!\";}'),(61,1,2,3,0,0,'201.218.35.46',1179496275,'LOG_TOPIC_DELETED','a:1:{i:0;s:24:\"northwest airline ticket\";}'),(62,1,2,3,0,0,'190.11.0.79',1179535655,'LOG_TOPIC_DELETED','a:1:{i:0;s:33:\"Read it befor use soma and xanax!\";}'),(63,1,2,3,0,0,'190.152.24.70',1179573739,'LOG_TOPIC_DELETED','a:1:{i:0;s:61:\":) Useful information abou  soma and xanax! read it here &gt;\";}'),(64,1,53,3,0,0,'201.219.199.202',1179797242,'LOG_TOPIC_DELETED','a:1:{i:0;s:14:\"hgh supplement\";}'),(65,1,53,3,0,0,'201.219.199.202',1179797242,'LOG_TOPIC_DELETED','a:1:{i:0;s:38:\"Best quality pharmacy. Cheapest prices\";}'),(66,1,53,3,0,0,'201.219.199.202',1179797242,'LOG_TOPIC_DELETED','a:1:{i:0;s:47:\"Ethanol increases rail or to claims phenomenon.\";}'),(67,1,53,3,0,0,'201.219.199.202',1179797242,'LOG_TOPIC_DELETED','a:1:{i:0;s:57:\"Carolina indicated chief executive amounts of phenomenon.\";}'),(68,1,53,3,0,0,'201.219.199.202',1179797242,'LOG_TOPIC_DELETED','a:1:{i:0;s:11:\"hgh product\";}'),(69,1,53,3,0,0,'201.219.199.202',1179797242,'LOG_TOPIC_DELETED','a:1:{i:0;s:9:\"buy pills\";}'),(70,1,53,3,0,0,'201.219.199.202',1179797242,'LOG_TOPIC_DELETED','a:1:{i:0;s:60:\"I read about soma and xanax and propecia But i dont understa\";}'),(71,1,53,4,32,0,'201.219.199.202',1179798252,'LOG_MOVE','a:1:{i:0;s:13:\"Blog postings\";}'),(72,1,53,4,45,0,'201.219.199.202',1179798252,'LOG_MOVE','a:1:{i:0;s:13:\"Blog postings\";}'),(73,1,53,4,47,0,'201.219.199.202',1179798252,'LOG_MOVE','a:1:{i:0;s:13:\"Blog postings\";}'),(74,1,53,4,48,0,'201.219.199.202',1179798431,'LOG_MOVE','a:1:{i:0;s:13:\"Blog postings\";}'),(75,1,53,4,52,0,'201.219.199.202',1179798431,'LOG_MOVE','a:1:{i:0;s:13:\"Blog postings\";}'),(76,1,53,3,0,0,'201.219.199.202',1179798440,'LOG_TOPIC_DELETED','a:1:{i:0;s:20:\"It\'s late in Ecuador\";}'),(77,1,53,3,0,0,'201.219.199.202',1179798449,'LOG_TOPIC_DELETED','a:1:{i:0;s:22:\"May 16 - Still in Peru\";}'),(78,1,53,3,0,0,'201.219.199.202',1179837015,'LOG_TOPIC_DELETED','a:1:{i:0;s:16:\"Best buy xenical\";}'),(79,1,53,3,0,0,'201.219.199.202',1179837015,'LOG_TOPIC_DELETED','a:1:{i:0;s:10:\"buy viagra\";}'),(80,1,53,3,0,0,'201.219.199.202',1179851885,'LOG_TOPIC_DELETED','a:1:{i:0;s:78:\"&lt;&gt;&lt;&gt;&lt;&gt;I read about soma and xanax and propecia But i dont un\";}'),(81,1,53,3,0,0,'165.98.187.122',1180095238,'LOG_TOPIC_DELETED','a:1:{i:0;s:78:\"&lt;&gt;&lt;&gt;&lt;&gt; - I read about soma and xanax and propecia But i dont\";}'),(82,1,53,3,0,0,'165.98.187.122',1180095238,'LOG_TOPIC_DELETED','a:1:{i:0;s:31:\"Good day. Usefull Links!!! &gt;\";}'),(83,1,53,3,0,0,'165.98.187.122',1180095458,'LOG_TOPIC_DELETED','a:1:{i:0;s:10:\"noblequest\";}'),(84,1,53,3,0,0,'165.98.187.122',1180095458,'LOG_TOPIC_DELETED','a:1:{i:0;s:10:\"noblequest\";}'),(85,1,53,3,0,0,'165.98.187.122',1180095483,'LOG_TOPIC_DELETED','a:1:{i:0;s:12:\"xanax online\";}'),(86,1,53,3,0,0,'165.98.187.122',1180095483,'LOG_TOPIC_DELETED','a:1:{i:0;s:10:\"that bikoz\";}'),(87,1,53,4,78,0,'165.98.187.122',1180095582,'LOG_MOVE','a:1:{i:0;s:13:\"Blog postings\";}'),(88,1,53,3,0,0,'189.167.23.81',1180411590,'LOG_TOPIC_DELETED','a:1:{i:0;s:5:\"pills\";}'),(89,1,53,3,0,0,'189.167.23.81',1180411590,'LOG_TOPIC_DELETED','a:1:{i:0;s:46:\"Beneath the the growth ethical issues factors.\";}'),(90,1,53,3,0,0,'189.167.23.81',1180411590,'LOG_TOPIC_DELETED','a:1:{i:0;s:12:\"Medical News\";}'),(91,1,53,3,0,0,'189.167.23.81',1180411590,'LOG_TOPIC_DELETED','a:1:{i:0;s:38:\"Best quality pharmacy. Cheapest prices\";}'),(92,1,53,3,0,0,'189.167.23.81',1180411590,'LOG_TOPIC_DELETED','a:1:{i:0;s:20:\"Search cialis online\";}'),(93,1,53,3,0,0,'189.167.23.81',1180411590,'LOG_TOPIC_DELETED','a:1:{i:0;s:45:\"While evaluations to any and updated divided.\";}'),(94,1,53,3,0,0,'189.167.23.81',1180411590,'LOG_TOPIC_DELETED','a:1:{i:0;s:40:\"The strength have limited ed to opinion.\";}'),(95,1,53,3,0,0,'189.167.23.81',1180411590,'LOG_TOPIC_DELETED','a:1:{i:0;s:50:\"Volatile solvent published by symptoms after ever.\";}'),(96,1,53,3,0,0,'189.167.23.81',1180411590,'LOG_TOPIC_DELETED','a:1:{i:0;s:16:\"Best buy levitra\";}'),(97,1,53,3,0,0,'189.167.23.81',1180411590,'LOG_TOPIC_DELETED','a:1:{i:0;s:16:\"Best buy levitra\";}'),(98,1,53,3,0,0,'189.167.23.81',1180411742,'LOG_TOPIC_DELETED','a:1:{i:0;s:12:\"Medical News\";}'),(99,0,2,0,0,0,'68.148.72.38',1180412294,'LOG_ADMIN_AUTH_SUCCESS',''),(100,0,2,0,0,0,'68.148.72.38',1180412339,'LOG_USERS_ADDED','a:2:{i:0;s:14:\"Administrators\";i:1;s:6:\"thinko\";}'),(101,0,2,0,0,0,'68.148.72.38',1180412920,'LOG_USER_DELETED','a:1:{i:0;s:8:\"ejnwfjns\";}'),(102,0,2,0,0,0,'68.148.72.38',1180412968,'LOG_USER_DELETED','a:1:{i:0;s:15:\"DinterkpSiaskli\";}'),(103,0,2,0,0,0,'68.148.72.38',1180413036,'LOG_USER_DELETED','a:1:{i:0;s:9:\"Jinaflagg\";}'),(104,0,2,0,0,0,'68.148.72.38',1180413070,'LOG_USER_REACTIVATE','a:1:{i:0;s:9:\"barsikjan\";}'),(105,3,2,0,0,96,'68.148.72.38',1180413070,'LOG_USER_REACTIVATE_USER',''),(106,1,53,4,95,0,'189.167.23.81',1180415116,'LOG_MOVE','a:1:{i:0;s:13:\"Blog postings\";}'),(107,1,53,4,96,0,'189.167.23.81',1180415116,'LOG_MOVE','a:1:{i:0;s:13:\"Blog postings\";}'),(108,1,53,3,0,0,'189.167.23.81',1180415868,'LOG_TOPIC_DELETED','a:1:{i:0;s:49:\"Transmission rates awards to injuries are agenda.\";}'),(109,1,53,3,0,0,'189.167.23.81',1180441102,'LOG_TOPIC_DELETED','a:1:{i:0;s:19:\"phenterminepharmacy\";}'),(110,1,2,3,106,0,'68.148.72.38',1180449430,'LOG_DELETE_TOPIC','a:1:{i:0;s:45:\"Serious influenza said the are those shorter.\";}'),(111,0,2,0,0,0,'68.148.72.38',1180449513,'LOG_ADMIN_AUTH_SUCCESS',''),(112,1,2,3,107,0,'139.142.195.82',1180475003,'LOG_DELETE_TOPIC','a:1:{i:0;s:19:\"phenterminepharmacy\";}'),(113,1,2,3,109,0,'68.148.72.38',1180511045,'LOG_DELETE_TOPIC','a:1:{i:0;s:19:\"phenterminepharmacy\";}'),(114,1,53,3,102,0,'24.173.195.32',1180516496,'LOG_DELETE_POST','a:1:{i:0;s:60:\"Re: May 24th, 2007 - Riding in the rain really chaps my butt\";}'),(115,0,53,0,0,0,'24.173.195.32',1180516528,'LOG_ADMIN_AUTH_SUCCESS',''),(116,0,53,0,0,0,'24.173.195.32',1180516576,'LOG_FORUM_ADD','a:1:{i:0;s:21:\"Ride-Along Discussion\";}'),(117,1,53,5,108,0,'24.173.195.32',1180517077,'LOG_MOVE','a:1:{i:0;s:13:\"Blog postings\";}'),(118,1,53,5,82,0,'24.173.195.32',1180540138,'LOG_MOVE','a:1:{i:0;s:13:\"Blog postings\";}'),(119,1,53,5,85,0,'24.173.195.32',1180540138,'LOG_MOVE','a:1:{i:0;s:13:\"Blog postings\";}'),(120,1,53,5,100,0,'24.173.195.32',1180540138,'LOG_MOVE','a:1:{i:0;s:13:\"Blog postings\";}'),(121,1,53,3,0,0,'24.173.195.32',1180543080,'LOG_TOPIC_DELETED','a:1:{i:0;s:12:\"Medical News\";}'),(122,1,53,3,0,0,'24.173.195.32',1180545246,'LOG_TOPIC_DELETED','a:1:{i:0;s:14:\"tickle torture\";}'),(123,1,53,4,60,0,'24.173.195.32',1180547418,'LOG_MOVE','a:1:{i:0;s:13:\"Blog postings\";}'),(124,1,2,3,117,0,'68.148.72.38',1180591781,'LOG_DELETE_TOPIC','a:1:{i:0;s:12:\"Medical News\";}'),(125,1,2,3,118,0,'68.148.72.38',1180591789,'LOG_DELETE_TOPIC','a:1:{i:0;s:59:\"Antigenic drift but currently premiums reported attenuated.\";}'),(126,0,99,0,0,0,'68.148.72.38',1180593065,'LOG_ADMIN_AUTH_SUCCESS',''),(127,1,53,3,0,0,'12.23.81.132',1180623051,'LOG_TOPIC_DELETED','a:1:{i:0;s:19:\"phenterminepharmacy\";}'),(128,1,53,3,0,0,'12.23.81.132',1180623051,'LOG_TOPIC_DELETED','a:1:{i:0;s:16:\"interracial porn\";}'),(129,1,53,3,0,0,'12.23.81.132',1180623051,'LOG_TOPIC_DELETED','a:1:{i:0;s:26:\"Search Carisoprodol online\";}'),(130,1,53,3,0,0,'12.23.81.132',1180629473,'LOG_TOPIC_DELETED','a:1:{i:0;s:50:\"Soma information read it first. Soory for my topic\";}'),(131,1,2,3,127,0,'68.148.72.38',1180674945,'LOG_DELETE_TOPIC','a:1:{i:0;s:21:\"Very nice...good job!\";}'),(132,1,2,3,126,0,'68.148.72.38',1180674951,'LOG_DELETE_TOPIC','a:1:{i:0;s:42:\"Dopamine is closed claims at keeping hair.\";}'),(133,1,53,3,0,0,'67.41.176.248',1180707559,'LOG_TOPIC_DELETED','a:1:{i:0;s:12:\"Medical News\";}'),(134,1,53,3,0,0,'67.41.176.248',1180707559,'LOG_TOPIC_DELETED','a:1:{i:0;s:60:\"Hi. Looks for interesting site about mp3 music and guitar ch\";}'),(135,1,2,3,131,0,'139.142.195.82',1180733554,'LOG_DELETE_TOPIC','a:1:{i:0;s:15:\"Best buy cialis\";}'),(136,1,2,3,130,0,'139.142.195.82',1180733560,'LOG_DELETE_TOPIC','a:1:{i:0;s:44:\"Two types cap was latter reflected regimens.\";}'),(137,1,2,3,132,0,'68.148.72.38',1180776386,'LOG_DELETE_TOPIC','a:1:{i:0;s:22:\"Search tramadol online\";}'),(138,1,2,3,133,0,'68.148.72.38',1180776395,'LOG_DELETE_TOPIC','a:1:{i:0;s:50:\"Declaration of include elevated of users verdicts.\";}'),(139,1,2,3,134,0,'68.148.72.38',1180804676,'LOG_DELETE_TOPIC','a:1:{i:0;s:60:\"Hi. Looks for interesting site about mp3 music and guitar ch\";}'),(140,1,2,3,142,0,'68.148.72.38',1180921239,'LOG_DELETE_TOPIC','a:1:{i:0;s:28:\"free female domination movie\";}'),(141,1,2,3,140,0,'68.148.72.38',1180921247,'LOG_DELETE_TOPIC','a:1:{i:0;s:38:\"Best quality pharmacy. Cheapest prices\";}'),(142,1,2,3,138,0,'68.148.72.38',1180921256,'LOG_DELETE_TOPIC','a:1:{i:0;s:12:\"Medical News\";}'),(143,1,2,3,141,0,'68.148.72.38',1180921262,'LOG_DELETE_TOPIC','a:1:{i:0;s:47:\"Familial transmission for new havoc that event.\";}'),(144,1,2,3,136,0,'68.148.72.38',1180921269,'LOG_DELETE_TOPIC','a:1:{i:0;s:66:\"Hi. Looks for interesting site about mp3 &lt;&gt;music and guitar \";}'),(145,1,2,3,135,0,'68.148.72.38',1180921274,'LOG_DELETE_TOPIC','a:1:{i:0;s:15:\"Best buy cialis\";}'),(146,1,2,3,143,0,'139.142.195.82',1180980280,'LOG_DELETE_TOPIC','a:1:{i:0;s:40:\"Remarks by awards include mask or rates.\";}'),(147,1,53,3,0,0,'216.126.97.55',1181028867,'LOG_TOPIC_DELETED','a:1:{i:0;s:49:\"Look This befor use viagra or soma or levitra )))\";}'),(148,1,53,3,0,0,'216.126.97.55',1181028867,'LOG_TOPIC_DELETED','a:1:{i:0;s:12:\"to anonymous\";}'),(149,1,53,3,0,0,'216.126.97.55',1181028867,'LOG_TOPIC_DELETED','a:1:{i:0;s:17:\"female domination\";}'),(150,1,53,3,0,0,'216.126.97.55',1181028867,'LOG_TOPIC_DELETED','a:1:{i:0;s:39:\"If airborne with air our latest exists.\";}'),(151,1,53,4,119,0,'216.126.97.55',1181028940,'LOG_MOVE','a:1:{i:0;s:13:\"Blog postings\";}'),(152,1,53,4,124,0,'216.126.97.55',1181028940,'LOG_MOVE','a:1:{i:0;s:13:\"Blog postings\";}'),(153,1,53,4,137,0,'216.126.97.55',1181028940,'LOG_MOVE','a:1:{i:0;s:13:\"Blog postings\";}'),(154,1,2,3,151,0,'68.148.72.38',1181096402,'LOG_DELETE_TOPIC','a:1:{i:0;s:17:\"female domination\";}'),(155,1,2,3,150,0,'68.148.72.38',1181096409,'LOG_DELETE_TOPIC','a:1:{i:0;s:26:\"I please your site. :D cn5\";}'),(156,1,53,3,0,0,'66.230.86.0',1181155877,'LOG_TOPIC_DELETED','a:1:{i:0;s:6:\"Cooool\";}'),(157,1,2,3,155,0,'68.148.72.38',1181189784,'LOG_DELETE_TOPIC','a:1:{i:0;s:22:\"Search tramadol online\";}'),(158,1,2,3,164,0,'139.142.195.82',1181345982,'LOG_DELETE_TOPIC','a:1:{i:0;s:23:\"female domination video\";}'),(159,1,2,3,163,0,'139.142.195.82',1181345987,'LOG_DELETE_TOPIC','a:1:{i:0;s:6:\"Online\";}'),(160,1,2,3,162,0,'139.142.195.82',1181346088,'LOG_DELETE_TOPIC','a:1:{i:0;s:46:\"Systematic search project of camps for action.\";}'),(161,1,2,3,161,0,'139.142.195.82',1181346095,'LOG_DELETE_TOPIC','a:1:{i:0;s:20:\"home mortgage lender\";}'),(162,1,2,3,160,0,'139.142.195.82',1181346102,'LOG_DELETE_TOPIC','a:1:{i:0;s:56:\"Buy Cheap - viagra phentermine cialis xanax - only NOW !\";}'),(163,1,2,3,159,0,'139.142.195.82',1181346108,'LOG_DELETE_TOPIC','a:1:{i:0;s:50:\"Citizen has reducing phys considered the pemoline.\";}'),(164,1,2,3,158,0,'139.142.195.82',1181346113,'LOG_DELETE_TOPIC','a:1:{i:0;s:21:\"Best buy Carisoprodol\";}'),(165,1,2,3,157,0,'139.142.195.82',1181346119,'LOG_DELETE_TOPIC','a:1:{i:0;s:42:\"Best link for best site video and music ))\";}'),(166,1,53,3,0,0,'66.230.86.0',1181365691,'LOG_TOPIC_DELETED','a:1:{i:0;s:49:\"No secondary testing or patter drinking everyone.\";}'),(167,1,53,3,0,0,'207.148.128.238',1181629881,'LOG_TOPIC_DELETED','a:1:{i:0;s:56:\"Buy Cheap - valium phentermine cialis xanax - only NOW !\";}'),(168,1,53,3,0,0,'207.148.128.238',1181629881,'LOG_TOPIC_DELETED','a:1:{i:0;s:6:\"Online\";}'),(169,1,53,3,0,0,'207.148.128.238',1181629881,'LOG_TOPIC_DELETED','a:1:{i:0;s:37:\"The case percentage of close to uses.\";}'),(170,1,53,3,0,0,'207.148.128.238',1181629881,'LOG_TOPIC_DELETED','a:1:{i:0;s:44:\"Of particular the three and shield lineages.\";}'),(171,1,53,3,0,0,'207.148.128.238',1181629881,'LOG_TOPIC_DELETED','a:1:{i:0;s:40:\"Three or exception imal but are science.\";}'),(172,1,53,3,0,0,'207.148.128.238',1181629881,'LOG_TOPIC_DELETED','a:1:{i:0;s:26:\"I cant find anything.. me5\";}'),(173,1,53,3,0,0,'207.148.128.238',1181629881,'LOG_TOPIC_DELETED','a:1:{i:0;s:19:\"for the good health\";}'),(174,1,53,3,0,0,'207.148.128.238',1181629881,'LOG_TOPIC_DELETED','a:1:{i:0;s:60:\"Technological developments viral shedding from making reques\";}'),(175,1,53,3,0,0,'207.148.128.238',1181629881,'LOG_TOPIC_DELETED','a:1:{i:0;s:48:\"The naive doctor stress have deterred gradually.\";}'),(176,1,53,3,0,0,'207.148.128.238',1181629881,'LOG_TOPIC_DELETED','a:1:{i:0;s:54:\"Hippocampus and treatments belies high viral genotype.\";}'),(177,1,53,3,0,0,'207.148.128.238',1181629881,'LOG_TOPIC_DELETED','a:1:{i:0;s:60:\"Social disapproval products or requires hospitals procedures\";}'),(178,1,53,3,0,0,'207.148.128.238',1181629881,'LOG_TOPIC_DELETED','a:1:{i:0;s:39:\"Following his for each audits of roles.\";}'),(179,1,53,3,0,0,'207.148.128.238',1181629881,'LOG_TOPIC_DELETED','a:1:{i:0;s:33:\"Online pharmacy cheap Phentermine\";}'),(180,1,53,3,0,0,'207.148.128.238',1181629881,'LOG_TOPIC_DELETED','a:1:{i:0;s:51:\"Comorbidity among held to system marshals temporal.\";}'),(181,1,53,3,0,0,'207.148.128.238',1181629881,'LOG_TOPIC_DELETED','a:1:{i:0;s:38:\"Best quality pharmacy. Cheapest prices\";}'),(182,1,53,3,0,0,'207.148.128.238',1181629881,'LOG_TOPIC_DELETED','a:1:{i:0;s:50:\"Both studies completely and learn date elucidated.\";}'),(183,1,53,3,0,0,'207.148.128.238',1181629881,'LOG_TOPIC_DELETED','a:1:{i:0;s:51:\"Molecular tests administer verify or closing agree.\";}'),(184,1,53,3,0,0,'207.148.128.238',1181629881,'LOG_TOPIC_DELETED','a:1:{i:0;s:15:\"mortgage lender\";}'),(185,1,53,3,0,0,'207.148.128.238',1181629881,'LOG_TOPIC_DELETED','a:1:{i:0;s:45:\"Antigenic drift vacation or take our achieve.\";}'),(186,1,53,3,0,0,'207.148.128.238',1181629881,'LOG_TOPIC_DELETED','a:1:{i:0;s:27:\"Best Search Buy Cheap Pills\";}'),(187,1,53,3,0,0,'207.148.128.238',1181629881,'LOG_TOPIC_DELETED','a:1:{i:0;s:42:\"University of years or at keeping unclear.\";}'),(188,1,53,3,0,0,'142.59.118.144',1181713946,'LOG_TOPIC_DELETED','a:1:{i:0;s:44:\"Dependence is group in the average regimens.\";}'),(189,1,53,3,0,0,'142.59.118.144',1181713946,'LOG_TOPIC_DELETED','a:1:{i:0;s:46:\"The relative being thrown providers on signal.\";}'),(190,1,53,3,0,0,'142.59.118.144',1181713946,'LOG_TOPIC_DELETED','a:1:{i:0;s:44:\"Survey on and surgery problems we monoamine.\";}'),(191,1,53,3,0,0,'142.59.118.144',1181713946,'LOG_TOPIC_DELETED','a:1:{i:0;s:6:\"Online\";}'),(192,1,53,3,0,0,'142.59.118.144',1181713946,'LOG_TOPIC_DELETED','a:1:{i:0;s:36:\"Bank or own personal deaths in rare.\";}'),(193,1,53,3,0,0,'142.59.118.144',1181713946,'LOG_TOPIC_DELETED','a:1:{i:0;s:21:\"about site propo best\";}'),(194,1,53,3,0,0,'142.59.118.144',1181713946,'LOG_TOPIC_DELETED','a:1:{i:0;s:45:\"Such changes exist between its criteria cell.\";}'),(195,1,53,3,0,0,'142.59.118.144',1181713946,'LOG_TOPIC_DELETED','a:1:{i:0;s:37:\"Differnt Links for some type of sites\";}'),(196,1,53,3,0,0,'142.59.118.144',1181713946,'LOG_TOPIC_DELETED','a:1:{i:0;s:52:\"Resistance of thorough investigat disparity in with.\";}'),(197,1,53,3,0,0,'142.59.118.144',1181713946,'LOG_TOPIC_DELETED','a:1:{i:0;s:56:\"Buy Cheap - ultram phentermine cialis xanax - only NOW !\";}'),(198,1,53,3,0,0,'142.59.118.144',1181787059,'LOG_TOPIC_DELETED','a:1:{i:0;s:25:\"Search Cheap Pills online\";}'),(199,1,53,3,0,0,'142.59.118.144',1181787059,'LOG_TOPIC_DELETED','a:1:{i:0;s:45:\"Many products in loss widely used candidates.\";}'),(200,1,53,3,0,0,'142.59.118.144',1181787059,'LOG_TOPIC_DELETED','a:1:{i:0;s:52:\"The societys filters interposed rising for tyrosine.\";}'),(201,1,53,3,0,0,'142.59.118.144',1181878827,'LOG_TOPIC_DELETED','a:1:{i:0;s:24:\"June 2 - Need Riders!!!!\";}'),(202,1,53,3,0,0,'142.59.118.144',1181878842,'LOG_TOPIC_DELETED','a:1:{i:0;s:16:\"Zithromax online\";}'),(203,1,53,3,0,0,'142.59.118.144',1181878842,'LOG_TOPIC_DELETED','a:1:{i:0;s:37:\"Data on of nebulizer not in response.\";}'),(204,1,53,3,0,0,'142.59.118.144',1181878842,'LOG_TOPIC_DELETED','a:1:{i:0;s:45:\"He died fees are preventing corona movements.\";}'),(205,1,53,3,0,0,'142.59.118.144',1181878842,'LOG_TOPIC_DELETED','a:1:{i:0;s:49:\"The risk procedures inside heating to ventilated.\";}'),(206,1,53,3,0,0,'70.65.89.254',1181934051,'LOG_TOPIC_DELETED','a:1:{i:0;s:37:\"France and put in can cause interval.\";}'),(207,1,53,3,0,0,'142.59.118.144',1181961474,'LOG_TOPIC_DELETED','a:1:{i:0;s:19:\"Best antivirus soft\";}'),(208,1,2,3,208,0,'68.148.72.38',1181974482,'LOG_DELETE_TOPIC','a:1:{i:0;s:7:\"Medical\";}'),(209,1,53,3,0,0,'68.147.42.24',1182053333,'LOG_TOPIC_DELETED','a:1:{i:0;s:42:\"This desire jury awards faster rate exams.\";}'),(210,1,53,3,0,0,'68.147.42.24',1182053333,'LOG_TOPIC_DELETED','a:1:{i:0;s:10:\"tranny sex\";}'),(211,1,53,3,0,0,'68.147.42.24',1182053333,'LOG_TOPIC_DELETED','a:1:{i:0;s:43:\"Differnt Links for some type of sites )))))\";}'),(212,1,53,3,0,0,'68.147.42.24',1182053333,'LOG_TOPIC_DELETED','a:1:{i:0;s:33:\"Uhl et discharged or may be both.\";}'),(213,1,53,3,0,0,'68.147.42.24',1182053333,'LOG_TOPIC_DELETED','a:1:{i:0;s:54:\"Possible preventive percent of under pressure reports.\";}'),(214,1,53,3,0,0,'68.147.42.24',1182053333,'LOG_TOPIC_DELETED','a:1:{i:0;s:56:\"Clinical progression the number safety advocated errors.\";}'),(215,1,53,3,0,0,'68.147.42.24',1182053333,'LOG_TOPIC_DELETED','a:1:{i:0;s:47:\"These preliminary unsafe to on maps gallinacei.\";}'),(216,1,53,3,0,0,'68.147.42.24',1182099680,'LOG_TOPIC_DELETED','a:1:{i:0;s:51:\"Severe clinical break in facilitate the inaccurate.\";}'),(217,1,53,3,0,0,'68.147.42.24',1182099680,'LOG_TOPIC_DELETED','a:1:{i:0;s:38:\"Best quality pharmacy. Cheapest prices\";}'),(218,1,53,3,0,0,'68.147.42.24',1182099680,'LOG_TOPIC_DELETED','a:1:{i:0;s:51:\"Paediatric patients rophic with agency finds locus.\";}'),(219,1,53,3,0,0,'68.147.42.24',1182099680,'LOG_TOPIC_DELETED','a:1:{i:0;s:37:\"Rather the had to analyzed one lives.\";}'),(220,1,53,3,0,0,'142.59.118.144',1182138415,'LOG_TOPIC_DELETED','a:1:{i:0;s:23:\"Best search order pills\";}'),(221,1,53,3,0,0,'142.59.118.144',1182138415,'LOG_TOPIC_DELETED','a:1:{i:0;s:51:\"Minutes after reach agreement and protective roles.\";}'),(222,0,53,0,0,0,'142.59.118.144',1182138437,'LOG_ADMIN_AUTH_SUCCESS',''),(223,0,53,0,0,0,'142.59.118.144',1182138540,'LOG_ACL_ADD_FORUM_LOCAL_F_','a:2:{i:0;s:13:\"Blog postings\";i:1;s:9:\"Anonymous\";}'),(224,1,53,3,0,0,'206.174.199.138',1182261905,'LOG_TOPIC_DELETED','a:1:{i:0;s:38:\"Best quality pharmacy. Cheapest prices\";}'),(225,1,53,3,0,0,'68.147.42.24',1182476809,'LOG_TOPIC_DELETED','a:1:{i:0;s:38:\"Best quality pharmacy. Cheapest prices\";}'),(226,1,53,3,0,0,'70.65.8.11',1182670863,'LOG_TOPIC_DELETED','a:1:{i:0;s:40:\"The new subject to the legal usefulness.\";}'),(227,1,53,3,0,0,'70.65.8.11',1182670863,'LOG_TOPIC_DELETED','a:1:{i:0;s:58:\"For reassortment the plaintiffs article further affluence.\";}'),(228,1,53,3,0,0,'206.174.199.138',1182971420,'LOG_TOPIC_DELETED','a:1:{i:0;s:28:\"The information on lotteries\";}'),(229,1,53,3,0,0,'206.174.199.138',1182971420,'LOG_TOPIC_DELETED','a:1:{i:0;s:38:\"Best quality pharmacy. Cheapest prices\";}'),(230,1,53,3,0,0,'206.174.199.138',1182971420,'LOG_TOPIC_DELETED','a:1:{i:0;s:29:\"sexual instruction\ndelta zeta\";}'),(231,1,53,3,0,0,'206.174.199.138',1183483080,'LOG_TOPIC_DELETED','a:1:{i:0;s:14:\"New diet pills\";}'),(232,1,53,3,0,0,'206.174.199.138',1183483080,'LOG_TOPIC_DELETED','a:1:{i:0;s:11:\"mens health\";}'),(233,1,53,3,0,0,'206.174.199.138',1183483080,'LOG_TOPIC_DELETED','a:1:{i:0;s:20:\"I had no Idea! Nice!\";}'),(234,1,53,3,0,0,'206.174.199.138',1183483080,'LOG_TOPIC_DELETED','a:1:{i:0;s:15:\"Need their help\";}'),(235,1,53,3,0,0,'206.174.199.138',1183483080,'LOG_TOPIC_DELETED','a:1:{i:0;s:25:\"Search Cheap Pills online\";}'),(236,1,53,3,0,0,'68.145.111.25',1184015945,'LOG_TOPIC_DELETED','a:1:{i:0;s:16:\"I just asked her\";}'),(237,1,53,3,0,0,'68.145.111.25',1184015945,'LOG_TOPIC_DELETED','a:1:{i:0;s:60:\"Porn Free VIAGRA FIORICET Bestt Pharma Casino XXX etc Porn B\";}'),(238,1,53,3,0,0,'68.145.111.25',1184015945,'LOG_TOPIC_DELETED','a:1:{i:0;s:38:\"Best quality pharmacy. Cheapest prices\";}'),(239,1,53,3,0,0,'68.145.111.25',1184015945,'LOG_TOPIC_DELETED','a:1:{i:0;s:18:\"Today FREE webcams\";}'),(240,1,53,3,0,0,'68.145.111.25',1184015945,'LOG_TOPIC_DELETED','a:1:{i:0;s:16:\"brown university\";}'),(241,1,53,3,0,0,'68.145.111.25',1184015945,'LOG_TOPIC_DELETED','a:1:{i:0;s:34:\"doris day\nunion bank of california\";}'),(242,1,53,3,0,0,'68.145.111.25',1184015945,'LOG_TOPIC_DELETED','a:1:{i:0;s:38:\"automotive manual repair\nsandal resort\";}'),(243,1,53,3,0,0,'68.145.111.25',1184611860,'LOG_TOPIC_DELETED','a:1:{i:0;s:10:\"lake tahoe\";}'),(244,1,53,3,0,0,'68.145.111.25',1184611860,'LOG_TOPIC_DELETED','a:1:{i:0;s:23:\"For the laST few hours!\";}'),(245,1,53,3,0,0,'68.145.111.25',1184611860,'LOG_TOPIC_DELETED','a:1:{i:0;s:12:\"Booker\'s Law\";}'),(246,1,53,3,0,0,'68.145.111.25',1184611860,'LOG_TOPIC_DELETED','a:1:{i:0;s:14:\"cheese richard\";}'),(247,1,53,3,0,0,'68.145.111.25',1184611860,'LOG_TOPIC_DELETED','a:1:{i:0;s:12:\"will ferrell\";}'),(248,1,53,3,0,0,'68.145.111.25',1184611860,'LOG_TOPIC_DELETED','a:1:{i:0;s:23:\"bath time\npoint tipping\";}'),(249,1,53,3,0,0,'68.145.111.25',1184611860,'LOG_TOPIC_DELETED','a:1:{i:0;s:15:\"accessorize bag\";}'),(250,1,53,3,0,0,'68.145.111.25',1184611860,'LOG_TOPIC_DELETED','a:1:{i:0;s:17:\"natalia christina\";}'),(251,1,53,3,0,0,'68.145.111.25',1184611860,'LOG_TOPIC_DELETED','a:1:{i:0;s:38:\"samantha brown\nbenz mercedes middlesex\";}'),(252,1,53,3,0,0,'68.145.111.25',1184611860,'LOG_TOPIC_DELETED','a:1:{i:0;s:16:\"el father hector\";}'),(253,1,53,3,0,0,'68.145.111.25',1184611860,'LOG_TOPIC_DELETED','a:1:{i:0;s:18:\"on the edge of the\";}'),(254,1,53,3,0,0,'68.145.111.25',1184611860,'LOG_TOPIC_DELETED','a:1:{i:0;s:39:\"the village florida\ngreensboro coliseum\";}'),(255,1,53,3,0,0,'68.145.111.25',1184611860,'LOG_TOPIC_DELETED','a:1:{i:0;s:27:\"vine\ndiscount disney ticket\";}'),(256,1,53,3,0,0,'68.145.111.25',1184611860,'LOG_TOPIC_DELETED','a:1:{i:0;s:38:\"Best quality pharmacy. Cheapest prices\";}'),(257,1,2,3,0,0,'68.145.111.25',1187119715,'LOG_TOPIC_DELETED','a:1:{i:0;s:60:\"gSoft Viagra Buy Fioricet Buy Cialist  Viagra Cialis Best Fr\";}'),(258,1,2,3,0,0,'68.145.111.25',1187119715,'LOG_TOPIC_DELETED','a:1:{i:0;s:15:\"Hello everybody\";}'),(259,1,2,3,0,0,'68.145.111.25',1187119715,'LOG_TOPIC_DELETED','a:1:{i:0;s:7:\"Hi guys\";}'),(260,1,2,3,0,0,'68.145.111.25',1187119715,'LOG_TOPIC_DELETED','a:1:{i:0;s:27:\"a lot like love\nsony laptop\";}'),(261,1,2,3,0,0,'68.145.111.25',1187119715,'LOG_TOPIC_DELETED','a:1:{i:0;s:46:\"billboard top hit of the 90s\ntechnical writing\";}'),(262,1,2,3,0,0,'68.145.111.25',1187119715,'LOG_TOPIC_DELETED','a:1:{i:0;s:44:\"Exotic loving from Kama Sutra savvy beauties\";}'),(263,1,2,3,0,0,'68.145.111.25',1187119715,'LOG_TOPIC_DELETED','a:1:{i:0;s:60:\"ZSCialis Pharma Best Tramadol B Online Buy Fioricet Buy Viag\";}'),(264,1,2,3,0,0,'68.145.111.25',1187119715,'LOG_TOPIC_DELETED','a:1:{i:0;s:60:\"Free sexy legs and high heels sexy legs and pantyhose and se\";}'),(265,1,2,3,0,0,'68.145.111.25',1187119715,'LOG_TOPIC_DELETED','a:1:{i:0;s:10:\"Thank you!\";}'),(266,1,2,3,0,0,'68.145.111.25',1187119715,'LOG_TOPIC_DELETED','a:1:{i:0;s:46:\"fixed rate mortgageonline pharmacy tech school\";}'),(267,1,2,3,0,0,'68.145.111.25',1187119715,'LOG_TOPIC_DELETED','a:1:{i:0;s:22:\"John said high! Wadup?\";}'),(268,1,2,3,0,0,'68.145.111.25',1187119715,'LOG_TOPIC_DELETED','a:1:{i:0;s:20:\"Best Pharmacy Online\";}'),(269,1,2,3,0,0,'68.145.111.25',1187119715,'LOG_TOPIC_DELETED','a:1:{i:0;s:41:\"salem witch trial\nnova scotia real estate\";}'),(270,1,2,3,0,0,'68.145.111.25',1187119715,'LOG_TOPIC_DELETED','a:1:{i:0;s:24:\"hyatt regency\nshort joke\";}'),(271,1,2,3,0,0,'68.145.111.25',1187119715,'LOG_TOPIC_DELETED','a:1:{i:0;s:32:\"online pharmacy at lowest prices\";}'),(272,1,2,3,0,0,'68.145.111.25',1187119715,'LOG_TOPIC_DELETED','a:1:{i:0;s:17:\"Mustang cars 3468\";}'),(273,1,2,3,0,0,'68.145.111.25',1187119715,'LOG_TOPIC_DELETED','a:1:{i:0;s:28:\"graduate schools\nshrink wrap\";}'),(274,1,2,3,0,0,'68.145.111.25',1187119715,'LOG_TOPIC_DELETED','a:1:{i:0;s:28:\"jennifer natalia\nroger water\";}'),(275,1,2,3,0,0,'68.145.111.25',1187119715,'LOG_TOPIC_DELETED','a:1:{i:0;s:26:\"Free simulation games 4603\";}'),(276,1,2,3,0,0,'68.145.111.25',1187119715,'LOG_TOPIC_DELETED','a:1:{i:0;s:20:\"babe wtf\nbig cum tit\";}'),(277,1,2,3,0,0,'68.145.111.25',1187119715,'LOG_TOPIC_DELETED','a:1:{i:0;s:60:\"Fioricet Xanax Viagra Pharma Really BEST FREE 100 Percent  X\";}'),(278,1,2,3,0,0,'68.145.111.25',1187119715,'LOG_TOPIC_DELETED','a:1:{i:0;s:59:\"Super Online Casino Searching Best Poker Best Slot roulette\";}'),(279,1,2,3,0,0,'68.145.111.25',1187119715,'LOG_TOPIC_DELETED','a:1:{i:0;s:36:\"one piece anime\nlowrance fish finder\";}'),(280,1,2,3,0,0,'68.145.111.25',1187119715,'LOG_TOPIC_DELETED','a:1:{i:0;s:51:\"Super Search Site Casino Pharma Big XXX Mega Search\";}'),(281,1,2,3,0,0,'68.145.111.25',1187119715,'LOG_TOPIC_DELETED','a:1:{i:0;s:60:\"Buy viagra! Buy viagra - as low as 1.55$ per pill - Overnigh\";}'),(282,1,2,3,0,0,'68.145.111.25',1187119742,'LOG_TOPIC_DELETED','a:1:{i:0;s:32:\"What is Accutane (isotretinoin)?\";}'),(283,1,2,3,0,0,'68.145.111.25',1187119742,'LOG_TOPIC_DELETED','a:1:{i:0;s:60:\"ReallyBest Pharma Best Tramadol B Online Buy Fioricet Buy Vi\";}'),(284,1,2,3,0,0,'68.145.111.25',1187119742,'LOG_TOPIC_DELETED','a:1:{i:0;s:60:\"Buy Viagra Buy Fioricet Buy Cialist  Viagra Cialis Best Free\";}'),(285,1,2,3,0,0,'68.145.111.25',1187119742,'LOG_TOPIC_DELETED','a:1:{i:0;s:14:\"It\'s mega diet\";}'),(286,1,2,3,0,0,'68.145.111.25',1187119742,'LOG_TOPIC_DELETED','a:1:{i:0;s:20:\"Payday Faxless Loans\";}'),(287,1,2,3,0,0,'68.145.111.25',1187119742,'LOG_TOPIC_DELETED','a:1:{i:0;s:19:\"celebrity galleries\";}'),(288,1,2,3,0,0,'68.145.111.25',1187119742,'LOG_TOPIC_DELETED','a:1:{i:0;s:19:\"Endep cipro xenical\";}'),(289,1,2,3,0,0,'68.145.111.25',1187119742,'LOG_TOPIC_DELETED','a:1:{i:0;s:20:\"in the corner of the\";}'),(290,1,2,3,0,0,'68.145.111.25',1187119742,'LOG_TOPIC_DELETED','a:1:{i:0;s:38:\"BEST quality pharmacy at lowest prices\";}'),(291,1,2,3,0,0,'68.145.111.25',1187119742,'LOG_TOPIC_DELETED','a:1:{i:0;s:20:\"on both sides of the\";}'),(292,1,2,3,0,0,'68.145.111.25',1187119742,'LOG_TOPIC_DELETED','a:1:{i:0;s:41:\"Females have squirting orgasms porno pics\";}'),(293,1,2,3,0,0,'68.145.111.25',1187119742,'LOG_TOPIC_DELETED','a:1:{i:0;s:18:\"NEW Noelia Sextape\";}'),(294,1,2,3,0,0,'68.145.111.25',1187119742,'LOG_TOPIC_DELETED','a:1:{i:0;s:18:\"tuna\ndiscount golf\";}'),(295,1,2,3,0,0,'68.145.111.25',1187119742,'LOG_TOPIC_DELETED','a:1:{i:0;s:34:\"Play The New Jersey Lottery Online\";}'),(296,1,2,3,0,0,'68.145.111.25',1187119742,'LOG_TOPIC_DELETED','a:1:{i:0;s:21:\"lady mature\naim today\";}'),(297,1,2,3,0,0,'68.145.111.25',1187119742,'LOG_TOPIC_DELETED','a:1:{i:0;s:19:\"Instant Payday Loan\";}'),(298,1,2,3,0,0,'68.145.111.25',1187119742,'LOG_TOPIC_DELETED','a:1:{i:0;s:60:\"Super Star Tramadol B Online Buy Fioricet Viagra Cialis Best\";}'),(299,1,2,3,0,0,'68.145.111.25',1187119742,'LOG_TOPIC_DELETED','a:1:{i:0;s:16:\"cialis soft tabs\";}'),(300,1,2,3,0,0,'68.145.111.25',1187119742,'LOG_TOPIC_DELETED','a:1:{i:0;s:14:\"New great Soma\";}'),(301,1,2,3,0,0,'68.145.111.25',1187119742,'LOG_TOPIC_DELETED','a:1:{i:0;s:6:\"Hi all\";}'),(302,1,2,3,0,0,'68.145.111.25',1187119742,'LOG_TOPIC_DELETED','a:1:{i:0;s:19:\"New Handbags Styles\";}'),(303,1,2,3,0,0,'68.145.111.25',1187119742,'LOG_TOPIC_DELETED','a:1:{i:0;s:31:\"eye care\ndepartment macys store\";}'),(304,1,2,3,0,0,'68.145.111.25',1187119742,'LOG_TOPIC_DELETED','a:1:{i:0;s:16:\"farm fleet\ncargo\";}'),(305,1,2,3,0,0,'68.145.111.25',1187119742,'LOG_TOPIC_DELETED','a:1:{i:0;s:22:\"blue mp3\njennifer news\";}'),(306,1,2,3,0,0,'68.145.111.25',1187119742,'LOG_TOPIC_DELETED','a:1:{i:0;s:46:\"bbc news world\n43rd blot book garfield his sun\";}'),(307,1,2,3,0,0,'68.145.111.25',1187119759,'LOG_TOPIC_DELETED','a:1:{i:0;s:38:\"Let\'s get acquainted My name is Tomas!\";}'),(308,1,2,3,0,0,'68.145.111.25',1187119759,'LOG_TOPIC_DELETED','a:1:{i:0;s:13:\"titanium ring\";}'),(309,1,2,3,0,0,'68.145.111.25',1187119759,'LOG_TOPIC_DELETED','a:1:{i:0;s:38:\"Best quality pharmacy. Cheapest prices\";}'),(310,1,53,3,0,0,'70.65.29.222',1203990919,'LOG_TOPIC_DELETED','a:1:{i:0;s:22:\"have no idea how to go\";}'),(311,1,53,3,0,0,'70.65.29.222',1203990919,'LOG_TOPIC_DELETED','a:1:{i:0;s:33:\"FREE PORN VIDEO FROM HACKED SITES\";}'),(312,1,53,3,0,0,'70.65.29.222',1203990919,'LOG_TOPIC_DELETED','a:1:{i:0;s:60:\"store anime free adult free clip free sex free sex movie fre\";}'),(313,1,53,3,0,0,'70.65.29.222',1203990919,'LOG_TOPIC_DELETED','a:1:{i:0;s:34:\"Tramadol No Rx Prescription Needed\";}'),(314,1,53,3,0,0,'70.65.29.222',1203990919,'LOG_TOPIC_DELETED','a:1:{i:0;s:47:\"Order Tramadol Online! Ultram - Canada Pharmacy\";}'),(315,1,53,3,0,0,'70.65.29.222',1203990919,'LOG_TOPIC_DELETED','a:1:{i:0;s:45:\"Watch Gay Movies Online! Free Gay Porn Videos\";}'),(316,1,53,3,0,0,'70.65.29.222',1203990919,'LOG_TOPIC_DELETED','a:1:{i:0;s:49:\"Free Shipping Tramadol Orders. Get Pain Meds Easy\";}'),(317,1,53,3,0,0,'70.65.29.222',1203990919,'LOG_TOPIC_DELETED','a:1:{i:0;s:60:\"Teen store anime free adult free clip free sex free sex movi\";}'),(318,1,53,3,0,0,'70.65.29.222',1203990919,'LOG_TOPIC_DELETED','a:1:{i:0;s:52:\"free porn home video clip the best free porn picture\";}'),(319,1,53,3,0,0,'70.65.29.222',1203990919,'LOG_TOPIC_DELETED','a:1:{i:0;s:40:\"opiate ultram withdrawal 100mg er ultram\";}'),(320,1,53,3,0,0,'70.65.29.222',1203990919,'LOG_TOPIC_DELETED','a:1:{i:0;s:34:\"older hairy sluts hairy black guys\";}'),(321,1,53,3,0,0,'70.65.29.222',1203990919,'LOG_TOPIC_DELETED','a:1:{i:0;s:35:\"celeb mpeg free celebrity fun facts\";}'),(322,1,53,3,0,0,'70.65.29.222',1203990919,'LOG_TOPIC_DELETED','a:1:{i:0;s:60:\"FRESH HOT HORNY SEXY TEENS PORN! FOR a LIMETED TIME ONLY! FR\";}'),(323,1,53,3,0,0,'70.65.29.222',1203990919,'LOG_TOPIC_DELETED','a:1:{i:0;s:20:\"Great sex RELAXXX!!!\";}'),(324,1,53,3,0,0,'70.65.29.222',1203990919,'LOG_TOPIC_DELETED','a:1:{i:0;s:54:\"anal asian gallery sex asian hot myspace.com sexy site\";}'),(325,1,53,3,0,0,'70.65.29.222',1203990919,'LOG_TOPIC_DELETED','a:1:{i:0;s:50:\"young teen sex picture gallery teen fucking parent\";}'),(326,1,53,3,0,0,'70.65.29.222',1203990919,'LOG_TOPIC_DELETED','a:1:{i:0;s:46:\"celebrity movie xxx celebrity baby names apple\";}'),(327,1,53,3,0,0,'70.65.29.222',1203990919,'LOG_TOPIC_DELETED','a:1:{i:0;s:57:\"women flogging men fetish gallery fetish free gay sex xxx\";}'),(328,1,53,3,0,0,'70.65.29.222',1203990919,'LOG_TOPIC_DELETED','a:1:{i:0;s:50:\"what is valium prescribed for valium and sex drive\";}'),(329,1,53,3,0,0,'70.65.29.222',1203990919,'LOG_TOPIC_DELETED','a:1:{i:0;s:43:\"cialis prescription online cialis in the uk\";}'),(330,1,53,3,0,0,'70.65.29.222',1203990919,'LOG_TOPIC_DELETED','a:1:{i:0;s:9:\"Replrobin\";}'),(331,1,53,3,0,0,'70.65.29.222',1203990919,'LOG_TOPIC_DELETED','a:1:{i:0;s:36:\"-=FREE 2342  Group Sex Adult Clips=-\";}'),(332,1,53,3,0,0,'70.65.29.222',1203990919,'LOG_TOPIC_DELETED','a:1:{i:0;s:42:\"celebrity flick porn free young porn movie\";}'),(333,1,53,3,0,0,'70.65.29.222',1203990919,'LOG_TOPIC_DELETED','a:1:{i:0;s:26:\"-=136218 FREE PORN VIDEO=-\";}'),(334,1,53,3,0,0,'70.65.29.222',1203990919,'LOG_TOPIC_DELETED','a:1:{i:0;s:53:\"ultimate guide to anal sex for women 2 Hardcore Divas\";}'),(335,1,53,3,0,0,'70.65.29.222',1203990954,'LOG_TOPIC_DELETED','a:1:{i:0;s:19:\"a v babruiske dojdi\";}'),(336,1,53,3,0,0,'70.65.29.222',1203990954,'LOG_TOPIC_DELETED','a:1:{i:0;s:11:\"choomoreram\";}'),(337,1,53,3,0,0,'70.65.29.222',1203990954,'LOG_TOPIC_DELETED','a:1:{i:0;s:9:\"Pet Links\";}'),(338,1,53,3,0,0,'70.65.29.222',1203990954,'LOG_TOPIC_DELETED','a:1:{i:0;s:13:\"occunseurgelo\";}'),(339,1,53,3,0,0,'70.65.29.222',1203990954,'LOG_TOPIC_DELETED','a:1:{i:0;s:41:\"Buy CHEAP TRAMADOL !! HQ TRAMADOL Online.\";}'),(340,1,53,3,0,0,'70.65.29.222',1203990954,'LOG_TOPIC_DELETED','a:1:{i:0;s:50:\"Buy CHEAP TRAMADOL Online - Secure Online Ordering\";}'),(341,1,53,3,0,0,'70.65.29.222',1203990954,'LOG_TOPIC_DELETED','a:1:{i:0;s:41:\"PORNO!!! Free Porn Videos! Too much porn?\";}'),(342,1,53,3,0,0,'70.65.29.222',1203990954,'LOG_TOPIC_DELETED','a:1:{i:0;s:11:\"NopGlomsnom\";}'),(343,1,53,3,0,0,'70.65.29.222',1203990954,'LOG_TOPIC_DELETED','a:1:{i:0;s:60:\"MED  BUY TRA-MA-DOL Best Cheap  TRAMADOL CODEINE Fioricet Tr\";}'),(344,1,53,3,0,0,'70.65.29.222',1203990954,'LOG_TOPIC_DELETED','a:1:{i:0;s:50:\"Cool Video Only Best Download Full Movie PDA Movie\";}'),(345,1,53,3,0,0,'70.65.29.222',1203990954,'LOG_TOPIC_DELETED','a:1:{i:0;s:60:\"80 debt more settlement, debt mediation negotiation opportun\";}'),(346,1,53,3,0,0,'70.65.29.222',1203990954,'LOG_TOPIC_DELETED','a:1:{i:0;s:38:\"FREE SEX VIDEOS! Watch Free Porn Video\";}'),(347,1,53,3,0,0,'70.65.29.222',1203990954,'LOG_TOPIC_DELETED','a:1:{i:0;s:13:\"Assuchequasia\";}'),(348,1,53,3,0,0,'70.65.29.222',1203990954,'LOG_TOPIC_DELETED','a:1:{i:0;s:16:\"what\'s the heck?\";}'),(349,1,53,3,0,0,'70.65.29.222',1203990954,'LOG_TOPIC_DELETED','a:1:{i:0;s:40:\"Buy Tramadol online. Worldwide Shipping!\";}'),(350,1,53,3,0,0,'70.65.29.222',1203990954,'LOG_TOPIC_DELETED','a:1:{i:0;s:47:\"Order Tramadol Online. Cheapest Online Tramadol\";}'),(351,1,53,3,0,0,'70.65.29.222',1203990954,'LOG_TOPIC_DELETED','a:1:{i:0;s:41:\"Buy Tramadol Online NOW. Save on Tramadol\";}'),(352,1,53,3,0,0,'70.65.29.222',1203990954,'LOG_TOPIC_DELETED','a:1:{i:0;s:42:\"Buy Tramadol Online and Get Free Shipping!\";}'),(353,1,53,3,0,0,'70.65.29.222',1203990954,'LOG_TOPIC_DELETED','a:1:{i:0;s:60:\"clip free sex free sex movie free movie sex free sex video c\";}'),(354,1,53,3,0,0,'70.65.29.222',1203990954,'LOG_TOPIC_DELETED','a:1:{i:0;s:35:\"Lolita Nude Teeeeens and preteeenss\";}'),(355,1,53,3,0,0,'70.65.29.222',1203990954,'LOG_TOPIC_DELETED','a:1:{i:0;s:39:\"Buy TRAMADOL online NOW! Free Shipping!\";}'),(356,1,53,3,0,0,'70.65.29.222',1203990954,'LOG_TOPIC_DELETED','a:1:{i:0;s:48:\"Order Tramadol Online Now! Cheap Online Tramadol\";}'),(357,1,53,3,0,0,'70.65.29.222',1203990954,'LOG_TOPIC_DELETED','a:1:{i:0;s:46:\"Tramadol Cheap Online Order.  Save on Tramadol\";}'),(358,1,53,3,0,0,'70.65.29.222',1203990954,'LOG_TOPIC_DELETED','a:1:{i:0;s:51:\"Compounding Pharmacy! Example: Buy TRAMADOL Online!\";}'),(359,1,53,3,0,0,'70.65.29.222',1203990954,'LOG_TOPIC_DELETED','a:1:{i:0;s:52:\"Compounding Pharmacy! Example: Cheap TRAMADOL Online\";}'),(360,1,53,3,0,0,'70.65.29.222',1203990975,'LOG_TOPIC_DELETED','a:1:{i:0;s:51:\"Buy Viagra Online Shop - THE LOWEST VIAGRA PRICES!!\";}'),(361,1,53,3,0,0,'70.65.29.222',1203990975,'LOG_TOPIC_DELETED','a:1:{i:0;s:52:\"Buy Tramadol No Prescription!! TRAMADOL Online Shop.\";}'),(362,1,53,3,0,0,'70.65.29.222',1203990975,'LOG_TOPIC_DELETED','a:1:{i:0;s:60:\"Buy Tramadol On-Line No Prescription!! TRAMADOL Online Shop.\";}'),(363,1,53,3,0,0,'70.65.29.222',1203990975,'LOG_TOPIC_DELETED','a:1:{i:0;s:33:\"FREE SEX!!! free hot sex pictures\";}'),(364,1,53,3,0,0,'70.65.29.222',1203990975,'LOG_TOPIC_DELETED','a:1:{i:0;s:48:\"Buy Tramadol Online Free!! TRAMADOL Online Shop.\";}'),(365,1,53,3,0,0,'70.65.29.222',1203990975,'LOG_TOPIC_DELETED','a:1:{i:0;s:17:\"All What You Need\";}'),(366,1,53,3,0,0,'70.65.29.222',1203990975,'LOG_TOPIC_DELETED','a:1:{i:0;s:45:\"BUY VICODIN ONLINE! vicodin damage your liver\";}'),(367,1,53,3,0,0,'70.65.29.222',1203990975,'LOG_TOPIC_DELETED','a:1:{i:0;s:38:\"FREE SEX!!! FREE Hot Porno video 2008!\";}'),(368,1,53,3,0,0,'70.65.29.222',1203990975,'LOG_TOPIC_DELETED','a:1:{i:0;s:45:\"Buy Tramadol Online! Cheapest TRAMADOL offer!\";}'),(369,1,53,3,0,0,'70.65.29.222',1203990975,'LOG_TOPIC_DELETED','a:1:{i:0;s:7:\"Lvstore\";}'),(370,1,53,3,0,0,'70.65.29.222',1203990975,'LOG_TOPIC_DELETED','a:1:{i:0;s:60:\"Free porn: milf amature mature, fine mature camel toe pictur\";}'),(371,1,53,3,0,0,'70.65.29.222',1203990975,'LOG_TOPIC_DELETED','a:1:{i:0;s:27:\"bleach hentai pics here isd\";}'),(372,1,53,3,0,0,'70.65.29.222',1203990975,'LOG_TOPIC_DELETED','a:1:{i:0;s:46:\"Only Best Download Full Movie PDA Movie Buy 2$\";}'),(373,1,53,3,0,0,'70.65.29.222',1203990975,'LOG_TOPIC_DELETED','a:1:{i:0;s:5:\"Other\";}'),(374,1,53,3,0,0,'70.65.29.222',1203990975,'LOG_TOPIC_DELETED','a:1:{i:0;s:36:\"FREE Teen Porno! bisexual teen porno\";}'),(375,1,53,3,0,0,'70.65.29.222',1203990975,'LOG_TOPIC_DELETED','a:1:{i:0;s:42:\"FREE SEX PORN Video! free bart simpson sex\";}'),(376,1,53,3,0,0,'70.65.29.222',1203990975,'LOG_TOPIC_DELETED','a:1:{i:0;s:15:\"Hello some info\";}'),(377,1,53,3,0,0,'70.65.29.222',1203990975,'LOG_TOPIC_DELETED','a:1:{i:0;s:49:\"Buy TRAMADOL Online!! Cheap TRAMADOL- Best offer!\";}'),(378,1,53,3,0,0,'70.65.29.222',1203990975,'LOG_TOPIC_DELETED','a:1:{i:0;s:33:\"FREE Teen Porno! Teen Porno Video\";}'),(379,1,53,3,0,0,'70.65.29.222',1203990975,'LOG_TOPIC_DELETED','a:1:{i:0;s:31:\"FREE SEX Video! Free sex trial!\";}'),(380,1,53,3,0,0,'70.65.29.222',1203990975,'LOG_TOPIC_DELETED','a:1:{i:0;s:46:\"Hi,New participate-fix together up is here!:-)\";}'),(381,1,53,3,0,0,'70.65.29.222',1203990975,'LOG_TOPIC_DELETED','a:1:{i:0;s:41:\"Buy TRAMADOL Online!! Best TRAMADOL site!\";}'),(382,1,53,3,0,0,'70.65.29.222',1203990975,'LOG_TOPIC_DELETED','a:1:{i:0;s:20:\"Hello e muchrichness\";}'),(383,1,53,3,0,0,'70.65.29.222',1203990975,'LOG_TOPIC_DELETED','a:1:{i:0;s:51:\"FREE SEX !! FREE PORN TRAILERS and FREE PORN MOVIES\";}'),(384,1,53,3,0,0,'70.65.29.222',1203990975,'LOG_TOPIC_DELETED','a:1:{i:0;s:43:\"Buy TRAMADOL Online!! Best TRAMADOL Online!\";}'),(385,1,53,3,0,0,'70.65.29.222',1203990997,'LOG_TOPIC_DELETED','a:1:{i:0;s:52:\"BUY ORIGINAL PHENTERMINE Online - 90 Tablets - $275!\";}'),(386,1,53,3,0,0,'70.65.29.222',1203990997,'LOG_TOPIC_DELETED','a:1:{i:0;s:56:\"Buy phentermine no prescription 37.5 mg 90 pills $269!!!\";}'),(387,1,53,3,0,0,'70.65.29.222',1203990997,'LOG_TOPIC_DELETED','a:1:{i:0;s:42:\"MMM payday Loans Money Best Loans All Here\";}'),(388,1,53,3,0,0,'70.65.29.222',1203990997,'LOG_TOPIC_DELETED','a:1:{i:0;s:42:\"Phentermine online no rx - 90 tablets $265\";}'),(389,1,53,3,0,0,'70.65.29.222',1203990997,'LOG_TOPIC_DELETED','a:1:{i:0;s:60:\"Buy phentermine Online no prescription 37.5 mg 90 pills $265\";}'),(390,1,53,3,0,0,'70.65.29.222',1203990997,'LOG_TOPIC_DELETED','a:1:{i:0;s:60:\"Phentermine online without prescription - 90 Tablets - $265!\";}'),(391,1,53,3,0,0,'70.65.29.222',1203990997,'LOG_TOPIC_DELETED','a:1:{i:0;s:11:\"bloonnarows\";}'),(392,1,53,3,0,0,'70.65.29.222',1203990997,'LOG_TOPIC_DELETED','a:1:{i:0;s:60:\"Order phentermine Online no prescription 37.5 mg 90 pills $2\";}'),(393,1,53,3,0,0,'70.65.29.222',1203990997,'LOG_TOPIC_DELETED','a:1:{i:0;s:60:\"Non Adult NEw Free Download  Free Download Free Adult Movie \";}'),(394,1,53,3,0,0,'70.65.29.222',1203990997,'LOG_TOPIC_DELETED','a:1:{i:0;s:114:\"Эротическая коллекция фотографий обнаженных девушек без комл\";}'),(395,1,53,3,0,0,'70.65.29.222',1203990997,'LOG_TOPIC_DELETED','a:1:{i:0;s:25:\"Hi,New member is here!:-)\";}'),(396,1,53,3,0,0,'70.65.29.222',1203990997,'LOG_TOPIC_DELETED','a:1:{i:0;s:50:\"Buy Cheap Phentermine online without prescription!\";}'),(397,1,53,3,0,0,'70.65.29.222',1203990997,'LOG_TOPIC_DELETED','a:1:{i:0;s:33:\"Buy Phentermine online no rx now!\";}'),(398,1,53,3,0,0,'70.65.29.222',1203990997,'LOG_TOPIC_DELETED','a:1:{i:0;s:60:\"Buy Cheap Phentermine. Phentermine online without prescripti\";}'),(399,1,53,3,0,0,'70.65.29.222',1203990997,'LOG_TOPIC_DELETED','a:1:{i:0;s:37:\"Buy Viagra Here! From $1.49 per 50mg.\";}'),(400,1,53,3,0,0,'70.65.29.222',1203990997,'LOG_TOPIC_DELETED','a:1:{i:0;s:32:\"Order Paxil from $3.25 per pill.\";}'),(401,1,53,3,0,0,'70.65.29.222',1203990997,'LOG_TOPIC_DELETED','a:1:{i:0;s:45:\"Buy CHEAP Viagra Online - Generic at $0.88 EA\";}'),(402,1,53,3,0,0,'70.65.29.222',1203990997,'LOG_TOPIC_DELETED','a:1:{i:0;s:44:\"Buy Viagra Online Here! From $1.49 per 50mg.\";}'),(403,1,53,3,0,0,'70.65.29.222',1203990997,'LOG_TOPIC_DELETED','a:1:{i:0;s:30:\"Buy Paxil Online! Cheap Paxil!\";}'),(404,1,53,3,0,0,'70.65.29.222',1203990997,'LOG_TOPIC_DELETED','a:1:{i:0;s:41:\"BUY VIAGRA ONLINE! - Viagra Very Cheap!!!\";}'),(405,1,53,3,0,0,'70.65.29.222',1203990997,'LOG_TOPIC_DELETED','a:1:{i:0;s:11:\"brielolkite\";}'),(406,1,53,3,0,0,'70.65.29.222',1203990997,'LOG_TOPIC_DELETED','a:1:{i:0;s:42:\"Buy TRAMADOL ONLINE! TRAMADOL 50mg Online.\";}'),(407,1,53,3,0,0,'70.65.29.222',1203990997,'LOG_TOPIC_DELETED','a:1:{i:0;s:60:\"Free porn:  free 3gp porn videos, free porn e cards, pussy f\";}'),(408,1,53,3,0,0,'70.65.29.222',1203990997,'LOG_TOPIC_DELETED','a:1:{i:0;s:50:\"Buy Paxil Online NOW! Certified Online Paxil Shop!\";}'),(409,1,53,3,0,0,'70.65.29.222',1203990997,'LOG_TOPIC_DELETED','a:1:{i:0;s:41:\"Free sex! Great videos and real partners!\";}'),(410,1,53,3,0,0,'70.65.29.222',1203991024,'LOG_TOPIC_DELETED','a:1:{i:0;s:21:\"at first what to look\";}'),(411,1,53,3,0,0,'70.65.29.222',1203991024,'LOG_TOPIC_DELETED','a:1:{i:0;s:60:\"Tramadol Viagra Soma Fioricet Adult My All Free Movie Srarz \";}'),(412,1,53,3,0,0,'70.65.29.222',1203991024,'LOG_TOPIC_DELETED','a:1:{i:0;s:49:\"Movie Free Best Clips Movie Celebrity Movie Clips\";}'),(413,1,53,3,0,0,'70.65.29.222',1203991024,'LOG_TOPIC_DELETED','a:1:{i:0;s:60:\"Buy phentermine online no prescription ! Certified Phentermi\";}'),(414,1,53,3,0,0,'70.65.29.222',1203991024,'LOG_TOPIC_DELETED','a:1:{i:0;s:60:\"Buy Tramadol online without prescription! Lowest Prices on T\";}'),(415,1,53,3,0,0,'70.65.29.222',1203991024,'LOG_TOPIC_DELETED','a:1:{i:0;s:60:\"Buy Tramadol online without prescription! Buy Tramadol - Low\";}'),(416,1,53,3,0,0,'70.65.29.222',1203991024,'LOG_TOPIC_DELETED','a:1:{i:0;s:60:\"Buy Tramadol online without prescription! Professional Servi\";}'),(417,1,53,3,0,0,'70.65.29.222',1203991024,'LOG_TOPIC_DELETED','a:1:{i:0;s:60:\"Phentermine information, weight loss support. Buy phentermin\";}'),(418,1,53,3,0,0,'70.65.29.222',1203991024,'LOG_TOPIC_DELETED','a:1:{i:0;s:60:\"Buy Tramadol on-line without prescription! Professional Serv\";}'),(419,1,53,3,0,0,'70.65.29.222',1203991024,'LOG_TOPIC_DELETED','a:1:{i:0;s:60:\"Buy phentermine online mastercard. Phentermine hcl tabs - fa\";}'),(420,1,53,3,0,0,'70.65.29.222',1203991024,'LOG_TOPIC_DELETED','a:1:{i:0;s:10:\"PursesReal\";}'),(421,1,53,3,0,0,'70.65.29.222',1203991024,'LOG_TOPIC_DELETED','a:1:{i:0;s:37:\"Tramadol Online without prescription!\";}'),(422,1,53,3,0,0,'70.65.29.222',1203991024,'LOG_TOPIC_DELETED','a:1:{i:0;s:51:\"Buy Tramadol Online - Buy Tramadol No Prescription!\";}'),(423,1,53,3,0,0,'70.65.29.222',1203991024,'LOG_TOPIC_DELETED','a:1:{i:0;s:34:\"Meg white sex tape! No fake video.\";}'),(424,1,53,3,0,0,'70.65.29.222',1203991024,'LOG_TOPIC_DELETED','a:1:{i:0;s:32:\"Payday Loans Loan All Loans Here\";}'),(425,1,53,3,0,0,'70.65.29.222',1203991024,'LOG_TOPIC_DELETED','a:1:{i:0;s:38:\"Buy Nexium Online 20mg $8 for 30 Pills\";}'),(426,1,53,3,0,0,'70.65.29.222',1203991024,'LOG_TOPIC_DELETED','a:1:{i:0;s:30:\"Buy Extra Cheap Ambien Online!\";}'),(427,1,53,3,0,0,'70.65.29.222',1203991024,'LOG_TOPIC_DELETED','a:1:{i:0;s:38:\"payday Loans Money Best Loans All Here\";}'),(428,1,53,3,0,0,'70.65.29.222',1203991024,'LOG_TOPIC_DELETED','a:1:{i:0;s:11:\"guenuebiake\";}'),(429,1,53,3,0,0,'70.65.29.222',1203991024,'LOG_TOPIC_DELETED','a:1:{i:0;s:44:\"Buy AMBIEN Online and get free shipping NOW!\";}'),(430,1,53,3,0,0,'70.65.29.222',1203991024,'LOG_TOPIC_DELETED','a:1:{i:0;s:53:\"Extra Cheap Ambien Pills! Best Prices on Ambien Here.\";}'),(431,1,53,3,0,0,'70.65.29.222',1203991024,'LOG_TOPIC_DELETED','a:1:{i:0;s:46:\"Purchase AMBIEN Online! You get free shipping!\";}'),(432,1,53,3,0,0,'70.65.29.222',1203991024,'LOG_TOPIC_DELETED','a:1:{i:0;s:38:\"Loans Payday Loans Loan All Loans Here\";}'),(433,1,53,3,0,0,'70.65.29.222',1203991024,'LOG_TOPIC_DELETED','a:1:{i:0;s:45:\"BUY ORIGINAL PHENTERMINE - 90 Tablets - $279!\";}'),(434,1,53,3,0,0,'70.65.29.222',1203991024,'LOG_TOPIC_DELETED','a:1:{i:0;s:47:\"Order Phentermine Online 37.5 - 90 tablets $279\";}'),(435,1,53,3,0,0,'70.65.29.222',1203991054,'LOG_TOPIC_DELETED','a:1:{i:0;s:44:\"Movie Srarz Celebrities Download Movie Clips\";}'),(436,1,53,3,0,0,'70.65.29.222',1203991054,'LOG_TOPIC_DELETED','a:1:{i:0;s:5:\"Hallo\";}'),(437,1,53,3,0,0,'70.65.29.222',1203991054,'LOG_TOPIC_DELETED','a:1:{i:0;s:13:\"acckiy sotona\";}'),(438,1,53,3,0,0,'70.65.29.222',1203991054,'LOG_TOPIC_DELETED','a:1:{i:0;s:47:\"Codeine Buy Online codeined Rx Codeine 3 Online\";}'),(439,1,53,3,0,0,'70.65.29.222',1203991054,'LOG_TOPIC_DELETED','a:1:{i:0;s:60:\"100 top Clips Movie Download New Best All in One Starz Movie\";}'),(440,1,53,3,0,0,'70.65.29.222',1203991054,'LOG_TOPIC_DELETED','a:1:{i:0;s:51:\"PDA Codeine Buy Online codeined Rx Codeine 3 Online\";}'),(441,1,53,3,0,0,'70.65.29.222',1203991054,'LOG_TOPIC_DELETED','a:1:{i:0;s:15:\"privateshop.org\";}'),(442,1,53,3,0,0,'70.65.29.222',1203991054,'LOG_TOPIC_DELETED','a:1:{i:0;s:60:\"Extra Cheap Xanax Only 1.39$ per pill ! Order XANAX And Get \";}'),(443,1,53,3,0,0,'70.65.29.222',1203991054,'LOG_TOPIC_DELETED','a:1:{i:0;s:60:\"Buy Licence PDA Codeine Buy Online codeined Rx Codeine 3 Onl\";}'),(444,1,53,3,0,0,'70.65.29.222',1203991054,'LOG_TOPIC_DELETED','a:1:{i:0;s:34:\"Now this is some really dirty fun!\";}'),(445,1,53,3,0,0,'70.65.29.222',1203991054,'LOG_TOPIC_DELETED','a:1:{i:0;s:60:\"Tram do l Cheap Tramadol New TraMADOL Pillrun Number One Nex\";}'),(446,1,53,3,0,0,'70.65.29.222',1203991054,'LOG_TOPIC_DELETED','a:1:{i:0;s:60:\"Clips Movie Celebrity Movie Clips Cameron Diaz Buy Cheap Bes\";}'),(447,1,53,3,0,0,'70.65.29.222',1203991054,'LOG_TOPIC_DELETED','a:1:{i:0;s:10:\"Gucci Dive\";}'),(448,1,53,3,0,0,'70.65.29.222',1203991054,'LOG_TOPIC_DELETED','a:1:{i:0;s:34:\"Free porn: mature nsex, xxx mature\";}'),(449,1,53,3,0,0,'70.65.29.222',1203991054,'LOG_TOPIC_DELETED','a:1:{i:0;s:60:\"Only Free Download Free Adult Movie Clips Video Download Mov\";}'),(450,1,53,3,0,0,'70.65.29.222',1203991054,'LOG_TOPIC_DELETED','a:1:{i:0;s:38:\"Best Clips Movie Celebrity Movie Clips\";}'),(451,1,53,3,0,0,'70.65.29.222',1203991054,'LOG_TOPIC_DELETED','a:1:{i:0;s:14:\"Payday Loansss\";}'),(452,1,53,3,0,0,'70.65.29.222',1203991054,'LOG_TOPIC_DELETED','a:1:{i:0;s:56:\"Free porn: free spank ass anal rough sex, anal cum sluts\";}'),(453,1,53,3,0,0,'70.65.29.222',1203991054,'LOG_TOPIC_DELETED','a:1:{i:0;s:55:\"Buy Tramadol Now! Online Tramadol 90tabs for ONLY $70 !\";}'),(454,1,53,3,0,0,'70.65.29.222',1203991054,'LOG_TOPIC_DELETED','a:1:{i:0;s:60:\"Buy Phentermine 37.5 mg 90 tabs - 20% DISCOUNT- HAPPY 2008 !\";}'),(455,1,53,3,0,0,'70.65.29.222',1203991054,'LOG_TOPIC_DELETED','a:1:{i:0;s:54:\"Buy Tramadol, 180 Tabs $109! Lowest Prices Guaranteed!\";}'),(456,1,53,3,0,0,'70.65.29.222',1203991054,'LOG_TOPIC_DELETED','a:1:{i:0;s:54:\"Buy Tramadol, 180 Tabs $108! Lowest Prices Guaranteed!\";}'),(457,1,53,3,0,0,'70.65.29.222',1203991054,'LOG_TOPIC_DELETED','a:1:{i:0;s:60:\"Buy Tramadol on-line, 180 Tabs $108! Lowest Prices Guarantee\";}'),(458,1,53,3,0,0,'70.65.29.222',1203991054,'LOG_TOPIC_DELETED','a:1:{i:0;s:60:\"Porno Best Only Free Download Free Adult Movie Clips Video D\";}'),(459,1,53,3,0,0,'70.65.29.222',1203991054,'LOG_TOPIC_DELETED','a:1:{i:0;s:60:\"Buy Tramadol online without prescription! Lowest Prices Guar\";}'),(460,1,53,3,0,0,'70.65.29.222',1203991076,'LOG_TOPIC_DELETED','a:1:{i:0;s:18:\"Viagra information\";}'),(461,1,53,3,0,0,'70.65.29.222',1203991076,'LOG_TOPIC_DELETED','a:1:{i:0;s:15:\"Hello everybody\";}'),(462,1,53,3,0,0,'70.65.29.222',1203991076,'LOG_TOPIC_DELETED','a:1:{i:0;s:13:\"acckiy sotona\";}'),(463,1,53,3,0,0,'70.65.29.222',1203991076,'LOG_TOPIC_DELETED','a:1:{i:0;s:10:\"lazy crazy\";}'),(464,1,53,3,0,0,'70.65.29.222',1203991076,'LOG_TOPIC_DELETED','a:1:{i:0;s:16:\"what\'s the heck?\";}'),(465,1,53,3,0,0,'70.65.29.222',1203991076,'LOG_TOPIC_DELETED','a:1:{i:0;s:25:\"Hi,New member is here!:-)\";}'),(466,1,53,3,0,0,'70.65.29.222',1203991076,'LOG_TOPIC_DELETED','a:1:{i:0;s:19:\"a v babruiske dojdi\";}'),(467,1,53,3,0,0,'70.65.29.222',1203991076,'LOG_TOPIC_DELETED','a:1:{i:0;s:27:\"Hello Everebody, wakeup!;-)\";}'),(468,1,53,3,0,0,'70.65.29.222',1203991076,'LOG_TOPIC_DELETED','a:1:{i:0;s:107:\"Жми сюда, чтобы увидеть жесткий секс со сладкими девочками\";}'),(469,1,53,3,0,0,'70.65.29.222',1203991076,'LOG_TOPIC_DELETED','a:1:{i:0;s:9:\"Replicaco\";}'),(470,1,53,3,0,0,'70.65.29.222',1203991076,'LOG_TOPIC_DELETED','a:1:{i:0;s:60:\"My Year Celebrety Video TOP Cel Ni TraMADO-L Pillrun Number \";}'),(471,1,53,3,0,0,'70.65.29.222',1203991076,'LOG_TOPIC_DELETED','a:1:{i:0;s:60:\"Buy Cialis ONLINE here! Cheapest prices! 20Mg x 20pills = $0\";}'),(472,1,53,3,0,0,'70.65.29.222',1203991076,'LOG_TOPIC_DELETED','a:1:{i:0;s:60:\"Buy Cialis ONLINE! Cheapest prices! 20Mg x 20pills = $0.99 p\";}'),(473,1,53,3,0,0,'70.65.29.222',1203991076,'LOG_TOPIC_DELETED','a:1:{i:0;s:60:\"Buy VERY Cheap Tramadol !!!!  Lowest Prices - 180 Tablets $9\";}'),(474,1,53,3,0,0,'70.65.29.222',1203991076,'LOG_TOPIC_DELETED','a:1:{i:0;s:56:\"Order Cialis 20mg 30 Pills Only $99.00! Cheapest prices!\";}'),(475,1,53,3,0,0,'70.65.29.222',1203991076,'LOG_TOPIC_DELETED','a:1:{i:0;s:58:\"FREE SEX video!! only exclusive video!! online sex video !\";}'),(476,1,53,3,0,0,'70.65.29.222',1203991076,'LOG_TOPIC_DELETED','a:1:{i:0;s:60:\"USA English Celebrity Sexy Anal Teen Hardcore SUPERXXXPORNO.\";}'),(477,1,53,3,0,0,'70.65.29.222',1203991076,'LOG_TOPIC_DELETED','a:1:{i:0;s:15:\"Hello everybody\";}'),(478,1,53,3,0,0,'70.65.29.222',1203991076,'LOG_TOPIC_DELETED','a:1:{i:0;s:60:\"Buy Celebrety Video TOP Cel Ni TraMADO-L Pillrun Number One \";}'),(479,1,53,3,0,0,'70.65.29.222',1203991076,'LOG_TOPIC_DELETED','a:1:{i:0;s:60:\"Buy CHEAP TRAMADOL ONLINE Here. Discounted Prices - TRAMADOL\";}'),(480,1,53,3,0,0,'70.65.29.222',1203991076,'LOG_TOPIC_DELETED','a:1:{i:0;s:51:\"Buy CHEAP TRAMADOL online TODAY! Discounted Prices.\";}'),(481,1,53,3,0,0,'70.65.29.222',1203991076,'LOG_TOPIC_DELETED','a:1:{i:0;s:6:\"Pursez\";}'),(482,1,53,3,0,0,'70.65.29.222',1203991076,'LOG_TOPIC_DELETED','a:1:{i:0;s:28:\"Online Pharmacy - Drug Store\";}'),(483,1,53,3,0,0,'70.65.29.222',1203991076,'LOG_TOPIC_DELETED','a:1:{i:0;s:60:\"777 Celebrity Movie Clips Cameron Diaz Buy Cheap Best Fioric\";}'),(484,1,53,3,0,0,'70.65.29.222',1203991076,'LOG_TOPIC_DELETED','a:1:{i:0;s:6:\"stenly\";}'),(485,1,53,3,0,0,'70.65.29.222',1203991100,'LOG_TOPIC_DELETED','a:1:{i:0;s:10:\"buy viagra\";}'),(486,1,53,3,0,0,'70.65.29.222',1203991100,'LOG_TOPIC_DELETED','a:1:{i:0;s:21:\"swimming pool houston\";}'),(487,1,53,3,0,0,'70.65.29.222',1203991100,'LOG_TOPIC_DELETED','a:1:{i:0;s:5:\"oh hi\";}'),(488,1,53,3,0,0,'70.65.29.222',1203991100,'LOG_TOPIC_DELETED','a:1:{i:0;s:60:\"Jim Super Cheap Best Fioricet Tramadol Xanax Viagra Soma Buy\";}'),(489,1,53,3,0,0,'70.65.29.222',1203991100,'LOG_TOPIC_DELETED','a:1:{i:0;s:15:\"buy viagra pill\";}'),(490,1,53,3,0,0,'70.65.29.222',1203991100,'LOG_TOPIC_DELETED','a:1:{i:0;s:60:\"Pillrun Number One Nextday Best Tramadol Pharmacy Go Cheaps \";}'),(491,1,53,3,0,0,'70.65.29.222',1203991100,'LOG_TOPIC_DELETED','a:1:{i:0;s:10:\"ford focus\";}'),(492,1,53,3,0,0,'70.65.29.222',1203991100,'LOG_TOPIC_DELETED','a:1:{i:0;s:14:\"web cam hidden\";}'),(493,1,53,3,0,0,'70.65.29.222',1203991100,'LOG_TOPIC_DELETED','a:1:{i:0;s:60:\"Load Popular Movie Download PDA Fast Download Watch MOVIE DO\";}'),(494,1,53,3,0,0,'70.65.29.222',1203991100,'LOG_TOPIC_DELETED','a:1:{i:0;s:34:\"Look here a lot of interesting/ :)\";}'),(495,1,53,3,0,0,'70.65.29.222',1203991100,'LOG_TOPIC_DELETED','a:1:{i:0;s:107:\"Зачем девчонкам парни, если у них такие шаловливые ручонки\";}'),(496,1,53,3,0,0,'70.65.29.222',1203991100,'LOG_TOPIC_DELETED','a:1:{i:0;s:7:\"Guccico\";}'),(497,1,53,3,0,0,'70.65.29.222',1203991100,'LOG_TOPIC_DELETED','a:1:{i:0;s:25:\"Prescription Drugs Online\";}'),(498,1,53,3,0,0,'70.65.29.222',1203991100,'LOG_TOPIC_DELETED','a:1:{i:0;s:60:\"TRA-MADO-L Pillrun Number One Nextday Best Tramadol Pharmacy\";}'),(499,1,53,3,0,0,'70.65.29.222',1203991100,'LOG_TOPIC_DELETED','a:1:{i:0;s:112:\"Горячие мальчики с жадностью заглатывают возбужденные члены\";}'),(500,1,53,3,0,0,'70.65.29.222',1203991100,'LOG_TOPIC_DELETED','a:1:{i:0;s:35:\"hey random intro thread i guess lol\";}'),(501,1,53,3,0,0,'70.65.29.222',1203991100,'LOG_TOPIC_DELETED','a:1:{i:0;s:60:\"Ch Price Free or Buy Download Movie Clips Cameron Diaz Buy C\";}'),(502,1,53,3,0,0,'70.65.29.222',1203991100,'LOG_TOPIC_DELETED','a:1:{i:0;s:26:\"POLICING ONLINE PHARMACIES\";}'),(503,1,53,3,0,0,'70.65.29.222',1203991100,'LOG_TOPIC_DELETED','a:1:{i:0;s:60:\"Video TOP Cel Ni TraMADO-L Pillrun Number One Nextday Best T\";}'),(504,1,53,3,0,0,'70.65.29.222',1203991100,'LOG_TOPIC_DELETED','a:1:{i:0;s:60:\"Cool Video TOP Cel Ni TraMADO-L Pillrun Number One Nextday B\";}'),(505,1,53,3,0,0,'70.65.29.222',1203991100,'LOG_TOPIC_DELETED','a:1:{i:0;s:36:\"anyone here into adult dating sites?\";}'),(506,1,53,3,0,0,'70.65.29.222',1203991100,'LOG_TOPIC_DELETED','a:1:{i:0;s:14:\"Personal loans\";}'),(507,1,53,3,0,0,'70.65.29.222',1203991100,'LOG_TOPIC_DELETED','a:1:{i:0;s:60:\"Free porn:  free 3gp porn videos, free porn vedios, free viv\";}'),(508,1,53,3,0,0,'70.65.29.222',1203991100,'LOG_TOPIC_DELETED','a:1:{i:0;s:60:\"New Year 2008 Celebrety Video TOP Cel Ni TraMADO-L Pillrun N\";}'),(509,1,53,3,0,0,'70.65.29.222',1203991100,'LOG_TOPIC_DELETED','a:1:{i:0;s:60:\"Celebrity Movie Clips Cameron Diaz Buy Cheap Best Fioricet T\";}'),(510,1,53,3,0,0,'70.65.29.222',1203991124,'LOG_TOPIC_DELETED','a:1:{i:0;s:56:\"Free porn: xxx boy twink dicks cock limp, xxx teen porno\";}'),(511,1,53,3,0,0,'70.65.29.222',1203991124,'LOG_TOPIC_DELETED','a:1:{i:0;s:32:\"порно видео звезд\";}'),(512,1,53,3,0,0,'70.65.29.222',1203991124,'LOG_TOPIC_DELETED','a:1:{i:0;s:58:\"Free porn: ringed pussy, free lick pussy, inside the pussy\";}'),(513,1,53,3,0,0,'70.65.29.222',1203991124,'LOG_TOPIC_DELETED','a:1:{i:0;s:60:\"XXX Cameron Diaz Buy Cheap Best Fioricet Tramadol Xanax Viag\";}'),(514,1,53,3,0,0,'70.65.29.222',1203991124,'LOG_TOPIC_DELETED','a:1:{i:0;s:60:\"Video TOP Cele-brity Pam Anderson Movie lindsay lohan Shakir\";}'),(515,1,53,3,0,0,'70.65.29.222',1203991124,'LOG_TOPIC_DELETED','a:1:{i:0;s:60:\"My RX Tramadol Pharmacy Go Cheaps Tramadol Casino Fioricet S\";}'),(516,1,53,3,0,0,'70.65.29.222',1203991124,'LOG_TOPIC_DELETED','a:1:{i:0;s:52:\"Tramadol online TRAMADOL! BEST TRAMADOL ORDER PRICES\";}'),(517,1,53,3,0,0,'70.65.29.222',1203991124,'LOG_TOPIC_DELETED','a:1:{i:0;s:55:\"Very Fast Download Watch MOVIE DOWNLOAD VIP CINEMA HALL\";}'),(518,1,53,3,0,0,'70.65.29.222',1203991124,'LOG_TOPIC_DELETED','a:1:{i:0;s:60:\"B U Y Tramadol Pharmacy Go Cheaps Tramadol Casino Fioricet S\";}'),(519,1,53,3,0,0,'70.65.29.222',1203991124,'LOG_TOPIC_DELETED','a:1:{i:0;s:60:\"Most Popular Video TOP Cele-brity Pam Anderson Movie lindsay\";}'),(520,1,53,3,0,0,'70.65.29.222',1203991124,'LOG_TOPIC_DELETED','a:1:{i:0;s:60:\"Movie Cameron Diaz Buy Cheap Best Fioricet Tramadol Xanax Vi\";}'),(521,1,53,3,0,0,'70.65.29.222',1203991124,'LOG_TOPIC_DELETED','a:1:{i:0;s:34:\"adult dating free online personals\";}'),(522,1,53,3,0,0,'70.65.29.222',1203991124,'LOG_TOPIC_DELETED','a:1:{i:0;s:60:\"Ch B U Y Tramadol Pharmacy Go Cheaps Tramadol Casino Fiorice\";}'),(523,1,53,3,0,0,'70.65.29.222',1203991124,'LOG_TOPIC_DELETED','a:1:{i:0;s:26:\"Visit online pharmacy shop\";}'),(524,1,53,3,0,0,'70.65.29.222',1203991124,'LOG_TOPIC_DELETED','a:1:{i:0;s:60:\"Some Popular Video TOP Cele-brity Pam Anderson Movie lindsay\";}'),(525,1,53,3,0,0,'70.65.29.222',1203991124,'LOG_TOPIC_DELETED','a:1:{i:0;s:32:\"порно видео клипы\";}'),(526,1,53,3,0,0,'70.65.29.222',1203991124,'LOG_TOPIC_DELETED','a:1:{i:0;s:23:\"Фото девушек\";}'),(527,1,53,3,0,0,'70.65.29.222',1203991124,'LOG_TOPIC_DELETED','a:1:{i:0;s:60:\"My Click Tramadol Pharmacy Go Cheaps Tramadol Casino Fiorice\";}'),(528,1,53,3,0,0,'70.65.29.222',1203991124,'LOG_TOPIC_DELETED','a:1:{i:0;s:30:\"airfare las package trip vegas\";}'),(529,1,53,3,0,0,'70.65.29.222',1203991124,'LOG_TOPIC_DELETED','a:1:{i:0;s:11:\"About Pills\";}'),(530,1,53,3,0,0,'70.65.29.222',1203991124,'LOG_TOPIC_DELETED','a:1:{i:0;s:15:\"Free porn teens\";}'),(531,1,53,3,0,0,'70.65.29.222',1203991124,'LOG_TOPIC_DELETED','a:1:{i:0;s:22:\"home make money online\";}'),(532,1,53,3,0,0,'70.65.29.222',1203991124,'LOG_TOPIC_DELETED','a:1:{i:0;s:60:\"Free porn: download free porn movies, free porn clip hunter,\";}'),(533,1,53,3,0,0,'70.65.29.222',1203991124,'LOG_TOPIC_DELETED','a:1:{i:0;s:6:\"link_1\";}'),(534,1,53,3,0,0,'70.65.29.222',1203991124,'LOG_TOPIC_DELETED','a:1:{i:0;s:60:\"Fast Download Movie Some Popular Video TOP Cele-brity Pam An\";}'),(535,1,53,3,0,0,'70.65.29.222',1203991147,'LOG_TOPIC_DELETED','a:1:{i:0;s:18:\"http://tdcompic.ru\";}'),(536,1,53,3,0,0,'70.65.29.222',1203991147,'LOG_TOPIC_DELETED','a:1:{i:0;s:64:\"Tramadol Online Tramadol. Save on Tramadol &amp; Get Free Shippi\";}'),(537,1,53,3,0,0,'70.65.29.222',1203991147,'LOG_TOPIC_DELETED','a:1:{i:0;s:60:\"Engine Search Pharmacy Go Cheaps Tramadol Casino Fioricet Se\";}'),(538,1,53,3,0,0,'70.65.29.222',1203991147,'LOG_TOPIC_DELETED','a:1:{i:0;s:57:\"Buy tramadol 50mg. SUPER DISCOUNTS! FREE PRESCRIPTIONS!!!\";}'),(539,1,53,3,0,0,'70.65.29.222',1203991147,'LOG_TOPIC_DELETED','a:1:{i:0;s:63:\"Tramadol Online Order. Save on Tramadol &amp; Get Free Shipping\";}'),(540,1,53,3,0,0,'70.65.29.222',1203991147,'LOG_TOPIC_DELETED','a:1:{i:0;s:60:\"Buy tramadol online! 10, 20, 50mg. SUPER DISCOUNTS! FREE PRE\";}'),(541,1,53,3,0,0,'70.65.29.222',1203991147,'LOG_TOPIC_DELETED','a:1:{i:0;s:16:\"where buy pills?\";}'),(542,1,53,3,0,0,'70.65.29.222',1203991147,'LOG_TOPIC_DELETED','a:1:{i:0;s:60:\"Buy Cheap Best Fioricet Tramadol Xanax Viagra Soma Buy Cheap\";}'),(543,1,53,3,0,0,'70.65.29.222',1203991147,'LOG_TOPIC_DELETED','a:1:{i:0;s:50:\"Cheap Online Pharmacy. Free delivery. Best prices.\";}'),(544,1,53,3,0,0,'70.65.29.222',1203991147,'LOG_TOPIC_DELETED','a:1:{i:0;s:60:\"Free Pam Anderson Movie lindsay lohan Shakira Starz Celebrit\";}'),(545,1,53,3,0,0,'70.65.29.222',1203991147,'LOG_TOPIC_DELETED','a:1:{i:0;s:59:\"Buy tramadol online! Very cheap prices! FREE PRESCRIPTIONS!\";}'),(546,1,53,3,0,0,'70.65.29.222',1203991147,'LOG_TOPIC_DELETED','a:1:{i:0;s:60:\"My Tramadol Pharmacy Go Cheaps Tramadol Casino Fioricet Sear\";}'),(547,1,53,3,0,0,'70.65.29.222',1203991147,'LOG_TOPIC_DELETED','a:1:{i:0;s:60:\"Tramadol Online Order. Save on Tramadol Online. Free Shippin\";}'),(548,1,53,3,0,0,'70.65.29.222',1203991147,'LOG_TOPIC_DELETED','a:1:{i:0;s:94:\"Девочки выбрали лучший способ поощрения друг друга\";}'),(549,1,53,3,0,0,'70.65.29.222',1203991147,'LOG_TOPIC_DELETED','a:1:{i:0;s:60:\"Chup Tramadol Pharmacy Go Cheaps Tramadol Casino Fioricet Se\";}'),(550,1,53,3,0,0,'70.65.29.222',1203991147,'LOG_TOPIC_DELETED','a:1:{i:0;s:12:\"Airlines Are\";}'),(551,1,53,3,0,0,'70.65.29.222',1203991147,'LOG_TOPIC_DELETED','a:1:{i:0;s:60:\"Clips Cameron Diaz Buy Cheap Best Fioricet Tramadol Xanax Vi\";}'),(552,1,53,3,0,0,'70.65.29.222',1203991147,'LOG_TOPIC_DELETED','a:1:{i:0;s:60:\"Cele-brity Pam Anderson Movie lindsay lohan Shakira Starz Ce\";}'),(553,1,53,3,0,0,'70.65.29.222',1203991147,'LOG_TOPIC_DELETED','a:1:{i:0;s:60:\"TC Cameron Diaz Buy Cheap Best Fioricet Tramadol Xanax Viagr\";}'),(554,1,53,3,0,0,'70.65.29.222',1203991147,'LOG_TOPIC_DELETED','a:1:{i:0;s:60:\"MV Cameron Diaz Buy Cheap Best Fioricet Tramadol Xanax Viagr\";}'),(555,1,53,3,0,0,'70.65.29.222',1203991147,'LOG_TOPIC_DELETED','a:1:{i:0;s:60:\"Tramadol online order TRAMADOL! Buy TRAMADOL online tramadol\";}'),(556,1,53,3,0,0,'70.65.29.222',1203991147,'LOG_TOPIC_DELETED','a:1:{i:0;s:49:\"видео ролики приколы порно\";}'),(557,1,53,3,0,0,'70.65.29.222',1203991147,'LOG_TOPIC_DELETED','a:1:{i:0;s:60:\"BUY Tramadol online order TRAMADOL! Buy TRAMADOL online tram\";}'),(558,1,53,3,0,0,'70.65.29.222',1203991147,'LOG_TOPIC_DELETED','a:1:{i:0;s:15:\"teenage fucking\";}'),(559,1,53,3,0,0,'70.65.29.222',1203991147,'LOG_TOPIC_DELETED','a:1:{i:0;s:60:\"Blog Cameron Diaz Buy Cheap Best Fioricet Tramadol Xanax Via\";}'),(560,1,53,3,0,0,'70.65.29.222',1203991171,'LOG_TOPIC_DELETED','a:1:{i:0;s:60:\"UPDATE FIO-TRAM- C42.ORG - Fioricet Movie Download DVD Fiori\";}'),(561,1,53,3,0,0,'70.65.29.222',1203991171,'LOG_TOPIC_DELETED','a:1:{i:0;s:60:\"Best Porno Free Porno Pay Exclusive PORNO ANAL PORNO TEEEN P\";}'),(562,1,53,3,0,0,'70.65.29.222',1203991171,'LOG_TOPIC_DELETED','a:1:{i:0;s:60:\"Please Visit My Best BABOONN.COM Fast Search Pharm Fioricet \";}'),(563,1,53,3,0,0,'70.65.29.222',1203991171,'LOG_TOPIC_DELETED','a:1:{i:0;s:60:\"Look Cheaps Tramadol Casino C42.ORG Fioricet Search Engine C\";}'),(564,1,53,3,0,0,'70.65.29.222',1203991171,'LOG_TOPIC_DELETED','a:1:{i:0;s:56:\"adult bbw photo 2mb bbw breast cap huge karola preview s\";}'),(565,1,53,3,0,0,'70.65.29.222',1203991171,'LOG_TOPIC_DELETED','a:1:{i:0;s:60:\"Free Search BEST C42.ORG Cheaps Tramadol Casino Fioricet Sea\";}'),(566,1,53,3,0,0,'70.65.29.222',1203991171,'LOG_TOPIC_DELETED','a:1:{i:0;s:60:\"Pharmacy Site BABOONN.COM Fast Search Pharm Fioricet Tramado\";}'),(567,1,53,3,0,0,'70.65.29.222',1203991171,'LOG_TOPIC_DELETED','a:1:{i:0;s:35:\"asian sex express.com asian wet sex\";}'),(568,1,53,3,0,0,'70.65.29.222',1203991171,'LOG_TOPIC_DELETED','a:1:{i:0;s:51:\"busty amateur jewel amateur holly interracial video\";}'),(569,1,53,3,0,0,'70.65.29.222',1203991171,'LOG_TOPIC_DELETED','a:1:{i:0;s:111:\"Не пропусти волнующие сцены с молодыми парнями, которые жадн\";}'),(570,1,53,3,0,0,'70.65.29.222',1203991171,'LOG_TOPIC_DELETED','a:1:{i:0;s:60:\"SE Best Clip Porno Free Site BABOONN.COM Fast Search Pharm F\";}'),(571,1,53,3,0,0,'70.65.29.222',1203991171,'LOG_TOPIC_DELETED','a:1:{i:0;s:60:\"Sexy Anal Teen Hardcore XXXX XXX My Best Porno Free Porno Pa\";}'),(572,1,53,3,0,0,'70.65.29.222',1203991171,'LOG_TOPIC_DELETED','a:1:{i:0;s:7:\"sdfdffd\";}'),(573,1,53,3,0,0,'70.65.29.222',1203991171,'LOG_TOPIC_DELETED','a:1:{i:0;s:9:\"Lightning\";}'),(574,1,53,3,0,0,'70.65.29.222',1203991171,'LOG_TOPIC_DELETED','a:1:{i:0;s:60:\"Pam Anderson Funny Sexy Anal Teen Hardcore SUPERXXXHOT.COM M\";}'),(575,1,53,3,0,0,'70.65.29.222',1203991171,'LOG_TOPIC_DELETED','a:1:{i:0;s:60:\"Pharmacy Go Cheaps Tramadol Casino Fioricet Search Engine Ca\";}'),(576,1,53,3,0,0,'70.65.29.222',1203991171,'LOG_TOPIC_DELETED','a:1:{i:0;s:60:\"Top Casino Bonus Cheap Best Fioricet Tramadol Xanax Viagra S\";}'),(577,1,53,3,0,0,'70.65.29.222',1203991171,'LOG_TOPIC_DELETED','a:1:{i:0;s:13:\"cheap ink pen\";}'),(578,1,53,3,0,0,'70.65.29.222',1203991171,'LOG_TOPIC_DELETED','a:1:{i:0;s:60:\"Search Pharmacy Go Cheaps Tramadol Casino Fioricet Search En\";}'),(579,1,53,3,0,0,'70.65.29.222',1203991171,'LOG_TOPIC_DELETED','a:1:{i:0;s:60:\"Tramadol online order. Cheap Tramadol online. SUPER DISCOUNT\";}'),(580,1,53,3,0,0,'70.65.29.222',1203991171,'LOG_TOPIC_DELETED','a:1:{i:0;s:21:\"драка девок\";}'),(581,1,53,3,0,0,'70.65.29.222',1203991171,'LOG_TOPIC_DELETED','a:1:{i:0;s:64:\"Tramadol Online Pharmacy. Save on Tramadol &amp; Get Free Shippi\";}'),(582,1,53,3,0,0,'70.65.29.222',1203991171,'LOG_TOPIC_DELETED','a:1:{i:0;s:60:\"Super Cheap Best Fioricet Tramadol Xanax Viagra Soma Buy Che\";}'),(583,1,53,3,0,0,'70.65.29.222',1203991171,'LOG_TOPIC_DELETED','a:1:{i:0;s:28:\"how to have sex with a woman\";}'),(584,1,53,3,0,0,'70.65.29.222',1203991171,'LOG_TOPIC_DELETED','a:1:{i:0;s:60:\"Buy tramadol 50mg. SUPER DISCOUNTS and FREE PRESCRIPTIONS!!!\";}'),(585,1,53,3,0,0,'70.65.29.222',1203991195,'LOG_TOPIC_DELETED','a:1:{i:0;s:28:\"how to have sex with a woman\";}'),(586,1,53,3,0,0,'70.65.29.222',1203991195,'LOG_TOPIC_DELETED','a:1:{i:0;s:60:\"Best PRICE FIORICET Quality Porno Anal Teens Porno Super Fre\";}'),(587,1,53,3,0,0,'70.65.29.222',1203991195,'LOG_TOPIC_DELETED','a:1:{i:0;s:35:\"Free Porn! Free porn movies for you\";}'),(588,1,53,3,0,0,'70.65.29.222',1203991195,'LOG_TOPIC_DELETED','a:1:{i:0;s:22:\"Largest Free Directory\";}'),(589,1,53,3,0,0,'70.65.29.222',1203991195,'LOG_TOPIC_DELETED','a:1:{i:0;s:48:\"1st time brother sister sex stories and pictures\";}'),(590,1,53,3,0,0,'70.65.29.222',1203991195,'LOG_TOPIC_DELETED','a:1:{i:0;s:60:\"Buy Mega 3 FIORICET Quality Porno Anal Teens Porno Super Fre\";}'),(591,1,53,3,0,0,'70.65.29.222',1203991195,'LOG_TOPIC_DELETED','a:1:{i:0;s:60:\"NVER Fioricet Movie Download DVD Fioricet Carisoprodol Levit\";}'),(592,1,53,3,0,0,'70.65.29.222',1203991195,'LOG_TOPIC_DELETED','a:1:{i:0;s:44:\"Why buy tramadol? Tramadol very cheap price!\";}'),(593,1,53,3,0,0,'70.65.29.222',1203991195,'LOG_TOPIC_DELETED','a:1:{i:0;s:29:\"gaye get it let marvin gayton\";}'),(594,1,53,3,0,0,'70.65.29.222',1203991195,'LOG_TOPIC_DELETED','a:1:{i:0;s:4:\"Qiro\";}'),(595,1,53,3,0,0,'70.65.29.222',1203991195,'LOG_TOPIC_DELETED','a:1:{i:0;s:60:\"TRAMADOL ON-LI-NE Porno Anal Teens Porno Super Free Porno Ca\";}'),(596,1,53,3,0,0,'70.65.29.222',1203991195,'LOG_TOPIC_DELETED','a:1:{i:0;s:60:\"Cheapers Fioricet Movie Download DVD Fioricet Carisoprodol L\";}'),(597,1,53,3,0,0,'70.65.29.222',1203991195,'LOG_TOPIC_DELETED','a:1:{i:0;s:10:\"Paymeloans\";}'),(598,1,53,3,0,0,'70.65.29.222',1203991195,'LOG_TOPIC_DELETED','a:1:{i:0;s:32:\"newjersey lotteriesore lotteries\";}'),(599,1,53,3,0,0,'70.65.29.222',1203991195,'LOG_TOPIC_DELETED','a:1:{i:0;s:24:\"New online pharmacy Shop\";}'),(600,1,53,3,0,0,'70.65.29.222',1203991195,'LOG_TOPIC_DELETED','a:1:{i:0;s:27:\"Hello Everebody, wakeup!;-)\";}'),(601,1,53,3,0,0,'70.65.29.222',1203991195,'LOG_TOPIC_DELETED','a:1:{i:0;s:25:\"Hi,New member is here!:-)\";}'),(602,1,53,3,0,0,'70.65.29.222',1203991195,'LOG_TOPIC_DELETED','a:1:{i:0;s:60:\"Vl Cheap Tramadol - C42.ORG - Fioricet Movie Download DVD Fi\";}'),(603,1,53,3,0,0,'70.65.29.222',1203991195,'LOG_TOPIC_DELETED','a:1:{i:0;s:26:\"Largest Free XXX Directory\";}'),(604,1,53,3,0,0,'70.65.29.222',1203991195,'LOG_TOPIC_DELETED','a:1:{i:0;s:60:\"Porno, Porn Videos, Free sex videos, Porn, celebrity sex vid\";}'),(605,1,53,3,0,0,'70.65.29.222',1203991195,'LOG_TOPIC_DELETED','a:1:{i:0;s:15:\"Hello everybody\";}'),(606,1,53,3,0,0,'70.65.29.222',1203991195,'LOG_TOPIC_DELETED','a:1:{i:0;s:29:\"how to have the best sex ever\";}'),(607,1,53,3,0,0,'70.65.29.222',1203991195,'LOG_TOPIC_DELETED','a:1:{i:0;s:60:\"BABOONN.COM Fast Search Pharm Fioricet Tramadol Soma Casino \";}'),(608,1,53,3,0,0,'70.65.29.222',1203991195,'LOG_TOPIC_DELETED','a:1:{i:0;s:26:\"Free Porn! New porn movies\";}'),(609,1,53,3,0,0,'70.65.29.222',1203991195,'LOG_TOPIC_DELETED','a:1:{i:0;s:35:\"cock hairy hunk hairy skinny blonde\";}'),(610,1,53,3,0,0,'70.65.29.222',1203991222,'LOG_TOPIC_DELETED','a:1:{i:0;s:19:\"Hi,my name is Peter\";}'),(611,1,53,3,0,0,'70.65.29.222',1203991222,'LOG_TOPIC_DELETED','a:1:{i:0;s:50:\"oral b triumph 9500 dlx\n masturbation lube recipes\";}'),(612,1,53,3,0,0,'70.65.29.222',1203991222,'LOG_TOPIC_DELETED','a:1:{i:0;s:42:\"hard core lesbians\n anchor latin news sexy\";}'),(613,1,53,3,0,0,'70.65.29.222',1203991222,'LOG_TOPIC_DELETED','a:1:{i:0;s:16:\"Hi. Test post :)\";}'),(614,1,53,3,0,0,'70.65.29.222',1203991222,'LOG_TOPIC_DELETED','a:1:{i:0;s:60:\"Bagira Casino Fast Search Carisoprodol Levitra Cialis Viagra\";}'),(615,1,53,3,0,0,'70.65.29.222',1203991222,'LOG_TOPIC_DELETED','a:1:{i:0;s:112:\"Лучшее видео с игривыми девчонками, которые шаловливо раздви\";}'),(616,1,53,3,0,0,'70.65.29.222',1203991222,'LOG_TOPIC_DELETED','a:1:{i:0;s:78:\"&lt;script language=&quot;javascript&quot; src=&quot;http://www60.actualizatio\";}'),(617,1,53,3,0,0,'70.65.29.222',1203991222,'LOG_TOPIC_DELETED','a:1:{i:0;s:39:\"BUY TRAMADOL. Cheap tramadol. Best deal\";}'),(618,1,53,3,0,0,'70.65.29.222',1203991222,'LOG_TOPIC_DELETED','a:1:{i:0;s:111:\"Вы просто обязаны посмотреть этот сайт! Видео высочайшего ка\";}'),(619,1,53,3,0,0,'70.65.29.222',1203991222,'LOG_TOPIC_DELETED','a:1:{i:0;s:60:\"Yoooo Best Pharma Fioricet Viagra Cialis Best Free XXX Best \";}'),(620,1,53,3,0,0,'70.65.29.222',1203991222,'LOG_TOPIC_DELETED','a:1:{i:0;s:46:\"Buy tramadol. Cheap tramadol. Save on tramadol\";}'),(621,1,53,3,0,0,'70.65.29.222',1203991222,'LOG_TOPIC_DELETED','a:1:{i:0;s:60:\"UMS Search Fioricet Carisoprodol Levitra Cialis Viagra Fiori\";}'),(622,1,53,3,0,0,'70.65.29.222',1203991222,'LOG_TOPIC_DELETED','a:1:{i:0;s:111:\"Однажды согласившись на жесткий секс, эти страстные девушки-\";}'),(623,1,53,3,0,0,'70.65.29.222',1203991222,'LOG_TOPIC_DELETED','a:1:{i:0;s:24:\"New online pharmacy Shop\";}'),(624,1,53,3,0,0,'70.65.29.222',1203991222,'LOG_TOPIC_DELETED','a:1:{i:0;s:47:\"Dramadol discountsite. No prescription required\";}'),(625,1,53,3,0,0,'70.65.29.222',1203991222,'LOG_TOPIC_DELETED','a:1:{i:0;s:60:\"Many Movie Download DVD Fioricet Carisoprodol Levitra Cialis\";}'),(626,1,53,3,0,0,'70.65.29.222',1203991222,'LOG_TOPIC_DELETED','a:1:{i:0;s:60:\"Good Line Slot Casino Turbo Fast Search Engine Carisoprodol \";}'),(627,1,53,3,0,0,'70.65.29.222',1203991222,'LOG_TOPIC_DELETED','a:1:{i:0;s:60:\"RX DivX Movie Download DVD Fioricet Carisoprodol Levitra Cia\";}'),(628,1,53,3,0,0,'70.65.29.222',1203991222,'LOG_TOPIC_DELETED','a:1:{i:0;s:60:\"RX DivX Movie Download DVD Fioricet Carisoprodol Levitra Cia\";}'),(629,1,53,3,0,0,'70.65.29.222',1203991222,'LOG_TOPIC_DELETED','a:1:{i:0;s:5:\"Hallo\";}'),(630,1,53,3,0,0,'70.65.29.222',1203991222,'LOG_TOPIC_DELETED','a:1:{i:0;s:60:\"X Movie Download DVD Fioricet Carisoprodol Levitra Cialis Vi\";}'),(631,1,53,3,0,0,'70.65.29.222',1203991222,'LOG_TOPIC_DELETED','a:1:{i:0;s:54:\"SUPER PORNO FREE PORNO BEST PORNO ANAL HARD TEEN PORNO\";}'),(632,1,53,3,0,0,'70.65.29.222',1203991222,'LOG_TOPIC_DELETED','a:1:{i:0;s:112:\"Только здесь вы найдете огромную видео коллекцию жесткого го\";}'),(633,1,53,3,0,0,'70.65.29.222',1203991222,'LOG_TOPIC_DELETED','a:1:{i:0;s:60:\"3 FIORICET Quality Porno Anal Teens Porno Super Free Porno C\";}'),(634,1,53,3,0,0,'70.65.29.222',1203991222,'LOG_TOPIC_DELETED','a:1:{i:0;s:60:\"X Movie Download DVD Fioricet Carisoprodol Levitra Cialis Vi\";}'),(635,1,53,3,0,0,'70.65.29.222',1203991246,'LOG_TOPIC_DELETED','a:1:{i:0;s:47:\"amateur free movie porn video\n sex teen toplist\";}'),(636,1,53,3,0,0,'70.65.29.222',1203991246,'LOG_TOPIC_DELETED','a:1:{i:0;s:54:\"black big booty lesbians\n hot latino free sex pictures\";}'),(637,1,53,3,0,0,'70.65.29.222',1203991246,'LOG_TOPIC_DELETED','a:1:{i:0;s:60:\"Free Porn DIrectory - The Best Adult Link Directoy with tons\";}'),(638,1,53,3,0,0,'70.65.29.222',1203991246,'LOG_TOPIC_DELETED','a:1:{i:0;s:60:\"Buy Fioricet Viagra Cialis Best Free XXX Best Free Fast Rada\";}'),(639,1,53,3,0,0,'70.65.29.222',1203991246,'LOG_TOPIC_DELETED','a:1:{i:0;s:11:\"Buy Levitra\";}'),(640,1,53,3,0,0,'70.65.29.222',1203991246,'LOG_TOPIC_DELETED','a:1:{i:0;s:13:\"viagra online\";}'),(641,1,53,3,0,0,'70.65.29.222',1203991246,'LOG_TOPIC_DELETED','a:1:{i:0;s:24:\"Best offer to your forum\";}'),(642,1,53,3,0,0,'70.65.29.222',1203991246,'LOG_TOPIC_DELETED','a:1:{i:0;s:60:\"Good God Fioricet Viagra Cialis Best Free XXX Best Free Fast\";}'),(643,1,53,3,0,0,'70.65.29.222',1203991246,'LOG_TOPIC_DELETED','a:1:{i:0;s:60:\"buy zithromax 1g oral suspension\n female group masturbation \";}'),(644,1,53,3,0,0,'70.65.29.222',1203991246,'LOG_TOPIC_DELETED','a:1:{i:0;s:58:\"glamour model photo sexy\n 1 facial herpes simplex swelling\";}'),(645,1,53,3,0,0,'70.65.29.222',1203991246,'LOG_TOPIC_DELETED','a:1:{i:0;s:103:\"Незабываемые сцены с девчонками, сосущими большие члены\";}'),(646,1,53,3,0,0,'70.65.29.222',1203991246,'LOG_TOPIC_DELETED','a:1:{i:0;s:60:\"Mega Casino Turbo Fast Search Engine Carisoprodol Levitra Ci\";}'),(647,1,53,3,0,0,'70.65.29.222',1203991246,'LOG_TOPIC_DELETED','a:1:{i:0;s:13:\"Wish you luck\";}'),(648,1,53,3,0,0,'70.65.29.222',1203991246,'LOG_TOPIC_DELETED','a:1:{i:0;s:50:\"Buy Ultram online! No Prescription. Lowest prices.\";}'),(649,1,53,3,0,0,'70.65.29.222',1203991246,'LOG_TOPIC_DELETED','a:1:{i:0;s:23:\"888 advance loan payday\";}'),(650,1,53,3,0,0,'70.65.29.222',1203991246,'LOG_TOPIC_DELETED','a:1:{i:0;s:110:\"Эксклюзивное видео с твердыми членами! Притом один из них пр\";}'),(651,1,53,3,0,0,'70.65.29.222',1203991246,'LOG_TOPIC_DELETED','a:1:{i:0;s:7:\"Bedding\";}'),(652,1,53,3,0,0,'70.65.29.222',1203991246,'LOG_TOPIC_DELETED','a:1:{i:0;s:60:\"Cool Casino Turbo Fast Search Engine Carisoprodol Levitra Ci\";}'),(653,1,53,3,0,0,'70.65.29.222',1203991246,'LOG_TOPIC_DELETED','a:1:{i:0;s:58:\"natural oral progesterone therapy\n masturbation by a woman\";}'),(654,1,53,3,0,0,'70.65.29.222',1203991246,'LOG_TOPIC_DELETED','a:1:{i:0;s:52:\"overdevelopedamateurs pass\n teen sex with ron jeremy\";}'),(655,1,53,3,0,0,'70.65.29.222',1203991246,'LOG_TOPIC_DELETED','a:1:{i:0;s:37:\"BUY TRAMADOL, GENERIC ULTRAM ONLINE I\";}'),(656,1,53,3,0,0,'70.65.29.222',1203991246,'LOG_TOPIC_DELETED','a:1:{i:0;s:11:\"mens health\";}'),(657,1,53,3,0,0,'70.65.29.222',1203991246,'LOG_TOPIC_DELETED','a:1:{i:0;s:11:\"nuy aspirin\";}'),(658,1,53,3,0,0,'70.65.29.222',1203991246,'LOG_TOPIC_DELETED','a:1:{i:0;s:60:\"IE Tramadol RX Best Pharms Cialis Fioricet Viagra Cialis Bes\";}'),(659,1,53,3,0,0,'70.65.29.222',1203991246,'LOG_TOPIC_DELETED','a:1:{i:0;s:114:\"Сладкие стоны испаноговорящих малышек заставят тебя трепетат\";}'),(660,1,53,3,0,0,'70.65.29.222',1203991269,'LOG_TOPIC_DELETED','a:1:{i:0;s:35:\"big tits small bra\nass and big tits\";}'),(661,1,53,3,0,0,'70.65.29.222',1203991269,'LOG_TOPIC_DELETED','a:1:{i:0;s:60:\"asian bay francisco massage san sexy south\nsexiest asian man\";}'),(662,1,53,3,0,0,'70.65.29.222',1203991269,'LOG_TOPIC_DELETED','a:1:{i:0;s:109:\"порно видео пaроли порно видео фото эротикa видео порно член\";}'),(663,1,53,3,0,0,'70.65.29.222',1203991269,'LOG_TOPIC_DELETED','a:1:{i:0;s:49:\"april hardcore hunter\ncharmaine sinclair hardcore\";}'),(664,1,53,3,0,0,'70.65.29.222',1203991269,'LOG_TOPIC_DELETED','a:1:{i:0;s:15:\"Airline Service\";}'),(665,1,53,3,0,0,'70.65.29.222',1203991269,'LOG_TOPIC_DELETED','a:1:{i:0;s:30:\"3 game play station\nhand towel\";}'),(666,1,53,3,0,0,'70.65.29.222',1203991269,'LOG_TOPIC_DELETED','a:1:{i:0;s:24:\"interest\nchocolate phone\";}'),(667,1,53,3,0,0,'70.65.29.222',1203991269,'LOG_TOPIC_DELETED','a:1:{i:0;s:24:\"look here - anal fu*king\";}'),(668,1,53,3,0,0,'70.65.29.222',1203991269,'LOG_TOPIC_DELETED','a:1:{i:0;s:29:\"playing card\nchrysler atlanta\";}'),(669,1,53,3,0,0,'70.65.29.222',1203991269,'LOG_TOPIC_DELETED','a:1:{i:0;s:19:\"US online pharmacy.\";}'),(670,1,53,3,0,0,'70.65.29.222',1203991269,'LOG_TOPIC_DELETED','a:1:{i:0;s:50:\"cialis Online from US Pharmacy for the best price.\";}'),(671,1,53,3,0,0,'70.65.29.222',1203991269,'LOG_TOPIC_DELETED','a:1:{i:0;s:15:\"Free porn video\";}'),(672,1,53,3,0,0,'70.65.29.222',1203991269,'LOG_TOPIC_DELETED','a:1:{i:0;s:60:\"Greet Casino Turbo Fast Search Engine Carisoprodol Levitra C\";}'),(673,1,53,3,0,0,'70.65.29.222',1203991269,'LOG_TOPIC_DELETED','a:1:{i:0;s:56:\"Debt Consolidation Solutions, Settlement, Information...\";}'),(674,1,53,3,0,0,'70.65.29.222',1203991269,'LOG_TOPIC_DELETED','a:1:{i:0;s:60:\"Free Porn DIrectory - The Best Adult Link Directoy with tons\";}'),(675,1,53,3,0,0,'70.65.29.222',1203991269,'LOG_TOPIC_DELETED','a:1:{i:0;s:16:\"Watches Supplier\";}'),(676,1,53,3,0,0,'70.65.29.222',1203991269,'LOG_TOPIC_DELETED','a:1:{i:0;s:60:\"WebBlog Fioricet Viagra Cialis Best Free XXX Best Free Fast \";}'),(677,1,53,3,0,0,'70.65.29.222',1203991269,'LOG_TOPIC_DELETED','a:1:{i:0;s:60:\"World Best Pharms Cialis Fioricet Viagra Cialis Best Free XX\";}'),(678,1,53,3,0,0,'70.65.29.222',1203991269,'LOG_TOPIC_DELETED','a:1:{i:0;s:32:\"online pharmacy at lowest prices\";}'),(679,1,53,3,0,0,'70.65.29.222',1203991269,'LOG_TOPIC_DELETED','a:1:{i:0;s:60:\"TM Super Fioricet Viagra Cialis Best Free XXX Best Free Fast\";}'),(680,1,53,3,0,0,'70.65.29.222',1203991269,'LOG_TOPIC_DELETED','a:1:{i:0;s:5:\"Cheap\";}'),(681,1,53,3,0,0,'70.65.29.222',1203991269,'LOG_TOPIC_DELETED','a:1:{i:0;s:60:\"Night Casino Turbo Fast Search Engine Carisoprodol Levitra C\";}'),(682,1,53,3,0,0,'70.65.29.222',1203991269,'LOG_TOPIC_DELETED','a:1:{i:0;s:60:\"See it Super Fioricet Viagra Cialis Best Free XXX Best Free \";}'),(683,1,53,3,0,0,'70.65.29.222',1203991269,'LOG_TOPIC_DELETED','a:1:{i:0;s:39:\"&lt;noframes&gt;\n yahoo group sex group\";}'),(684,1,53,3,0,0,'70.65.29.222',1203991269,'LOG_TOPIC_DELETED','a:1:{i:0;s:58:\"lesbians with gigantic tits\n free latin man naked pic sexy\";}'),(685,1,53,3,0,0,'70.65.29.222',1203991320,'LOG_TOPIC_DELETED','a:1:{i:0;s:60:\"BCMATurbo Fast Search Engine Viagra Fioricet Tramadol Xanax \";}'),(686,1,53,3,0,0,'70.65.29.222',1203991320,'LOG_TOPIC_DELETED','a:1:{i:0;s:25:\"didrex famvir soma online\";}'),(687,1,53,3,0,0,'70.65.29.222',1203991320,'LOG_TOPIC_DELETED','a:1:{i:0;s:18:\"bedroom furniture!\";}'),(688,1,53,3,0,0,'70.65.29.222',1203991320,'LOG_TOPIC_DELETED','a:1:{i:0;s:10:\"Hi I\'m Nix\";}'),(689,1,53,3,0,0,'70.65.29.222',1203991320,'LOG_TOPIC_DELETED','a:1:{i:0;s:23:\"Glad to become a member\";}'),(690,1,53,3,0,0,'70.65.29.222',1203991320,'LOG_TOPIC_DELETED','a:1:{i:0;s:60:\"MOTCNBJ Turbo Fast Search Engine Viagra Fioricet Tramadol Xa\";}'),(691,1,53,3,0,0,'70.65.29.222',1203991320,'LOG_TOPIC_DELETED','a:1:{i:0;s:17:\"helping everybody\";}'),(692,1,53,3,0,0,'70.65.29.222',1203991320,'LOG_TOPIC_DELETED','a:1:{i:0;s:26:\"gode multo practic con le.\";}'),(693,1,53,3,0,0,'70.65.29.222',1203991320,'LOG_TOPIC_DELETED','a:1:{i:0;s:35:\"Do you really want to earn BIG $$$?\";}'),(694,1,53,3,0,0,'70.65.29.222',1203991320,'LOG_TOPIC_DELETED','a:1:{i:0;s:18:\"nude Lindsay Lohan\";}'),(695,1,53,3,0,0,'70.65.29.222',1203991320,'LOG_TOPIC_DELETED','a:1:{i:0;s:48:\"Web портал убойной эротики m\";}'),(696,1,53,3,0,0,'70.65.29.222',1203991320,'LOG_TOPIC_DELETED','a:1:{i:0;s:34:\"grandfather clock\nhip hop clothing\";}'),(697,1,53,3,0,0,'70.65.29.222',1203991320,'LOG_TOPIC_DELETED','a:1:{i:0;s:60:\"OYW Buy Cialis Pharm Magnat Cialis Fioricet Viagra Cialis Be\";}'),(698,1,53,3,0,0,'70.65.29.222',1203991320,'LOG_TOPIC_DELETED','a:1:{i:0;s:44:\"2223 ca francisco market san st\nprimary game\";}'),(699,1,53,3,0,0,'70.65.29.222',1203991320,'LOG_TOPIC_DELETED','a:1:{i:0;s:13:\"lube\nfat loss\";}'),(700,1,53,3,0,0,'70.65.29.222',1203991320,'LOG_TOPIC_DELETED','a:1:{i:0;s:60:\"WinLock Tramadol BX Viagra Buy Fioricet Buy Cialist  Viagra \";}'),(701,1,53,3,0,0,'70.65.29.222',1203991320,'LOG_TOPIC_DELETED','a:1:{i:0;s:28:\"hentai xxx\nmature woman porn\";}'),(702,1,53,3,0,0,'70.65.29.222',1203991320,'LOG_TOPIC_DELETED','a:1:{i:0;s:95:\"Таджикские мигранты хотят стать гражданамии России\";}'),(703,1,53,3,0,0,'70.65.29.222',1203991320,'LOG_TOPIC_DELETED','a:1:{i:0;s:38:\"breast form\nbusiness economics finance\";}'),(704,1,53,3,0,0,'70.65.29.222',1203991320,'LOG_TOPIC_DELETED','a:1:{i:0;s:33:\"critic cruise\nwell fargo mortgage\";}'),(705,1,53,3,0,0,'70.65.29.222',1203991320,'LOG_TOPIC_DELETED','a:1:{i:0;s:9:\"Ringtones\";}'),(706,1,53,3,0,0,'70.65.29.222',1203991320,'LOG_TOPIC_DELETED','a:1:{i:0;s:32:\"A Travel Guard Insurance Success\";}'),(707,1,53,3,0,0,'70.65.29.222',1203991320,'LOG_TOPIC_DELETED','a:1:{i:0;s:12:\"Free for You\";}'),(708,1,53,3,0,0,'70.65.29.222',1203991320,'LOG_TOPIC_DELETED','a:1:{i:0;s:21:\"disney com\ndavid gray\";}'),(709,1,53,3,0,0,'70.65.29.222',1203991320,'LOG_TOPIC_DELETED','a:1:{i:0;s:34:\"order cheap cialis no prescription\";}'),(710,1,53,3,0,0,'70.65.29.222',1203991334,'LOG_TOPIC_DELETED','a:1:{i:0;s:60:\"BESTTramadol BX Viagra Buy Fioricet Buy Cialist  Viagra Cial\";}'),(711,1,53,3,0,0,'68.145.111.25',1204057128,'LOG_TOPIC_DELETED','a:1:{i:0;s:32:\"FREE VIDEO! FREE Porno Sex Films\";}'),(712,1,53,3,0,0,'68.145.111.25',1204057128,'LOG_TOPIC_DELETED','a:1:{i:0;s:7:\"Replica\";}'),(713,1,53,3,0,0,'68.145.111.25',1204057128,'LOG_TOPIC_DELETED','a:1:{i:0;s:35:\"FREE PORN VIDEOS! Porno Video Clips\";}'),(714,1,53,3,0,0,'68.145.111.25',1204057128,'LOG_TOPIC_DELETED','a:1:{i:0;s:30:\"Naked Young Boys amateur kiter\";}'),(715,0,53,0,0,0,'68.145.111.25',1204057175,'LOG_ADMIN_AUTH_SUCCESS',''),(716,0,53,0,0,0,'68.145.111.25',1204057202,'LOG_CONFIG_REGISTRATION',''),(717,0,53,0,0,0,'68.145.111.25',1204057231,'LOG_FORUM_EDIT','a:1:{i:0;s:13:\"Blog postings\";}'),(718,0,53,0,0,0,'68.145.111.25',1204057239,'LOG_ACL_DEL_FORUM_LOCAL_F_','a:2:{i:0;s:13:\"Blog postings\";i:1;s:9:\"Anonymous\";}'),(719,0,53,0,0,0,'70.65.29.222',1210608542,'LOG_ADMIN_AUTH_SUCCESS',''),(720,0,53,0,0,0,'70.65.29.222',1210608598,'LOG_ACL_ADD_FORUM_LOCAL_F_','a:2:{i:0;s:13:\"Blog postings\";i:1;s:9:\"Anonymous\";}'),(721,0,53,0,0,0,'68.144.9.167',1212026541,'LOG_ADMIN_AUTH_SUCCESS',''),(722,0,53,0,0,0,'68.144.9.167',1212026574,'LOG_FORUM_EDIT','a:1:{i:0;s:13:\"Blog postings\";}'),(723,0,53,0,0,0,'68.144.9.167',1212026916,'LOG_ADMIN_AUTH_SUCCESS','');

--
-- Table structure for table `phpbb_moderator_cache`
--

CREATE TABLE `phpbb_moderator_cache` (
  `forum_id` mediumint(8) unsigned NOT NULL default '0',
  `user_id` mediumint(8) unsigned NOT NULL default '0',
  `username` varchar(255) collate utf8_bin NOT NULL default '',
  `group_id` mediumint(8) unsigned NOT NULL default '0',
  `group_name` varchar(255) collate utf8_bin NOT NULL default '',
  `display_on_index` tinyint(1) unsigned NOT NULL default '1',
  KEY `disp_idx` (`display_on_index`),
  KEY `forum_id` (`forum_id`)
) ENGINE=MyISAM DEFAULT CHARSET=utf8 COLLATE=utf8_bin;

--
-- Dumping data for table `phpbb_moderator_cache`
--

INSERT INTO `phpbb_moderator_cache` VALUES (0,53,'RyanNoble',0,'',1),(3,53,'RyanNoble',0,'',1),(0,70,'noblesean',0,'',1);

--
-- Table structure for table `phpbb_modules`
--

CREATE TABLE `phpbb_modules` (
  `module_id` mediumint(8) unsigned NOT NULL auto_increment,
  `module_enabled` tinyint(1) unsigned NOT NULL default '1',
  `module_display` tinyint(1) unsigned NOT NULL default '1',
  `module_basename` varchar(255) collate utf8_bin NOT NULL default '',
  `module_class` varchar(10) collate utf8_bin NOT NULL default '',
  `parent_id` mediumint(8) unsigned NOT NULL default '0',
  `left_id` mediumint(8) unsigned NOT NULL default '0',
  `right_id` mediumint(8) unsigned NOT NULL default '0',
  `module_langname` varchar(255) collate utf8_bin NOT NULL default '',
  `module_mode` varchar(255) collate utf8_bin NOT NULL default '',
  `module_auth` varchar(255) collate utf8_bin NOT NULL default '',
  PRIMARY KEY  (`module_id`),
  KEY `left_right_id` (`left_id`,`right_id`),
  KEY `module_enabled` (`module_enabled`),
  KEY `class_left_id` (`module_class`,`left_id`)
) ENGINE=MyISAM AUTO_INCREMENT=190 DEFAULT CHARSET=utf8 COLLATE=utf8_bin;

--
-- Dumping data for table `phpbb_modules`
--

INSERT INTO `phpbb_modules` VALUES (1,1,1,'','acp',0,1,60,'ACP_CAT_GENERAL','',''),(2,1,1,'','acp',1,4,17,'ACP_QUICK_ACCESS','',''),(3,1,1,'','acp',1,18,39,'ACP_BOARD_CONFIGURATION','',''),(4,1,1,'','acp',1,40,47,'ACP_CLIENT_COMMUNICATION','',''),(5,1,1,'','acp',1,48,59,'ACP_SERVER_CONFIGURATION','',''),(6,1,1,'','acp',0,61,78,'ACP_CAT_FORUMS','',''),(7,1,1,'','acp',6,62,67,'ACP_MANAGE_FORUMS','',''),(8,1,1,'','acp',6,68,77,'ACP_FORUM_BASED_PERMISSIONS','',''),(9,1,1,'','acp',0,79,102,'ACP_CAT_POSTING','',''),(10,1,1,'','acp',9,80,91,'ACP_MESSAGES','',''),(11,1,1,'','acp',9,92,101,'ACP_ATTACHMENTS','',''),(12,1,1,'','acp',0,103,156,'ACP_CAT_USERGROUP','',''),(13,1,1,'','acp',12,104,135,'ACP_CAT_USERS','',''),(14,1,1,'','acp',12,136,143,'ACP_GROUPS','',''),(15,1,1,'','acp',12,144,155,'ACP_USER_SECURITY','',''),(16,1,1,'','acp',0,157,204,'ACP_CAT_PERMISSIONS','',''),(17,1,1,'','acp',16,160,169,'ACP_GLOBAL_PERMISSIONS','',''),(18,1,1,'','acp',16,170,179,'ACP_FORUM_BASED_PERMISSIONS','',''),(19,1,1,'','acp',16,180,189,'ACP_PERMISSION_ROLES','',''),(20,1,1,'','acp',16,190,203,'ACP_PERMISSION_MASKS','',''),(21,1,1,'','acp',0,205,218,'ACP_CAT_STYLES','',''),(22,1,1,'','acp',21,206,209,'ACP_STYLE_MANAGEMENT','',''),(23,1,1,'','acp',21,210,217,'ACP_STYLE_COMPONENTS','',''),(24,1,1,'','acp',0,219,238,'ACP_CAT_MAINTENANCE','',''),(25,1,1,'','acp',24,220,229,'ACP_FORUM_LOGS','',''),(26,1,1,'','acp',24,230,237,'ACP_CAT_DATABASE','',''),(27,1,1,'','acp',0,239,264,'ACP_CAT_SYSTEM','',''),(28,1,1,'','acp',27,240,243,'ACP_AUTOMATION','',''),(29,1,1,'','acp',27,244,255,'ACP_GENERAL_TASKS','',''),(30,1,1,'','acp',27,256,263,'ACP_MODULE_MANAGEMENT','',''),(31,1,1,'','acp',0,265,266,'ACP_CAT_DOT_MODS','',''),(32,1,1,'attachments','acp',3,19,20,'ACP_ATTACHMENT_SETTINGS','attach','acl_a_attach'),(33,1,1,'attachments','acp',11,93,94,'ACP_ATTACHMENT_SETTINGS','attach','acl_a_attach'),(34,1,1,'attachments','acp',11,95,96,'ACP_MANAGE_EXTENSIONS','extensions','acl_a_attach'),(35,1,1,'attachments','acp',11,97,98,'ACP_EXTENSION_GROUPS','ext_groups','acl_a_attach'),(36,1,1,'attachments','acp',11,99,100,'ACP_ORPHAN_ATTACHMENTS','orphan','acl_a_attach'),(37,1,1,'ban','acp',15,145,146,'ACP_BAN_EMAILS','email','acl_a_ban'),(38,1,1,'ban','acp',15,147,148,'ACP_BAN_IPS','ip','acl_a_ban'),(39,1,1,'ban','acp',15,149,150,'ACP_BAN_USERNAMES','user','acl_a_ban'),(40,1,1,'bbcodes','acp',10,81,82,'ACP_BBCODES','bbcodes','acl_a_bbcode'),(41,1,1,'board','acp',3,21,22,'ACP_BOARD_SETTINGS','settings','acl_a_board'),(42,1,1,'board','acp',3,23,24,'ACP_BOARD_FEATURES','features','acl_a_board'),(43,1,1,'board','acp',3,25,26,'ACP_AVATAR_SETTINGS','avatar','acl_a_board'),(44,1,1,'board','acp',3,27,28,'ACP_MESSAGE_SETTINGS','message','acl_a_board'),(45,1,1,'board','acp',10,83,84,'ACP_MESSAGE_SETTINGS','message','acl_a_board'),(46,1,1,'board','acp',3,29,30,'ACP_POST_SETTINGS','post','acl_a_board'),(47,1,1,'board','acp',3,31,32,'ACP_SIGNATURE_SETTINGS','signature','acl_a_board'),(48,1,1,'board','acp',3,33,34,'ACP_REGISTER_SETTINGS','registration','acl_a_board'),(49,1,1,'board','acp',4,41,42,'ACP_AUTH_SETTINGS','auth','acl_a_server'),(50,1,1,'board','acp',4,43,44,'ACP_EMAIL_SETTINGS','email','acl_a_server'),(51,1,1,'board','acp',5,49,50,'ACP_COOKIE_SETTINGS','cookie','acl_a_server'),(52,1,1,'board','acp',5,51,52,'ACP_SERVER_SETTINGS','server','acl_a_server'),(53,1,1,'board','acp',5,53,54,'ACP_SECURITY_SETTINGS','security','acl_a_server'),(54,1,1,'board','acp',5,55,56,'ACP_LOAD_SETTINGS','load','acl_a_server'),(55,1,1,'bots','acp',29,245,246,'ACP_BOTS','bots','acl_a_bots'),(56,1,1,'captcha','acp',3,35,36,'ACP_VC_SETTINGS','visual','acl_a_board'),(57,1,0,'captcha','acp',3,37,38,'ACP_VC_CAPTCHA_DISPLAY','img','acl_a_board'),(58,1,1,'database','acp',26,231,232,'ACP_BACKUP','backup','acl_a_backup'),(59,1,1,'database','acp',26,233,234,'ACP_RESTORE','restore','acl_a_backup'),(60,1,1,'disallow','acp',15,151,152,'ACP_DISALLOW_USERNAMES','usernames','acl_a_names'),(61,1,1,'email','acp',29,247,248,'ACP_MASS_EMAIL','email','acl_a_email'),(62,1,1,'forums','acp',7,63,64,'ACP_MANAGE_FORUMS','manage','acl_a_forum'),(63,1,1,'groups','acp',14,137,138,'ACP_GROUPS_MANAGE','manage','acl_a_group'),(64,1,1,'icons','acp',10,85,86,'ACP_ICONS','icons','acl_a_icons'),(65,1,1,'icons','acp',10,87,88,'ACP_SMILIES','smilies','acl_a_icons'),(66,1,1,'inactive','acp',13,107,108,'ACP_INACTIVE_USERS','list','acl_a_user'),(67,1,1,'jabber','acp',4,45,46,'ACP_JABBER_SETTINGS','settings','acl_a_jabber'),(68,1,1,'language','acp',29,249,250,'ACP_LANGUAGE_PACKS','lang_packs','acl_a_language'),(69,1,1,'logs','acp',25,221,222,'ACP_ADMIN_LOGS','admin','acl_a_viewlogs'),(70,1,1,'logs','acp',25,223,224,'ACP_MOD_LOGS','mod','acl_a_viewlogs'),(71,1,1,'logs','acp',25,225,226,'ACP_USERS_LOGS','users','acl_a_viewlogs'),(72,1,1,'logs','acp',25,227,228,'ACP_CRITICAL_LOGS','critical','acl_a_viewlogs'),(73,1,1,'main','acp',1,2,3,'ACP_INDEX','main',''),(74,1,1,'modules','acp',30,257,258,'ACP','acp','acl_a_modules'),(75,1,1,'modules','acp',30,259,260,'UCP','ucp','acl_a_modules'),(76,1,1,'modules','acp',30,261,262,'MCP','mcp','acl_a_modules'),(77,1,1,'permission_roles','acp',19,181,182,'ACP_ADMIN_ROLES','admin_roles','acl_a_roles && acl_a_aauth'),(78,1,1,'permission_roles','acp',19,183,184,'ACP_USER_ROLES','user_roles','acl_a_roles && acl_a_uauth'),(79,1,1,'permission_roles','acp',19,185,186,'ACP_MOD_ROLES','mod_roles','acl_a_roles && acl_a_mauth'),(80,1,1,'permission_roles','acp',19,187,188,'ACP_FORUM_ROLES','forum_roles','acl_a_roles && acl_a_fauth'),(81,1,1,'permissions','acp',16,158,159,'ACP_PERMISSIONS','intro','acl_a_authusers || acl_a_authgroups || acl_a_viewauth'),(82,1,0,'permissions','acp',20,191,192,'ACP_PERMISSION_TRACE','trace','acl_a_viewauth'),(83,1,1,'permissions','acp',18,171,172,'ACP_FORUM_PERMISSIONS','setting_forum_local','acl_a_fauth && (acl_a_authusers || acl_a_authgroups)'),(84,1,1,'permissions','acp',18,173,174,'ACP_FORUM_MODERATORS','setting_mod_local','acl_a_mauth && (acl_a_authusers || acl_a_authgroups)'),(85,1,1,'permissions','acp',17,161,162,'ACP_USERS_PERMISSIONS','setting_user_global','acl_a_authusers && (acl_a_aauth || acl_a_mauth || acl_a_uauth)'),(86,1,1,'permissions','acp',13,109,110,'ACP_USERS_PERMISSIONS','setting_user_global','acl_a_authusers && (acl_a_aauth || acl_a_mauth || acl_a_uauth)'),(87,1,1,'permissions','acp',18,175,176,'ACP_USERS_FORUM_PERMISSIONS','setting_user_local','acl_a_authusers && (acl_a_mauth || acl_a_fauth)'),(88,1,1,'permissions','acp',13,111,112,'ACP_USERS_FORUM_PERMISSIONS','setting_user_local','acl_a_authusers && (acl_a_mauth || acl_a_fauth)'),(89,1,1,'permissions','acp',17,163,164,'ACP_GROUPS_PERMISSIONS','setting_group_global','acl_a_authgroups && (acl_a_aauth || acl_a_mauth || acl_a_uauth)'),(90,1,1,'permissions','acp',14,139,140,'ACP_GROUPS_PERMISSIONS','setting_group_global','acl_a_authgroups && (acl_a_aauth || acl_a_mauth || acl_a_uauth)'),(91,1,1,'permissions','acp',18,177,178,'ACP_GROUPS_FORUM_PERMISSIONS','setting_group_local','acl_a_authgroups && (acl_a_mauth || acl_a_fauth)'),(92,1,1,'permissions','acp',14,141,142,'ACP_GROUPS_FORUM_PERMISSIONS','setting_group_local','acl_a_authgroups && (acl_a_mauth || acl_a_fauth)'),(93,1,1,'permissions','acp',17,165,166,'ACP_ADMINISTRATORS','setting_admin_global','acl_a_aauth && (acl_a_authusers || acl_a_authgroups)'),(94,1,1,'permissions','acp',17,167,168,'ACP_GLOBAL_MODERATORS','setting_mod_global','acl_a_mauth && (acl_a_authusers || acl_a_authgroups)'),(95,1,1,'permissions','acp',20,193,194,'ACP_VIEW_ADMIN_PERMISSIONS','view_admin_global','acl_a_viewauth'),(96,1,1,'permissions','acp',20,195,196,'ACP_VIEW_USER_PERMISSIONS','view_user_global','acl_a_viewauth'),(97,1,1,'permissions','acp',20,197,198,'ACP_VIEW_GLOBAL_MOD_PERMISSIONS','view_mod_global','acl_a_viewauth'),(98,1,1,'permissions','acp',20,199,200,'ACP_VIEW_FORUM_MOD_PERMISSIONS','view_mod_local','acl_a_viewauth'),(99,1,1,'permissions','acp',20,201,202,'ACP_VIEW_FORUM_PERMISSIONS','view_forum_local','acl_a_viewauth'),(100,1,1,'php_info','acp',29,251,252,'ACP_PHP_INFO','info','acl_a_phpinfo'),(101,1,1,'profile','acp',13,113,114,'ACP_CUSTOM_PROFILE_FIELDS','profile','acl_a_profile'),(102,1,1,'prune','acp',7,65,66,'ACP_PRUNE_FORUMS','forums','acl_a_prune'),(103,1,1,'prune','acp',15,153,154,'ACP_PRUNE_USERS','users','acl_a_userdel'),(104,1,1,'ranks','acp',13,115,116,'ACP_MANAGE_RANKS','ranks','acl_a_ranks'),(105,1,1,'reasons','acp',29,253,254,'ACP_MANAGE_REASONS','main','acl_a_reasons'),(106,1,1,'search','acp',5,57,58,'ACP_SEARCH_SETTINGS','settings','acl_a_search'),(107,1,1,'search','acp',26,235,236,'ACP_SEARCH_INDEX','index','acl_a_search'),(108,1,1,'styles','acp',22,207,208,'ACP_STYLES','style','acl_a_styles'),(109,1,1,'styles','acp',23,211,212,'ACP_TEMPLATES','template','acl_a_styles'),(110,1,1,'styles','acp',23,213,214,'ACP_THEMES','theme','acl_a_styles'),(111,1,1,'styles','acp',23,215,216,'ACP_IMAGESETS','imageset','acl_a_styles'),(112,1,1,'update','acp',28,241,242,'ACP_VERSION_CHECK','version_check','acl_a_board'),(113,1,1,'users','acp',13,105,106,'ACP_MANAGE_USERS','overview','acl_a_user'),(114,1,0,'users','acp',13,117,118,'ACP_USER_FEEDBACK','feedback','acl_a_user'),(115,1,0,'users','acp',13,119,120,'ACP_USER_PROFILE','profile','acl_a_user'),(116,1,0,'users','acp',13,121,122,'ACP_USER_PREFS','prefs','acl_a_user'),(117,1,0,'users','acp',13,123,124,'ACP_USER_AVATAR','avatar','acl_a_user'),(118,1,0,'users','acp',13,125,126,'ACP_USER_RANK','rank','acl_a_user'),(119,1,0,'users','acp',13,127,128,'ACP_USER_SIG','sig','acl_a_user'),(120,1,0,'users','acp',13,129,130,'ACP_USER_GROUPS','groups','acl_a_user && acl_a_group'),(121,1,0,'users','acp',13,131,132,'ACP_USER_PERM','perm','acl_a_user && acl_a_viewauth'),(122,1,0,'users','acp',13,133,134,'ACP_USER_ATTACH','attach','acl_a_user'),(123,1,1,'words','acp',10,89,90,'ACP_WORDS','words','acl_a_words'),(124,1,1,'users','acp',2,5,6,'ACP_MANAGE_USERS','overview','acl_a_user'),(125,1,1,'groups','acp',2,7,8,'ACP_GROUPS_MANAGE','manage','acl_a_group'),(126,1,1,'forums','acp',2,9,10,'ACP_MANAGE_FORUMS','manage','acl_a_forum'),(127,1,1,'logs','acp',2,11,12,'ACP_MOD_LOGS','mod','acl_a_viewlogs'),(128,1,1,'bots','acp',2,13,14,'ACP_BOTS','bots','acl_a_bots'),(129,1,1,'php_info','acp',2,15,16,'ACP_PHP_INFO','info','acl_a_phpinfo'),(130,1,1,'permissions','acp',8,69,70,'ACP_FORUM_PERMISSIONS','setting_forum_local','acl_a_fauth && (acl_a_authusers || acl_a_authgroups)'),(131,1,1,'permissions','acp',8,71,72,'ACP_FORUM_MODERATORS','setting_mod_local','acl_a_mauth && (acl_a_authusers || acl_a_authgroups)'),(132,1,1,'permissions','acp',8,73,74,'ACP_USERS_FORUM_PERMISSIONS','setting_user_local','acl_a_authusers && (acl_a_mauth || acl_a_fauth)'),(133,1,1,'permissions','acp',8,75,76,'ACP_GROUPS_FORUM_PERMISSIONS','setting_group_local','acl_a_authgroups && (acl_a_mauth || acl_a_fauth)'),(134,1,1,'','mcp',0,1,10,'MCP_MAIN','',''),(135,1,1,'','mcp',0,11,18,'MCP_QUEUE','',''),(136,1,1,'','mcp',0,19,26,'MCP_REPORTS','',''),(137,1,1,'','mcp',0,27,32,'MCP_NOTES','',''),(138,1,1,'','mcp',0,33,42,'MCP_WARN','',''),(139,1,1,'','mcp',0,43,50,'MCP_LOGS','',''),(140,1,1,'','mcp',0,51,58,'MCP_BAN','',''),(141,1,1,'ban','mcp',140,52,53,'MCP_BAN_USERNAMES','user','acl_m_ban'),(142,1,1,'ban','mcp',140,54,55,'MCP_BAN_IPS','ip','acl_m_ban'),(143,1,1,'ban','mcp',140,56,57,'MCP_BAN_EMAILS','email','acl_m_ban'),(144,1,1,'logs','mcp',139,44,45,'MCP_LOGS_FRONT','front','acl_m_ || aclf_m_'),(145,1,1,'logs','mcp',139,46,47,'MCP_LOGS_FORUM_VIEW','forum_logs','acl_m_,$id'),(146,1,1,'logs','mcp',139,48,49,'MCP_LOGS_TOPIC_VIEW','topic_logs','acl_m_,$id'),(147,1,1,'main','mcp',134,2,3,'MCP_MAIN_FRONT','front',''),(148,1,1,'main','mcp',134,4,5,'MCP_MAIN_FORUM_VIEW','forum_view','acl_m_,$id'),(149,1,1,'main','mcp',134,6,7,'MCP_MAIN_TOPIC_VIEW','topic_view','acl_m_,$id'),(150,1,1,'main','mcp',134,8,9,'MCP_MAIN_POST_DETAILS','post_details','acl_m_,$id || (!$id && aclf_m_)'),(151,1,1,'notes','mcp',137,28,29,'MCP_NOTES_FRONT','front',''),(152,1,1,'notes','mcp',137,30,31,'MCP_NOTES_USER','user_notes',''),(153,1,1,'queue','mcp',135,12,13,'MCP_QUEUE_UNAPPROVED_TOPICS','unapproved_topics','aclf_m_approve'),(154,1,1,'queue','mcp',135,14,15,'MCP_QUEUE_UNAPPROVED_POSTS','unapproved_posts','aclf_m_approve'),(155,1,1,'queue','mcp',135,16,17,'MCP_QUEUE_APPROVE_DETAILS','approve_details','acl_m_approve,$id || (!$id && aclf_m_approve)'),(156,1,1,'reports','mcp',136,20,21,'MCP_REPORTS_OPEN','reports','aclf_m_report'),(157,1,1,'reports','mcp',136,22,23,'MCP_REPORTS_CLOSED','reports_closed','aclf_m_report'),(158,1,1,'reports','mcp',136,24,25,'MCP_REPORT_DETAILS','report_details','acl_m_report,$id || (!$id && aclf_m_report)'),(159,1,1,'warn','mcp',138,34,35,'MCP_WARN_FRONT','front','aclf_m_warn'),(160,1,1,'warn','mcp',138,36,37,'MCP_WARN_LIST','list','aclf_m_warn'),(161,1,1,'warn','mcp',138,38,39,'MCP_WARN_USER','warn_user','aclf_m_warn'),(162,1,1,'warn','mcp',138,40,41,'MCP_WARN_POST','warn_post','acl_m_warn,$id || (!$id && aclf_m_warn)'),(163,1,1,'','ucp',0,1,12,'UCP_MAIN','',''),(164,1,1,'','ucp',0,13,22,'UCP_PROFILE','',''),(165,1,1,'','ucp',0,23,30,'UCP_PREFS','',''),(166,1,1,'','ucp',0,31,42,'UCP_PM','',''),(167,1,1,'','ucp',0,43,48,'UCP_USERGROUPS','',''),(168,1,1,'','ucp',0,49,54,'UCP_ZEBRA','',''),(169,1,1,'attachments','ucp',163,10,11,'UCP_MAIN_ATTACHMENTS','attachments','acl_u_attach'),(170,1,1,'groups','ucp',167,44,45,'UCP_USERGROUPS_MEMBER','membership',''),(171,1,1,'groups','ucp',167,46,47,'UCP_USERGROUPS_MANAGE','manage',''),(172,1,1,'main','ucp',163,2,3,'UCP_MAIN_FRONT','front',''),(173,1,1,'main','ucp',163,4,5,'UCP_MAIN_SUBSCRIBED','subscribed',''),(174,1,1,'main','ucp',163,6,7,'UCP_MAIN_BOOKMARKS','bookmarks','cfg_allow_bookmarks'),(175,1,1,'main','ucp',163,8,9,'UCP_MAIN_DRAFTS','drafts',''),(176,1,0,'pm','ucp',166,32,33,'UCP_PM_VIEW','view','cfg_allow_privmsg'),(177,1,1,'pm','ucp',166,34,35,'UCP_PM_COMPOSE','compose','cfg_allow_privmsg'),(178,1,1,'pm','ucp',166,36,37,'UCP_PM_DRAFTS','drafts','cfg_allow_privmsg'),(179,1,1,'pm','ucp',166,38,39,'UCP_PM_OPTIONS','options','cfg_allow_privmsg'),(180,1,0,'pm','ucp',166,40,41,'UCP_PM_POPUP_TITLE','popup','cfg_allow_privmsg'),(181,1,1,'prefs','ucp',165,24,25,'UCP_PREFS_PERSONAL','personal',''),(182,1,1,'prefs','ucp',165,26,27,'UCP_PREFS_POST','post',''),(183,1,1,'prefs','ucp',165,28,29,'UCP_PREFS_VIEW','view',''),(184,1,1,'profile','ucp',164,14,15,'UCP_PROFILE_PROFILE_INFO','profile_info',''),(185,1,1,'profile','ucp',164,16,17,'UCP_PROFILE_SIGNATURE','signature',''),(186,1,1,'profile','ucp',164,18,19,'UCP_PROFILE_AVATAR','avatar',''),(187,1,1,'profile','ucp',164,20,21,'UCP_PROFILE_REG_DETAILS','reg_details',''),(188,1,1,'zebra','ucp',168,50,51,'UCP_ZEBRA_FRIENDS','friends',''),(189,1,1,'zebra','ucp',168,52,53,'UCP_ZEBRA_FOES','foes','');

--
