(363,1379,0),(363,673,0),(363,415,0),(363,8309,0),(363,693,0),(363,80,0),(363,8305,0),(363,220,0),(363,583,0),(363,3188,0),(363,4018,0),(363,434,0),(363,3364,0),(363,595,0),(363,204,0),(363,8303,0),(363,8333,0),(363,8334,0),(363,8266,0),(363,3999,0),(363,448,0),(363,4212,0),(363,5588,0),(363,8307,0),(363,2137,0),(363,110,0),(363,428,0),(363,826,0),(711,11615,0),(711,14189,0),(711,1312,0),(948,1010,0),(948,45179,0),(948,3149,0),(948,395,0),(948,296,0),(948,451,0),(948,148,0),(948,3835,0),(948,2707,0),(948,46,0),(948,268,0),(948,2274,0),(948,45159,0),(948,45165,0),(948,4219,0),(948,2688,0),(948,69,0),(948,4232,0),(948,15256,0),(948,3008,0),(948,67,0),(948,9493,0),(711,2976,0),(948,2703,0),(948,647,0),(948,22,0),(948,424,0),(948,3649,0),(948,3278,0),(948,452,0),(948,1397,0),(948,45164,0),(948,812,0),(948,904,0),(948,74,0),(948,442,0),(948,2003,0),(948,6794,0),(948,7107,0),(948,3672,0),(948,2441,0),(948,1357,0),(948,6466,0),(948,45175,0),(948,1218,0),(948,1513,0),(948,221,0),(948,2245,0),(948,12,0),(948,2389,0),(948,16565,0),(948,3000,0),(948,45172,0),(948,885,0),(948,45189,0),(948,45160,0),(948,384,0),(948,19923,0),(948,347,0),(948,76,0),(948,619,0),(948,4562,0),(948,1572,0),(948,163,0),(948,678,0),(948,3580,0),(948,41148,0),(948,2560,0),(948,15784,0),(948,143,0),(948,6863,0),(948,9436,0),(948,326,0),(948,45181,0),(948,2549,0),(948,914,0),(948,2084,0),(948,1670,0),(948,66,0),(948,2691,0),(948,2199,0),(948,17644,0),(948,979,0),(948,1316,0),(948,6757,0),(948,45187,0),(948,3705,0),(948,1641,0),(948,4640,0),(948,405,0),(948,6106,0),(948,260,0),(948,292,0),(948,1168,0),(948,1131,0),(948,21786,0),(948,1922,0),(948,771,0),(948,4421,0),(948,5727,0),(948,45166,0),(948,48,0),(948,45167,0),(948,736,0),(948,4813,0),(948,2905,0),(948,1844,0),(948,611,0),(948,45186,0),(948,271,0),(948,1149,0),(948,214,0),(948,13848,0),(948,1975,0),(948,5386,0),(948,492,0),(948,45170,0),(948,1076,0),(948,314,0),(948,1023,0),(948,3841,0),(948,4496,0),(948,1796,0),(948,1101,0),(948,3654,0),(948,375,0),(948,51,0),(948,489,0),(948,503,0),(948,4005,0),(948,2321,0),(948,1215,0),(948,2430,0),(948,2897,0),(948,11,0),(948,950,0),(948,1179,0),(948,80,0),(948,43,0),(948,6257,0),(948,196,0),(948,1361,0),(948,595,0),(948,204,0),(948,2115,0),(948,45188,0),(948,448,0),(948,1349,0),(948,45162,0),(948,44176,0),(948,639,0),(948,110,0),(948,45168,0),(948,1094,0),(948,1655,0),(948,275,0),(947,14126,1),(947,1154,1),(947,9733,1),(947,18928,1),(947,3546,1),(947,45134,0),(947,42156,0),(947,7,0),(947,105,0),(947,9622,0),(947,1312,0),(947,15425,0),(947,45152,0),(947,1674,0),(947,45142,0),(947,15430,0),(947,123,0),(947,62,0),(947,482,0),(947,45080,0),(947,4378,0),(947,42912,0),(947,16742,0),(947,45051,0),(947,44758,0),(947,9942,0),(947,2590,0),(947,45145,0),(947,45076,0),(947,23406,0),(947,6733,0),(947,45127,0),(947,45139,0),(947,44729,0),(947,10,0),(947,45045,0),(947,1391,0),(947,15837,0),(947,2783,0),(947,23,0),(947,45128,0),(947,1694,0),(947,742,0),(947,3428,0),(947,45109,0),(947,18191,0),(947,45091,0),(947,45094,0),(947,4860,0),(947,7262,0),(947,45117,0),(947,45088,0),(947,45043,0),(947,7383,0),(947,45123,0),(947,17377,0),(947,20326,0),(947,14956,0),(947,45083,0),(947,14381,0),(947,408,0),(947,17378,0),(947,3396,0),(947,15132,0),(947,8050,0),(947,45086,0),(947,16452,0),(947,11160,0),(947,3374,0),(947,9270,0),(947,45154,0),(947,45055,0),(947,45106,0),(947,44827,0),(947,12943,0),(947,45082,0),(947,44068,0),(947,17775,0),(947,45098,0),(947,45096,0),(947,45061,0),(947,8665,0),(947,45075,0),(947,1617,0),(711,55,0),(711,847,0),(711,19144,0),(711,257,0),(711,1371,0),(711,19163,0),(711,19132,0),(487,3482,0),(487,3481,0),(487,1253,0),(487,1059,0),(487,1018,0),(487,10141,1),(487,1059,1),(711,19150,0),(711,19160,0),(711,19172,0),(711,233,0),(948,423,0),(948,355,0),(948,23,1),(948,45191,1),(948,2601,1),(948,1014,1),(948,10880,1),(948,1655,1),(948,275,1),(948,6252,0),(948,7,0),(948,5873,0),(948,169,0),(948,1392,0),(948,123,0),(948,542,0),(948,60,0),(948,496,0),(948,45176,0),(948,5442,0),(948,62,0),(948,1405,0),(948,98,0),(948,229,0),(948,425,0),(948,3329,0),(948,4134,0),(948,45171,0),(948,147,0),(948,3813,0),(948,547,0),(948,6021,0),(948,8062,0),(948,553,0),(948,653,0),(948,876,0),(948,45190,0),(948,1529,0),(948,26,0),(948,749,0),(948,21791,0),(948,1938,0),(948,3133,0),(948,1762,0),(948,1970,0),(948,2469,0),(948,153,0),(948,397,0),(948,2530,0),(948,2877,0),(948,109,0),(948,244,0),(948,5512,0),(948,291,0),(948,3994,0),(948,447,0),(948,1,0),(948,752,0),(948,265,0),(948,806,0),(948,461,0),(948,843,0),(948,145,0),(948,358,0),(948,23,0),(948,127,0),(948,6986,0),(948,2487,0),(948,176,0),(948,1504,0),(948,935,0),(948,1400,0),(948,517,0),(948,45182,0),(948,319,0),(948,2899,0),(948,45180,0),(948,1160,0),(948,742,0),(948,2296,0),(948,5872,0),(948,991,0),(948,54,0),(948,776,0),(948,45169,0),(948,42,0),(948,1653,0),(948,515,0),(948,4244,0),(948,457,0),(948,1671,0),(948,83,0),(948,45185,0),(948,4950,0),(948,45161,0),(948,3682,0),(948,2010,0),(948,962,0),(948,1048,0),(948,901,0),(948,45183,0),(948,458,0),(948,1847,0),(948,2412,0),(948,8276,0),(948,2052,0),(948,162,0),(948,1636,0),(948,1409,0),(948,17,0),(948,539,0),(948,72,0),(948,404,0),(948,1915,0),(948,1356,0),(948,357,0),(948,929,0),(948,2683,0),(948,38,0),(948,842,0),(948,1221,0),(948,2301,0),(948,1533,0),(948,253,0),(948,45158,0),(948,6456,0),(948,1461,0),(948,5316,0),(948,141,0),(948,590,0),(948,49,0),(948,45184,0),(948,715,0),(948,954,0),(948,740,0),(948,311,0),(948,44376,0),(948,2252,0),(948,45177,0),(948,501,0),(948,849,0),(948,450,0),(948,3984,0),(948,6191,0),(948,1992,0),(948,7762,0),(948,2346,0),(948,1142,0),(948,1897,0),(948,4607,0),(948,184,0),(948,45174,0),(948,1702,0),(948,2961,0),(948,536,0),(948,2429,0),(948,400,0),(948,47,0),(948,133,0),(948,2911,0),(948,108,0),(948,32,0),(948,154,0),(948,599,0),(948,366,0),(948,1587,0),(948,288,0),(948,918,0),(948,3228,0),(948,4224,0),(948,146,0),(948,119,0),(948,310,0),(948,317,0),(948,683,0),(948,3989,0),(948,640,0),(948,4975,0),(948,2289,0),(948,839,0),(948,2878,0),(948,2194,0),(948,2246,0),(948,2394,0),(948,240,0),(948,125,0),(948,149,0),(948,699,0),(948,385,0),(948,1163,0),(948,844,0),(948,645,0),(948,815,0),(948,243,0),(948,1692,0),(948,1628,0),(948,1814,0),(948,378,0),(948,14,0),(948,190,0),(948,402,0),(948,1532,0),(948,1686,0),(948,273,0),(948,565,0),(948,1675,0),(948,140,0),(948,624,0),(948,2601,0),(948,56,0),(948,45163,0),(948,45178,0),(948,114,0),(948,7184,0),(948,8262,0),(948,610,0),(948,495,0),(948,965,0),(948,579,0),(948,1398,0),(948,39,0),(948,185,0),(948,1014,0),(948,45173,0),(948,7114,0),(948,739,0),(948,772,0),(948,75,0),(948,2891,0),(948,4024,0),(948,5793,0),(948,112,0),(948,3853,0),(711,19147,0),(711,12856,0),(711,11410,0),(941,19489,1),(941,7,0),(941,123,0),(941,1213,0),(941,354,0),(941,358,0),(941,23,0),(941,2011,0),(941,2535,0),(941,1533,0),(941,8281,0),(941,767,0),(941,1078,0),(941,1638,0),(941,1211,0),(941,6339,0),(941,41661,0),(941,203,0),(941,112,0),(941,1637,0),(941,69,0),(941,1146,0),(941,768,0),(941,2537,0),(941,9258,0),(941,11,0),(941,44393,0),(941,595,0),(941,13051,0),(941,639,0),(947,45104,0),(947,45103,0),(947,45144,0),(947,45153,0),(947,45129,0),(947,577,0),(947,45067,0),(947,3395,0),(947,23731,0),(947,2366,0),(947,45141,0),(947,42080,0),(947,10142,0),(947,43767,0),(947,45052,0),(947,43933,0),(947,45156,0),(947,1744,0),(947,42385,0),(947,42197,0),(947,45084,0),(947,45105,0),(947,45149,0),(947,45136,0),(947,45056,0),(947,14363,0),(947,281,0),(947,2457,0),(947,44728,0),(947,45157,0),(947,6192,0),(947,8938,0),(947,769,0),(947,45057,0),(947,4856,0),(947,45070,0),(947,1945,0),(947,43065,0),(947,45137,0),(947,1155,0),(947,9004,0),(947,725,0),(947,1314,0),(947,21282,0),(947,122,0),(947,11003,0),(947,1879,0),(947,913,0),(947,45124,0),(947,7927,0),(947,41929,0),(947,7257,0),(947,42425,0),(947,42424,0),(947,45118,0),(947,45054,0),(947,18628,0),(947,35381,0),(947,9733,0),(947,14035,0),(947,21471,0),(947,9779,0),(711,19136,0),(947,42585,0),(947,42427,0),(947,781,0),(947,45048,0),(947,44950,0),(947,14420,0),(947,45125,0),(947,4859,0),(947,14351,0),(947,45066,0),(947,44703,0),(947,1099,0),(947,45150,0),(947,2638,0),(947,24,0),(947,9885,0),(947,8515,0),(947,22061,0),(947,4335,0),(947,45130,0),(947,45113,0),(947,10486,0),(947,11299,0),(947,45058,0),(947,2131,0),(947,9831,0),(947,13539,0),(947,2788,0),(947,5266,0),(947,5588,0),(947,42155,0),(947,1083,0),(947,45073,0),(947,45108,0),(947,45097,0),(947,45069,0),(947,45120,0),(947,45107,0),(947,45053,0),(947,45100,0),(947,45077,0),(947,15318,0),(947,19489,0),(947,275,0),(947,11858,0),(947,152,0),(947,13530,0),(947,3720,0),(947,45074,0),(947,45143,0),(947,45132,0),(947,15406,0),(947,45087,0),(947,45110,0),(947,45050,0),(947,45116,0),(947,45060,0),(946,27133,1),(946,13073,1),(946,45042,1),(946,1771,1),(946,9733,1),(946,42427,1),(946,3334,0),(946,44582,0),(946,42156,0),(946,105,0),(946,9622,0),(946,1312,0),(946,15425,0),(946,45017,0),(946,2016,0),(946,173,0),(946,15430,0),(946,45005,0),(946,1863,0),(946,847,0),(946,45021,0),(946,44986,0),(946,45019,0),(946,9942,0),(946,2590,0),(946,6558,0),(946,45014,0),(946,44958,0),(946,15432,0),(946,42763,0),(946,44979,0),(946,10,0),(946,44962,0),(946,44981,0),(946,44996,0),(946,6373,0),(946,44952,0),(946,45012,0),(946,45032,0),(946,9911,0),(946,3822,0),(946,44984,0),(946,53,0),(946,18388,0),(946,18191,0),(946,44948,0),(946,42232,0),(946,7262,0),(946,44994,0),(946,45018,0),(946,44970,0),(946,12448,0),(946,5373,0),(946,7383,0),(946,45030,0),(946,45006,0),(946,12742,0),(946,3681,0),(946,418,0),(946,14381,0),(946,11283,0),(946,15956,0),(946,45003,0),(946,44964,0),(946,44944,0),(946,45035,0),(946,1496,0),(946,45034,0),(946,18976,0),(946,561,0),(946,7463,0),(946,1754,0),(946,12314,0),(946,6844,0),(946,49,0),(946,1638,0),(946,20416,0),(946,44978,0),(946,44990,0),(946,1617,0),(946,3,0),(946,16404,0),(946,3519,0),(946,12666,0),(946,24578,0),(946,18495,0),(946,1142,0),(946,2618,0),(946,8969,0),(946,10434,0),(946,1998,0),(946,13661,0),(946,16453,0),(946,17978,0),(946,26655,0),(946,44552,0),(946,6286,0),(946,617,0),(946,44955,0),(946,8461,0),(946,42253,0),(946,1554,0),(946,45027,0),(946,6112,0),(946,133,0),(946,42588,0),(946,9862,0),(946,23751,0),(946,389,0),(946,366,0),(946,16915,0),(946,45011,0),(946,15537,0),(946,45028,0),(946,21,0),(946,45010,0),(946,1964,0),(946,2857,0),(946,866,0),(946,44985,0),(946,44987,0),(946,41687,0),(946,44409,0),(946,5059,0),(946,24523,0),(946,14578,0),(946,16684,0),(946,45008,0),(946,44973,0),(946,7082,0),(946,45026,0),(946,15436,0),(946,16887,0),(946,2216,0),(946,3651,0),(946,3574,0),(946,44982,0),(946,44712,0),(946,14475,0),(946,35568,0),(946,5958,0),(946,9939,0),(946,1052,0),(946,8630,0),(946,4722,0),(946,45025,0),(946,675,0),(946,45016,0),(946,45041,0),(946,9641,0),(946,4701,0),(946,10738,0),(946,44957,0),(946,28255,0),(946,4907,0),(946,2585,0),(946,8541,0),(946,42349,0),(946,1070,0),(946,7363,0),(946,45023,0),(946,1311,0),(711,19135,0),(946,1746,0),(946,7128,0),(946,1741,0),(946,16624,0),(946,203,0),(946,1157,0),(946,1721,0),(946,44961,0),(946,52,0),(946,45040,0),(946,14485,0),(946,45002,0),(946,14476,0),(946,1552,0),(946,251,0),(946,45036,0),(946,14236,0),(946,268,0),(946,45015,0),(946,44959,0),(946,44954,0),(946,14227,0),(946,45009,0),(946,3556,0),(946,15820,0),(946,44988,0),(946,12850,0),(946,44989,0),(946,2465,0),(946,44946,0),(946,44999,0),(946,45000,0),(946,558,0),(946,4147,0),(946,8963,0),(946,4494,0),(946,45020,0),(946,21070,0),(946,33510,0),(946,16234,0),(946,13,0),(946,42224,0),(946,9493,0),(946,45039,0),(946,2437,0),(946,577,0),(946,14196,0),(946,12384,0),(946,16469,0),(946,44947,0),(946,2327,0),(946,2366,0),(946,14696,0),(946,45029,0),(946,41912,0),(946,6514,0),(946,45022,0),(946,26232,0),(946,44977,0),(946,13615,0),(946,45031,0),(946,44993,0),(946,42373,0),(946,4233,0),(946,45013,0),(946,45037,0),(946,11230,0),(946,2995,0),(946,7655,0),(711,6331,0),(946,44995,0),(946,44980,0),(946,1314,0),(946,5407,0),(946,2968,0),(946,1407,0),(946,11003,0),(946,45024,0),(946,1879,0),(946,44942,0),(946,7927,0),(946,2889,0),(946,7257,0),(946,42425,0),(946,42424,0),(946,45001,0),(946,6809,0),(946,18628,0),(946,44945,0),(946,9733,0),(946,14035,0),(946,21471,0),(946,9779,0),(946,42441,0),(946,44949,0),(946,42585,0),(946,42427,0),(946,7048,0),(946,42439,0),(946,781,0),(946,44950,0),(946,14420,0),(946,45007,0),(946,16252,0),(946,45038,0),(946,44963,0),(946,44965,0),(946,1099,0),(946,2638,0),(946,44953,0),(946,24,0),(946,42440,0),(946,8515,0),(946,10770,0),(946,44951,0),(946,44956,0),(946,44991,0),(946,15191,0),(946,44968,0),(946,44943,0),(946,4854,0),(946,6254,0),(946,10486,0),(946,489,0),(946,11055,0),(946,9884,0),(946,44998,0),(946,44969,0),(946,44992,0),(946,44975,0),(946,5266,0),(946,44693,0),(946,42155,0),(946,44971,0),(946,15636,0),(946,44974,0),(946,44983,0),(946,44966,0),(946,44972,0),(946,45033,0),(711,19143,0),(946,44976,0),(946,45004,0),(946,44997,0),(946,20984,0),(946,5577,0),(946,44967,0),(946,275,0),(946,152,0),(946,44960,0),(946,44694,0),(945,590,1),(945,9759,1),(945,3515,1),(945,2366,1),(945,9733,1),(945,9031,1),(945,44910,0),(945,44582,0),(945,44900,0),(945,15494,0),(945,44857,0),(945,42156,0),(945,44875,0),(945,9646,0),(945,42670,0),(945,1312,0),(945,15425,0),(945,1674,0),(945,2016,0),(945,1392,0),(945,3236,0),(945,44935,0),(945,16708,0),(945,4054,0),(945,12629,0),(945,44876,0),(945,44855,0),(945,44833,0),(945,9780,0),(945,44420,0),(945,9942,0),(945,2590,0),(945,13556,0),(945,44866,0),(711,18140,0),(945,6620,0),(945,44830,0),(945,44838,0),(945,44930,0),(945,42460,0),(945,15432,0),(945,42763,0),(945,44842,0),(945,784,0),(945,44892,0),(945,1200,0),(945,397,0),(945,44882,0),(945,2059,0),(945,44904,0),(945,44911,0),(945,7089,0),(945,545,0),(945,86,0),(945,18191,0),(945,44936,0),(945,6324,0),(945,44938,0),(945,10084,0),(945,44867,0),(945,2474,0),(945,44846,0),(945,44845,0),(945,44863,0),(945,9977,0),(945,44878,0),(945,2907,0),(945,7383,0),(945,3100,0),(945,44891,0),(945,14381,0),(945,44854,0),(945,2075,0),(945,8597,0),(945,15956,0),(945,1308,0),(945,44850,0),(945,44939,0),(945,44937,0),(945,44847,0),(945,561,0),(945,1576,0),(945,44827,0),(945,1754,0),(945,44853,0),(945,12185,0),(945,44843,0),(945,44834,0),(945,44819,0),(945,42511,0),(945,44871,0),(945,8665,0),(945,44825,0),(945,801,0),(945,1617,0),(945,15417,0),(945,3,0),(945,1992,0),(945,1190,0),(945,1092,0),(945,2618,0),(945,8969,0),(945,15416,0),(945,16861,0),(945,10434,0),(945,1998,0),(945,1584,0),(945,16453,0),(945,26655,0),(945,12481,0),(945,5856,0),(945,44552,0),(945,15139,0),(945,6035,0),(945,617,0),(945,1554,0),(945,44883,0),(945,6112,0),(945,133,0),(945,3895,0),(945,1292,0),(945,44913,0),(945,44929,0),(945,16477,0),(945,9862,0),(945,389,0),(945,44901,0),(945,21,0),(945,16376,0),(945,1964,0),(945,2857,0),(945,14126,0),(945,16688,0),(945,44896,0),(945,5059,0),(945,15577,0),(945,16509,0),(945,44451,0),(945,15469,0),(945,5300,0),(945,14578,0),(945,44909,0),(945,44873,0),(945,44934,0),(945,44824,0),(945,2216,0),(945,9605,0),(945,3574,0),(945,44879,0),(945,44835,0),(945,4412,0),(945,5958,0),(945,44941,0),(945,15992,0),(945,44903,0),(945,1814,0),(945,15178,0),(945,8630,0),(945,150,0),(945,4842,0),(945,3441,0),(945,44864,0),(945,44908,0),(945,16918,0),(945,14463,0),(945,44861,0),(945,9641,0),(945,44837,0),(945,44859,0),(945,44933,0),(945,10939,0),(945,44898,0),(945,12776,0),(945,4907,0),(945,44918,0),(945,44916,0),(945,16756,0),(945,42860,0),(945,1232,0),(945,1177,0),(945,44920,0),(945,8541,0),(945,42349,0),(945,1144,0),(945,1070,0),(945,965,0),(945,44919,0),(945,44888,0),(945,1311,0),(945,1746,0),(945,7128,0),(945,44839,0),(945,1741,0),(945,203,0),(945,1154,0),(945,44823,0),(945,44821,0),(945,44828,0),(945,44826,0),(945,5319,0),(945,1157,0),(945,44917,0),(945,44832,0),(945,52,0),(945,2086,0),(945,44841,0),(945,44880,0),(945,14485,0),(945,44872,0),(945,2815,0),(945,44914,0),(945,940,0),(945,4796,0),(945,41781,0),(945,44844,0),(945,14236,0),(945,3515,0),(945,558,0),(945,4494,0),(945,33510,0),(945,16925,0),(945,13,0),(945,3746,0),(945,67,0),(945,577,0),(945,22248,0),(945,2903,0),(945,16469,0),(945,6713,0),(945,44893,0),(945,2366,0),(945,77,0),(945,6516,0),(945,44899,0),(945,44889,0),(945,44932,0),(945,44829,0),(945,44862,0),(945,44849,0),(945,2971,0),(945,44915,0),(945,1744,0),(945,7719,0),(945,9647,0),(945,44881,0),(945,42622,0),(945,42414,0),(945,42385,0),(945,44774,0),(945,3093,0),(945,13632,0),(945,2020,0),(945,44926,0),(945,44905,0),(945,44822,0),(945,4648,0),(711,19131,0),(945,44818,0),(945,44912,0),(945,10457,0),(945,906,0),(945,559,0),(945,13706,0),(945,4645,0),(945,44923,0),(945,41877,0),(945,44887,0),(945,12621,0),(711,2460,0),(945,42461,0),(945,44924,0),(945,44869,0),(945,1314,0),(945,44894,0),(945,44851,0),(945,16092,0),(945,122,0),(945,11003,0),(945,44895,0),(945,7257,0),(945,42425,0),(945,42424,0),(945,13497,0),(945,18628,0),(945,9733,0),(945,14035,0),(945,21471,0),(945,9779,0),(945,42427,0),(945,1808,0),(945,781,0),(945,14420,0),(945,44820,0),(945,4859,0),(945,4921,0),(945,44906,0),(945,1099,0),(945,44868,0),(945,24,0),(945,3788,0),(945,44831,0),(945,8515,0),(945,9678,0),(945,44890,0),(945,788,0),(945,135,0),(945,15191,0),(945,44852,0),(945,3546,0),(945,44902,0),(945,9658,0),(945,6852,0),(945,14131,0),(945,44928,0),(945,10486,0),(945,44931,0),(945,44940,0),(945,6399,0),(945,11055,0),(945,5484,0),(945,43,0),(945,44927,0),(945,44858,0),(945,13539,0),(945,15207,0),(945,42155,0),(945,44860,0),(945,44922,0),(945,44877,0),(945,44921,0),(945,44836,0),(945,44874,0),(945,44884,0),(945,44865,0),(945,44840,0),(945,44907,0),(945,44925,0),(945,42796,0),(945,44886,0),(945,41282,0),(945,42795,0),(945,42797,0),(945,44885,0),(945,42075,0),(945,44897,0),(945,44848,0),(945,44870,0),(945,44856,0),(945,44438,0),(945,44553,0),(945,241,0),(944,1287,1),(944,3100,1),(944,44817,1),(944,1750,1),(944,1289,1),(944,2857,1),(944,1736,1),(944,44801,0),(944,44787,0),(944,11047,0),(944,44701,0),(944,35698,0),(944,42156,0),(944,7,0),(944,44784,0),(944,1312,0),(944,15430,0),(944,44742,0),(944,44740,0),(944,293,0),(944,44710,0),(944,496,0),(944,482,0),(944,42500,0),(944,44720,0),(944,44656,0),(944,44758,0),(944,44420,0),(944,9655,0),(944,44653,0),(944,44662,0),(944,1287,0),(944,8486,0),(944,17701,0),(944,44783,0),(944,6733,0),(944,4537,0),(944,44788,0),(944,44674,0),(944,4505,0),(944,44732,0),(944,44699,0),(944,1181,0),(944,44729,0),(944,15432,0),(944,44761,0),(944,44786,0),(944,6541,0),(944,44706,0),(944,44723,0),(944,1762,0),(944,1254,0),(944,10,0),(944,44773,0),(944,44762,0),(944,655,0),(711,19155,0),(944,44691,0),(944,44760,0),(944,8530,0),(944,44705,0),(944,5047,0),(944,44752,0),(944,1291,0),(944,44658,0),(944,2810,0),(944,8586,0),(944,1694,0),(944,17778,0),(944,17126,0),(711,5583,0),(944,609,0),(944,42611,0),(944,44813,0),(944,4601,0),(944,44795,0),(944,5156,0),(944,44665,0),(944,1048,0),(944,44714,0),(944,44716,0),(944,44717,0),(944,3100,0),(944,1286,0),(944,1203,0),(944,14956,0),(944,14381,0),(944,44738,0),(944,44671,0),(944,44816,0),(944,30672,0),(944,1143,0),(944,1892,0),(944,23117,0),(944,6306,0),(944,6310,0),(944,1748,0),(944,4777,0),(944,42158,0),(944,44721,0),(944,44777,0),(944,44670,0),(944,44695,0),(944,9206,0),(944,16698,0),(944,15163,0),(944,44737,0),(944,44685,0),(944,44808,0),(944,44798,0),(944,44709,0),(944,44727,0),(944,7027,0),(944,1750,0),(944,4982,0),(944,1617,0),(944,44686,0),(944,3,0),(944,44664,0),(944,573,0),(944,1167,0),(944,44745,0),(944,2113,0),(944,42002,0),(944,15416,0),(944,5,0),(944,10434,0),(944,1288,0),(944,44780,0),(944,5545,0),(944,44707,0),(944,1596,0),(944,11001,0),(944,44696,0),(944,44772,0),(944,42157,0),(944,1554,0),(944,596,0),(944,44669,0),(944,1289,0),(944,44778,0),(944,44731,0),(944,7775,0),(944,16477,0),(944,43034,0),(944,16376,0),(944,44739,0),(944,1964,0),(944,2857,0),(944,11623,0),(944,866,0),(944,44678,0),(944,44796,0),(944,44734,0),(944,188,0),(944,44807,0),(944,44673,0),(944,14578,0),(944,4209,0),(944,16133,0),(944,44711,0),(711,1220,0),(944,44679,0),(944,7082,0),(944,15436,0),(711,13572,0),(944,16887,0),(944,4718,0),(944,3651,0),(944,11069,0),(944,43730,0),(944,44712,0),(944,44661,0),(944,44749,0),(944,44791,0),(944,3823,0),(944,44771,0),(944,3773,0),(944,44768,0),(944,44775,0),(944,3572,0),(944,1814,0),(944,44654,0),(944,8630,0),(944,1060,0),(944,44708,0),(944,5176,0),(944,10863,0),(944,5341,0),(944,19312,0),(944,44672,0),(944,44702,0),(944,2497,0),(944,44803,0),(944,2336,0),(944,44747,0),(944,44806,0),(944,9641,0),(944,44763,0),(944,274,0),(944,44718,0),(944,44652,0),(944,3618,0),(944,10759,0),(944,44776,0),(944,1177,0),(944,10856,0),(944,8541,0),(944,44684,0),(944,1070,0),(944,44766,0),(944,17960,0),(944,42186,0),(944,44811,0),(944,42618,0),(944,1311,0),(944,1746,0),(944,1741,0),(944,44810,0),(944,1452,0),(944,1154,0),(944,44794,0),(944,1157,0),(944,39,0),(944,44804,0),(944,52,0),(944,44802,0),(944,44757,0),(944,4328,0),(944,8628,0),(944,44715,0),(944,44764,0),(944,4796,0),(711,3282,0),(944,44675,0),(944,44756,0),(944,44759,0),(944,4726,0),(944,14236,0),(944,268,0),(944,564,0),(944,44677,0),(944,44676,0),(944,17962,0),(944,69,0),(944,558,0),(944,44753,0),(944,4494,0),(944,21070,0),(944,16925,0),(944,13,0),(944,3462,0),(944,67,0),(944,14874,0),(944,14883,0),(944,4403,0),(944,44750,0),(944,6713,0),(944,44725,0),(944,2093,0),(944,44748,0),(944,44789,0),(944,1218,0),(944,44790,0),(944,40813,0),(944,6625,0),(944,44668,0),(944,44814,0),(944,5284,0),(944,44741,0),(944,1744,0),(944,44774,0),(944,42271,0),(944,44733,0),(944,44735,0),(944,6626,0),(944,44681,0),(944,2096,0),(944,931,0),(944,42738,0),(944,44726,0),(944,1749,0),(944,44682,0),(944,44663,0),(944,44792,0),(944,2020,0),(944,44728,0),(944,163,0),(944,10559,0),(944,1737,0),(944,485,0),(944,14428,0),(944,8938,0),(944,30776,0),(944,44690,0),(944,18069,0),(944,44660,0),(944,43005,0),(944,20688,0),(944,17066,0),(944,4869,0),(944,11444,0),(944,43065,0),(944,44683,0),(944,42321,0),(944,3738,0),(944,1081,0),(944,1314,0),(944,1366,0),(944,11003,0),(944,2798,0),(944,1879,0),(944,44719,0),(944,11019,0),(944,44713,0),(944,1265,0),(944,3915,0),(944,7257,0),(944,16122,0),(944,6258,0),(944,44744,0),(944,1026,0),(944,330,0),(944,405,0),(944,260,0),(944,44805,0),(944,1736,0),(944,16322,0),(944,282,0),(944,44754,0),(944,44680,0),(944,3935,0),(944,44703,0),(944,44755,0),(944,1099,0),(944,16129,0),(944,44704,0),(944,44769,0),(944,24,0),(944,11745,0),(944,8515,0),(944,736,0),(944,788,0),(944,44655,0),(944,22533,0),(944,44456,0),(944,13557,0),(944,2605,0),(944,392,0),(944,44767,0),(944,2057,0),(944,22310,0),(944,8519,0),(944,10486,0),(944,44765,0),(944,2936,0),(944,2192,0),(944,42733,0),(944,44779,0),(944,2094,0),(944,808,0),(944,44743,0),(944,44800,0),(944,11,0),(944,44700,0),(944,9626,0),(944,44797,0),(944,44782,0),(944,42866,0),(944,2788,0),(944,44689,0),(944,42175,0),(944,42154,0),(944,5266,0),(944,5588,0),(944,44693,0),(944,42155,0),(944,44722,0),(944,44724,0),(944,44666,0),(944,44657,0),(944,44746,0),(944,44770,0),(944,44781,0),(944,44751,0),(944,44736,0),(944,44697,0),(944,44659,0),(944,44809,0),(944,44812,0),(944,42796,0),(944,44687,0),(944,44698,0),(944,275,0),(944,11858,0),(944,152,0),(944,13530,0),(944,42795,0),(944,42797,0),(944,44799,0),(944,44815,0),(944,44793,0),(944,44688,0),(944,44785,0),(944,44692,0),(944,44667,0),(944,44438,0),(944,44694,0),(944,44730,0),(943,173,1),(943,2519,1),(943,11734,1),(943,3519,1),(943,11304,1),(943,818,1),(943,13301,1),(943,44624,0),(943,44582,0),(943,42156,0),(943,1507,0),(943,9622,0),(943,1312,0),(943,15425,0),(943,173,0),(943,860,0),(943,44545,0),(943,18547,0),(943,542,0),(943,738,0),(943,12429,0),(943,625,0),(943,10238,0),(943,44647,0),(943,44569,0),(943,5992,0),(943,44604,0),(943,42283,0),(943,4041,0),(943,2590,0),(943,44536,0),(943,1249,0),(943,17093,0),(943,2081,0),(943,5567,0),(943,6733,0),(943,15156,0),(943,7593,0),(943,15382,0),(943,42763,0),(943,44633,0),(943,15383,0),(943,44634,0),(943,11835,0),(943,10869,0),(943,22377,0),(943,44537,0),(943,44540,0),(943,44539,0),(943,3466,0),(943,1970,0),(943,10,0),(943,1391,0),(943,6298,0),(943,18795,0),(943,44562,0),(943,770,0),(943,3193,0),(943,297,0),(943,19275,0),(943,44645,0),(943,11307,0),(943,5991,0),(943,44619,0),(943,549,0),(943,44538,0),(943,8586,0),(943,6420,0),(943,8678,0),(943,44636,0),(943,44571,0),(943,44609,0),(943,18569,0),(943,44650,0),(943,14394,0),(943,44625,0),(943,1935,0),(943,2519,0),(943,2684,0),(943,19193,0),(943,42334,0),(943,15325,0),(943,44575,0),(943,1668,0),(943,44543,0),(943,2474,0),(943,44522,0),(943,9977,0),(943,8599,0),(943,3100,0),(943,44527,0),(943,11283,0),(943,3396,0),(943,2074,0),(943,44649,0),(943,30672,0),(943,8366,0),(943,1496,0),(943,44555,0),(943,1633,0),(943,2036,0),(943,44574,0),(943,44563,0),(943,44597,0),(943,6107,0),(943,44578,0),(943,1533,0),(943,44568,0),(943,44580,0),(943,44615,0),(943,767,0),(943,44622,0),(943,44618,0),(943,1638,0),(943,44559,0),(943,10885,0),(943,44616,0),(943,44608,0),(943,44590,0),(943,18625,0),(943,5332,0),(943,44626,0),(943,18873,0),(943,1617,0),(943,44644,0),(943,3,0),(943,44550,0),(943,11734,0),(943,11972,0),(943,9621,0),(943,3519,0),(943,44551,0),(943,1142,0),(943,8969,0),(943,15416,0),(943,5,0),(943,16861,0),(943,10434,0),(943,1584,0),(943,16453,0),(943,13065,0),(943,5181,0),(943,16089,0),(943,44623,0),(943,18473,0),(943,44552,0),(943,44599,0),(943,44542,0),(943,6035,0),(943,617,0),(943,536,0),(943,40511,0),(943,1554,0),(943,596,0),(943,42966,0),(943,1289,0),(943,11617,0),(943,44524,0),(943,23879,0),(943,44629,0),(943,44565,0),(711,11724,0),(943,26348,0),(943,44640,0),(943,3610,0),(943,11231,0),(943,21,0),(943,16376,0),(943,1964,0),(943,2857,0),(943,44544,0),(943,44595,0),(943,42569,0),(943,14126,0),(943,43990,0),(943,44576,0),(943,16688,0),(943,11341,0),(943,10053,0),(943,5059,0),(943,15316,0),(943,44546,0),(943,10121,0),(943,14578,0),(943,16133,0),(943,6553,0),(943,15436,0),(943,44602,0),(943,16127,0),(943,15344,0),(943,44525,0),(943,1969,0),(943,9939,0),(943,44547,0),(943,3927,0),(943,44521,0),(943,1052,0),(943,44560,0),(943,44561,0),(943,3572,0),(943,44646,0),(943,8630,0),(943,422,0),(943,14,0),(943,1147,0),(943,16542,0),(943,44573,0),(943,3521,0),(943,1532,0),(943,44613,0),(943,1248,0),(943,15194,0),(943,44570,0),(943,44554,0),(943,44581,0),(943,232,0),(943,44526,0),(943,42475,0),(943,10289,0),(943,44587,0),(943,9641,0),(943,44627,0),(943,44528,0),(943,44586,0),(943,44620,0),(943,9907,0),(943,12636,0),(943,10497,0),(943,44600,0),(943,44603,0),(943,44592,0),(943,44530,0),(943,7970,0),(943,8541,0),(943,11821,0),(943,44621,0),(943,42349,0),(943,15518,0),(943,44648,0),(943,42648,0),(943,7363,0),(943,1311,0),(943,1746,0),(943,7128,0),(943,44628,0),(943,1741,0),(943,14393,0),(943,203,0),(943,5823,0),(943,1154,0),(943,44593,0),(943,13405,0),(943,1157,0),(943,44548,0),(943,1017,0),(943,44541,0),(943,5674,0),(943,75,0),(943,24702,0),(943,9932,0),(943,2579,0),(943,43844,0),(943,44534,0),(943,3853,0),(943,44523,0),(943,15386,0),(943,1270,0),(943,44631,0),(943,41781,0),(943,2946,0),(943,44532,0),(943,44606,0),(943,10892,0),(943,12376,0),(943,44643,0),(943,1728,0),(943,4726,0),(943,14236,0),(943,13542,0),(943,44610,0),(943,268,0),(943,3515,0),(943,664,0),(943,11236,0),(943,44529,0),(943,558,0),(943,44641,0),(943,13,0),(943,3462,0),(943,67,0),(943,816,0),(943,1771,0),(943,17181,0),(943,620,0),(943,44579,0),(943,13938,0),(943,14094,0),(943,6713,0),(943,44549,0),(943,818,0),(943,2003,0),(943,77,0),(943,44596,0),(943,44557,0),(943,44637,0),(943,41,0),(943,13301,0),(943,2286,0),(943,10079,0),(943,42833,0),(943,1744,0),(943,16377,0),(943,44635,0),(943,44583,0),(943,1954,0),(943,11649,0),(943,44612,0),(943,9794,0),(943,44567,0),(943,10444,0),(943,5717,0),(943,14591,0),(943,8938,0),(943,13172,0),(943,44558,0),(943,27559,0),(943,11444,0),(943,4360,0),(943,559,0),(943,13706,0),(943,7655,0),(943,42321,0),(943,1081,0),(943,1314,0),(943,5983,0),(943,1756,0),(943,11256,0),(943,16622,0),(943,2968,0),(943,22482,0),(943,913,0),(943,3915,0),(943,7257,0),(943,16122,0),(943,14420,0),(943,6172,0),(943,13018,0),(943,18648,0),(943,330,0),(943,12251,0),(943,6204,0),(943,353,0),(943,44630,0),(943,7670,0),(943,28080,0),(943,42689,0),(943,10936,0),(943,16862,0),(943,1099,0),(943,1783,0),(943,11458,0),(943,44591,0),(943,24,0),(943,964,0),(943,44535,0),(943,44531,0),(943,10052,0),(943,44585,0),(943,44556,0),(943,8515,0),(943,20,0),(943,44589,0),(943,27270,0),(943,15191,0),(943,44533,0),(943,10036,0),(943,1023,0),(943,14060,0),(943,1101,0),(943,14131,0),(943,3468,0),(943,12877,0),(943,421,0),(943,10988,0),(943,14424,0),(943,9866,0),(943,11,0),(943,5484,0),(943,9816,0),(943,12309,0),(943,19364,0),(943,44564,0),(943,5915,0),(943,15472,0),(943,42175,0),(943,5266,0),(943,5588,0),(943,42155,0),(943,15317,0),(943,639,0),(943,44598,0),(943,44611,0),(943,44584,0),(943,44617,0),(943,44594,0),(943,44572,0),(943,44632,0),(943,44614,0),(943,44577,0),(943,44605,0),(943,44651,0),(943,44601,0),(943,19489,0),(943,275,0),(943,11858,0),(943,3061,0),(943,44607,0),(943,44639,0),(943,44642,0),(943,44566,0),(943,44588,0),(943,44638,0),(943,44553,0),(942,44520,1),(942,1142,1),(942,9862,1),(942,3113,1),(942,769,1),(942,9733,1),(942,42427,1),(942,44511,0),(942,44503,0),(942,42156,0),(942,4,0),(942,44513,0),(942,44425,0),(942,44435,0),(942,12042,0),(942,1312,0),(942,15425,0),(942,542,0),(942,16708,0),(942,44518,0),(942,44500,0),(942,44501,0),(942,44507,0),(942,42912,0),(942,12737,0),(942,13502,0),(942,44414,0),(942,44420,0),(942,44412,0),(942,44485,0),(942,9942,0),(942,44460,0),(942,2590,0),(942,44454,0),(942,44403,0),(942,6733,0),(942,15432,0),(942,42763,0),(942,42781,0),(942,3452,0),(942,44483,0),(942,19398,0),(942,11647,0),(942,44457,0),(942,10,0),(942,44410,0),(942,23,0),(942,44447,0),(942,44481,0),(942,10455,0),(942,8357,0),(942,1694,0),(942,44423,0),(942,18191,0),(942,2684,0),(942,11867,0),(942,44444,0),(942,44486,0),(942,7071,0),(942,44398,0),(942,44452,0),(942,7383,0),(942,3100,0),(942,2075,0),(942,44396,0),(942,8597,0),(942,8848,0),(942,44155,0),(942,4439,0),(942,14069,0),(942,44419,0),(942,44439,0),(942,44428,0),(942,44429,0),(942,786,0),(942,1754,0),(942,6844,0),(942,44446,0),(942,1805,0),(942,1638,0),(942,19326,0),(942,9759,0),(942,13600,0),(942,44476,0),(942,22405,0),(942,44505,0),(942,1617,0),(942,15417,0),(942,3,0),(942,43556,0),(942,44404,0),(942,44136,0),(942,1992,0),(942,16855,0),(942,44461,0),(942,1092,0),(942,1142,0),(942,16861,0),(942,10434,0),(942,1584,0),(942,44415,0),(942,44487,0),(942,6035,0),(942,4165,0),(942,42253,0),(942,1554,0),(942,44449,0),(942,44464,0),(942,133,0),(942,1289,0),(942,108,0),(942,15431,0),(942,44427,0),(942,9862,0),(942,44479,0),(942,389,0),(942,15537,0),(942,16623,0),(942,44433,0),(942,16376,0),(942,16086,0),(942,1964,0),(942,16394,0),(942,2857,0),(942,44498,0),(942,23075,0),(942,11877,0),(942,866,0),(942,3235,0),(942,44417,0),(942,44409,0),(942,16688,0),(942,5059,0),(942,352,0),(942,44480,0),(942,15577,0),(942,44451,0),(942,5300,0),(942,14578,0),(942,16684,0),(942,44514,0),(942,5988,0),(942,44445,0),(942,2216,0),(942,44395,0),(942,6938,0),(942,7612,0),(942,44516,0),(942,9963,0),(942,1052,0),(942,44489,0),(942,1243,0),(942,1814,0),(711,11681,0),(942,5176,0),(942,3143,0),(942,190,0),(942,44413,0),(942,44400,0),(942,44519,0),(942,41717,0),(942,42762,0),(942,9641,0),(942,2836,0),(942,44397,0),(942,44399,0),(942,44450,0),(942,1177,0),(942,8541,0),(942,11821,0),(942,13153,0),(942,44465,0),(942,1144,0),(942,1070,0),(942,17960,0),(942,44407,0),(942,1311,0),(942,1746,0),(942,7128,0),(942,1741,0),(942,16624,0),(942,44431,0),(942,5823,0),(942,44515,0),(942,4779,0),(942,42520,0),(942,44517,0),(942,1157,0),(942,11345,0),(942,7037,0),(942,52,0),(942,44508,0),(942,44434,0),(942,2815,0),(942,940,0),(942,1943,0),(942,3853,0),(942,15386,0),(942,44495,0),(942,6635,0),(942,14236,0),(942,44509,0),(942,44494,0),(942,17962,0),(942,3556,0),(942,3515,0),(942,2465,0),(942,558,0),(942,44499,0),(942,13,0),(942,67,0),(942,44504,0),(942,9789,0),(942,4506,0),(942,132,0),(942,44493,0),(942,577,0),(942,59,0),(942,4911,0),(942,2986,0),(942,818,0),(942,23731,0),(942,2366,0),(942,1408,0),(942,44402,0),(942,44406,0),(942,44111,0),(942,44512,0),(942,44411,0),(942,43051,0),(942,42197,0),(942,44463,0),(942,44484,0),(942,44506,0),(942,13632,0),(942,44441,0),(942,44491,0),(942,44458,0),(942,16544,0),(942,10427,0),(942,769,0),(942,11444,0),(942,42578,0),(942,43065,0),(942,19236,0),(942,15544,0),(942,7655,0),(942,6177,0),(942,8084,0),(942,42321,0),(942,44408,0),(942,979,0),(942,1314,0),(942,8780,0),(942,122,0),(942,10045,0),(942,11003,0),(942,44448,0),(942,44482,0),(942,44432,0),(942,7257,0),(942,42425,0),(942,42424,0),(942,16122,0),(942,18628,0),(942,9733,0),(942,14035,0),(942,21471,0),(942,42584,0),(942,42427,0),(942,1808,0),(942,781,0),(942,44401,0),(942,44394,0),(942,44405,0),(942,14420,0),(942,44488,0),(942,6106,0),(942,44502,0),(942,2976,0),(942,1794,0),(942,1099,0),(942,2638,0),(942,44462,0),(942,11745,0),(942,9885,0),(942,44477,0),(942,8515,0),(942,9678,0),(942,42777,0),(942,44490,0),(942,44456,0),(942,16574,0),(942,12603,0),(942,44426,0),(942,4644,0),(942,28051,0),(942,10486,0),(942,11299,0),(942,44424,0),(942,10433,0),(942,16923,0),(942,44437,0),(942,43,0),(942,7897,0),(942,13539,0),(942,44497,0),(942,44496,0),(942,42155,0),(942,44416,0),(942,44418,0),(942,44453,0),(942,44440,0),(942,44455,0),(942,44459,0),(942,44436,0),(942,44421,0),(942,44430,0),(942,44472,0),(942,44473,0),(942,44469,0),(942,44471,0),(942,44470,0),(942,44443,0),(942,44468,0),(942,44467,0),(942,44475,0),(942,44474,0),(942,42796,0),(942,44510,0),(942,44422,0),(942,275,0),(942,11858,0),(942,44466,0),(942,42795,0),(942,14579,0),(942,42797,0),(942,40905,0),(942,44438,0),(942,42764,0),(942,44478,0),(942,18778,0),(942,44442,0),(942,44492,0),(941,23,1),(941,767,1),(941,727,1),(941,5651,1),(941,768,1),(941,9258,1),(941,13051,1),(947,15563,0),(947,15417,0),(947,3,0),(947,3519,0),(947,45114,0),(947,45147,0),(947,45093,0),(947,4448,0),(947,2113,0),(947,1092,0),(947,2618,0),(947,10434,0),(947,1584,0),(947,45089,0),(947,12481,0),(947,45140,0),(947,42840,0),(947,627,0),(947,42253,0),(947,1554,0),(947,45049,0),(947,45047,0),(947,133,0),(947,1289,0),(947,45044,0),(947,9862,0),(947,45148,0),(947,45155,0),(947,389,0),(947,16976,0),(947,884,0),(947,45085,0),(947,21,0),(947,16376,0),(947,1964,0),(947,2857,0),(947,45064,0),(947,45062,0),(947,5059,0),(947,45099,0),(947,14578,0),(947,45079,0),(947,16133,0),(947,45059,0),(947,2246,0),(947,15436,0),(947,2216,0),(947,45063,0),(947,16476,0),(947,44712,0),(947,8,0),(947,1091,0),(947,45081,0),(947,45131,0),(947,45135,0),(947,2088,0),(947,45071,0),(947,1243,0),(947,11132,0),(947,45065,0),(947,8630,0),(947,45090,0),(947,3143,0),(947,10863,0),(947,45138,0),(947,5720,0),(947,45102,0),(947,45112,0),(947,45111,0),(947,45121,0),(947,9641,0),(947,45133,0),(947,12488,0),(947,45122,0),(947,45115,0),(947,45151,0),(947,45068,0),(947,12365,0),(947,1177,0),(947,8541,0),(947,5772,0),(947,45092,0),(947,42349,0),(947,1070,0),(947,1311,0),(947,1746,0),(947,1741,0),(947,203,0),(947,45119,0),(947,45072,0),(947,11345,0),(947,45046,0),(947,52,0),(947,1172,0),(947,45146,0),(947,45078,0),(947,14558,0),(947,19931,0),(947,4796,0),(947,45095,0),(947,8725,0),(947,45126,0),(947,14236,0),(947,46,0),(947,268,0),(947,44989,0),(947,45101,0),(947,558,0),(947,4494,0),(947,33510,0),(947,16701,0),(947,15446,0),(947,13,0),(947,3746,0),(947,15424,0),(947,10163,0),(947,67,0),(947,1498,0),(711,19133,0),(711,7800,0),(711,19149,0),(711,17620,0),(711,19139,0),(711,19148,0),(711,19151,0),(711,3625,0),(711,11675,0),(711,19154,0),(711,3088,0),(711,19164,0),(711,311,0),(711,19134,0),(597,13911,0),(597,5484,0),(597,421,0),(597,12431,0),(597,1101,0),(597,9763,0),(597,6715,0),(597,20,0),(597,7161,0),(597,6258,0),(597,4521,0),(597,2106,0),(597,2895,0),(597,3514,0),(597,1868,0),(597,11236,0),(597,9900,0),(597,3556,0),(597,3397,0),(597,1270,0),(597,2860,0),(597,9932,0),(597,2595,0),(597,7755,0),(597,11730,0),(597,2794,0),(597,10309,0),(597,310,0),(597,146,0),(597,1931,0),(597,9621,0),(597,2144,0),(597,7367,0),(597,7722,0),(597,4257,0),(597,4228,0),(597,12856,0),(597,11728,0),(597,1391,0),(597,547,0),(597,1959,0),(597,873,0),(597,3875,0),(597,5484,1),(597,9621,1),(597,1018,1),(597,4228,1),(597,12856,1),(597,15020,1),(711,8020,0),(711,19168,0),(711,19142,0),(711,4982,0),(711,2451,0),(711,19140,0),(711,19146,0),(711,19162,0),(711,19171,0),(711,11684,0),(711,19169,0),(711,1964,0),(711,19157,0),(711,19138,0),(711,19165,0),(711,19153,0),(711,19170,0),(711,1948,0),(711,4226,0),(711,19156,0),(711,1375,0),(711,12306,0),(711,8061,0),(711,965,0),(711,10929,0),(711,2086,0),(711,5789,0),(711,13190,0),(711,19158,0),(711,11279,0),(711,19141,0),(711,1637,0),(711,6115,0),(711,19152,0),(711,11165,0),(711,1498,0),(711,11711,0),(711,2953,0),(711,19167,0),(711,16827,0),(711,1021,0),(711,11008,0),(711,2468,0),(711,11678,0),(711,11701,0),(711,19166,0),(711,19137,0),(711,8328,0),(711,11704,0),(711,11693,0),(711,19145,0),(711,7553,0),(711,797,0),(711,798,0),(734,5980,0),(734,13530,0),(734,19972,0),(734,19979,0),(734,19993,0),(734,19900,0),(734,19959,0),(734,19939,0),(734,19987,0),(734,9831,0),(734,12222,0),(734,19957,0),(734,14238,0),(734,19990,0),(734,19963,0),(734,19913,0),(734,1634,0),(734,19982,0),(734,19954,0),(734,20008,0),(734,19964,0),(734,19977,0),(734,19991,0),(734,2812,0),(734,7122,0),(734,12678,0),(734,20,0),(734,368,0),(734,5629,0),(734,5391,0),(734,5940,0),(734,4921,0),(734,14019,0),(734,688,0),(734,8973,0),(734,2998,0),(734,13018,0),(734,4375,0),(734,19958,0),(734,10718,0),(734,19937,0),(734,19917,0),(734,19938,0),(734,198,0),(734,122,0),(734,8780,0),(734,1314,0),(734,6454,0),(734,19909,0),(734,1067,0),(734,2496,0),(734,4220,0),(734,5613,0),(734,18675,0),(734,11230,0),(734,19971,0),(734,5090,0),(734,19936,0),(734,307,0),(734,7283,0),(734,19934,0),(734,19967,0),(734,19922,0),(734,19980,0),(734,3838,0),(734,5494,0),(734,19961,0),(734,6929,0),(734,19998,0),(734,19975,0),(734,1676,0),(734,11628,0),(734,1613,0),(734,8738,0),(734,931,0),(734,1032,0),(734,19969,0),(734,19923,0),(734,4521,0),(734,8857,0),(734,7719,0),(734,19953,0),(734,19902,0),(734,19946,0),(734,19941,0),(734,943,0),(734,19986,0),(734,3809,0),(734,10502,0),(734,19944,0),(734,9221,0),(734,13313,0),(734,20007,0),(734,19927,0),(734,19995,0),(734,11955,0),(734,7452,0),(734,3085,0),(734,2413,0),(734,12384,0),(734,8048,0),(734,3460,0),(734,3463,0),(734,435,0),(734,556,0),(734,9493,0),(734,19916,0),(734,20012,0),(734,19898,0),(734,19981,0),(734,3556,0),(734,10515,0),(734,19978,0),(734,12295,0),(734,2274,0),(734,3397,0),(734,10602,0),(734,12310,0),(734,20013,0),(734,19976,0),(734,2500,0),(734,3615,0),(734,19996,0),(734,19931,0),(734,3853,0),(734,19904,0),(734,20003,0),(734,19905,0),(734,4896,0),(734,7037,0),(734,5999,0),(734,13451,0),(734,16720,0),(734,1452,0),(734,203,0),(734,3243,0),(734,19943,0),(734,19985,0),(734,20016,0),(734,4132,0),(734,19911,0),(734,20002,0),(734,1600,0),(734,20001,0),(734,3175,0),(734,12800,0),(734,19999,0),(734,18725,0),(734,19997,0),(734,19965,0),(734,2336,0),(734,19950,0),(734,10519,0),(734,2110,0),(734,5147,0),(734,58,0),(734,17956,0),(734,3521,0),(734,19984,0),(734,19966,0),(734,8630,0),(734,1197,0),(734,3572,0),(734,20005,0),(734,19968,0),(734,19962,0),(734,243,0),(734,19920,0),(734,844,0),(734,15992,0),(734,11058,0),(734,4742,0),(734,3707,0),(734,20011,0),(734,6633,0),(734,19989,0),(734,3574,0),(734,19955,0),(734,5692,0),(734,19283,0),(734,19918,0),(734,1826,0),(734,19932,0),(734,4209,0),(734,19921,0),(734,15469,0),(734,19994,0),(734,19914,0),(734,19988,0),(734,20006,0),(734,19896,0),(734,146,0),(734,19951,0),(734,20014,0),(734,21,0),(734,9765,0),(734,366,0),(734,13049,0),(734,2724,0),(734,1447,0),(734,19912,0),(734,1584,0),(734,1092,0),(734,20010,0),(734,9921,0),(734,18958,0),(734,19935,0),(734,16404,0),(734,20009,0),(734,6002,0),(734,19919,0),(734,11849,0),(734,3177,0),(734,8665,0),(734,19947,0),(734,9759,0),(734,2633,0),(734,590,0),(734,19983,0),(734,202,0),(734,7515,0),(734,20017,0),(734,19907,0),(734,19952,0),(734,19949,0),(734,6281,0),(734,9140,0),(734,8382,0),(734,19928,0),(734,1425,0),(734,1555,0),(734,15840,0),(734,4777,0),(734,19906,0),(734,14657,0),(734,1892,0),(734,502,0),(734,1308,0),(734,15132,0),(734,2427,0),(734,4217,0),(734,20004,0),(734,19908,0),(734,20000,0),(734,12716,0),(734,2263,0),(734,9660,0),(734,7262,0),(734,4244,0),(734,3509,0),(734,20015,0),(734,19942,0),(734,776,0),(734,3090,0),(734,1694,0),(734,2609,0),(734,10455,0),(734,383,0),(734,19974,0),(734,19930,0),(734,19915,0),(734,19948,0),(734,6435,0),(734,12494,0),(734,19992,0),(734,15837,0),(734,16289,0),(734,12725,0),(734,3450,0),(734,2892,0),(734,15943,0),(734,1762,0),(734,19926,0),(734,19910,0),(734,5788,0),(734,19933,0),(734,19924,0),(734,12938,0),(734,19960,0),(734,14672,0),(734,8443,0),(734,3917,0),(734,28,0),(734,19956,0),(734,2015,0),(734,19899,0),(734,575,0),(734,3714,0),(734,19929,0),(734,12217,0),(734,19973,0),(734,19897,0),(734,4807,0),(734,4430,0),(734,4417,0),(734,19925,0),(734,12737,0),(734,625,0),(734,1863,0),(734,19970,0),(734,19903,0),(734,6132,0),(734,19901,0),(734,19940,0),(734,19945,0),(734,13369,0),(734,860,0),(734,14437,0),(734,18,0),(734,6132,1),(755,11918,0),(755,131,0),(755,3105,0),(755,5959,0),(755,20448,0),(755,13444,0),(755,13032,0),(755,2231,0),(755,1489,0),(755,5344,0),(755,20440,0),(755,1280,0),(755,3841,0),(755,8519,0),(755,20447,0),(755,20439,0),(755,20441,0),(755,214,0),(755,271,0),(755,10746,0),(755,5727,0),(755,4921,0),(755,7776,0),(755,3573,0),(755,405,0),(755,1026,0),(755,8673,0),(755,1680,0),(755,8169,0),(755,374,0),(755,18250,0),(755,9891,0),(755,1265,0),(755,686,0),(755,1756,0),(755,1314,0),(755,4023,0),(755,2292,0),(755,20452,0),(755,1176,0),(755,20453,0),(755,5354,0),(755,66,0),(755,1463,0),(755,4317,0),(755,19980,0),(755,11008,0),(755,15865,0),(755,11184,0),(755,5345,0),(755,6910,0),(755,1749,0),(755,5200,0),(755,2139,0),(755,6626,0),(755,5546,0),(755,6293,0),(755,5230,0),(755,419,0),(755,3658,0),(755,943,0),(755,6625,0),(755,5348,0),(755,11002,0),(755,20445,0),(755,85,0),(755,20444,0),(755,111,0),(755,1357,0),(755,11955,0),(755,2093,0),(755,7344,0),(755,6713,0),(755,18643,0),(755,193,0),(755,2799,0),(755,14967,0),(755,5953,0),(755,15894,0),(755,564,0),(755,809,0),(755,1552,0),(755,12158,0),(755,3853,0),(755,112,0),(755,213,0),(755,75,0),(755,9702,0),(755,4328,0),(755,2086,0),(755,239,0),(755,10929,0),(755,39,0),(755,1311,0),(755,15889,0),(755,6301,0),(755,1731,0),(755,5995,0),(755,1501,0),(755,2748,0),(755,18245,0),(755,5197,0),(755,4062,0),(755,4705,0),(755,1066,0),(755,20438,0),(755,15866,0),(755,5520,0),(755,650,0),(755,58,0),(755,8398,0),(755,5341,0),(755,10858,0),(755,8630,0),(755,737,0),(755,280,0),(755,2088,0),(755,20454,0),(755,4316,0),(755,2165,0),(755,4332,0),(755,1253,0),(755,1271,0),(755,1887,0),(755,3605,0),(755,1256,0),(755,11183,0),(755,683,0),(755,310,0),(755,2728,0),(755,3920,0),(755,2857,0),(755,1964,0),(755,727,0),(755,11172,0),(755,1764,0),(755,366,0),(755,20451,0),(755,883,0),(755,20449,0),(755,238,0),(755,627,0),(755,97,0),(755,4336,0),(755,5342,0),(755,1264,0),(755,10893,0),(755,12089,0),(755,4424,0),(755,2113,0),(755,6391,0),(755,17893,0),(755,8467,0),(755,2917,0),(755,1570,0),(755,18252,0),(755,8603,0),(755,501,0),(755,17813,0),(755,7555,0),(755,20442,0),(755,10094,0),(755,681,0),(755,2708,0),(755,7401,0),(755,12185,0),(755,5201,0),(755,6706,0),(755,16698,0),(755,17793,0),(755,20446,0),(755,3820,0),(755,14669,0),(755,1865,0),(755,1892,0),(755,72,0),(755,2310,0),(755,1258,0),(755,7197,0),(755,458,0),(755,2051,0),(755,1286,0),(755,2992,0),(755,721,0),(755,10529,0),(755,20455,0),(755,12054,0),(755,54,0),(755,3636,0),(755,9183,0),(755,1648,0),(755,517,0),(755,1396,0),(755,4972,0),(755,17791,0),(755,1260,0),(755,759,0),(755,825,0),(755,6986,0),(755,127,0),(755,806,0),(755,57,0),(755,15837,0),(755,5535,0),(755,17871,0),(755,784,0),(755,20443,0),(755,6733,0),(755,3626,0),(755,13289,0),(755,5194,0),(755,14693,0),(755,9452,0),(755,229,0),(755,542,0),(755,20450,0),(755,123,0),(755,315,0),(755,2182,0),(755,1312,0),(755,20436,0),(755,20437,0),(755,18247,0),(755,7,0),(755,15860,1),(755,2595,1),(755,15861,1),(818,13018,0),(818,4458,0),(818,8938,0),(818,19605,0),(818,10691,0),(818,6002,0),(818,23787,1),(821,10691,0),(821,2778,0),(821,1162,0),(821,23877,1),(856,826,0),(856,25395,0),(856,25399,0),(856,275,0),(856,17873,0),(856,2797,0),(856,43,0),(856,25389,0),(856,673,0),(856,11,0),(856,11766,0),(856,2356,0),(856,25404,0),(856,680,0),(856,8519,0),(856,2061,0),(856,20409,0),(856,2812,0),(856,25414,0),(856,492,0),(856,214,0),(856,736,0),(856,18043,0),(856,5727,0),(856,11169,0),(856,4921,0),(856,5518,0),(856,10461,0),(856,11814,0),(856,25411,0),(856,7776,0),(856,405,0),(856,6551,0),(856,1026,0),(856,8673,0),(856,1348,0),(856,10488,0),(856,5982,0),(856,1641,0),(856,3915,0),(856,6262,0),(856,2517,0),(856,7249,0),(856,18034,0),(856,1879,0),(856,1403,0),(856,11003,0),(856,25391,0),(856,686,0),(856,1314,0),(856,1081,0),(856,25386,0),(856,5994,0),(856,3742,0),(856,3276,0),(856,11860,0),(856,25401,0),(856,25415,0),(856,1862,0),(856,7599,0),(856,66,0),(856,25402,0),(856,1303,0),(856,6267,0),(856,25393,0),(856,604,0),(856,512,0),(856,6779,0),(856,6734,0),(856,4384,0),(856,6874,0),(856,3870,0),(856,1279,0),(856,6910,0),(856,1749,0),(856,4292,0),(856,2139,0),(856,7719,0),(856,5284,0),(856,6490,0),(856,25408,0),(856,2389,0),(856,4281,0),(856,1218,0),(856,1042,0),(856,4410,0),(856,2093,0),(856,7936,0),(856,577,0),(856,6312,0),(856,1498,0),(856,558,0),(856,1654,0),(856,664,0),(856,9900,0),(856,10515,0),(856,564,0),(856,12310,0),(856,6358,0),(856,1296,0),(856,1270,0),(856,25392,0),(856,213,0),(856,75,0),(856,8628,0),(856,6178,0),(856,2086,0),(856,1012,0),(856,1017,0),(856,25403,0),(856,11818,0),(856,25409,0),(856,18775,0),(856,14887,0),(856,459,0),(856,25398,0),(856,1311,0),(856,25387,0),(856,14129,0),(856,1501,0),(856,6209,0),(856,3481,0),(856,4003,0),(856,1177,0),(856,4062,0),(856,7884,0),(856,25355,0),(856,25375,0),(856,25406,0),(856,4701,0),(856,624,0),(856,25416,0),(856,13238,0),(856,2110,0),(856,765,0),(856,58,0),(856,2527,0),(856,1324,0),(856,7366,0),(856,190,0),(856,11436,0),(856,8630,0),(856,6159,0),(856,280,0),(856,844,0),(856,699,0),(856,3732,0),(856,1091,0),(856,19459,0),(856,3823,0),(856,8,0),(856,5260,0),(856,4332,0),(856,11154,0),(856,1253,0),(856,4718,0),(856,5965,0),(856,25420,0),(856,25397,0),(856,19505,0),(856,683,0),(856,310,0),(856,12519,0),(856,14126,0),(856,2728,0),(856,14670,0),(856,1964,0),(856,21,0),(856,13027,0),(856,366,0),(856,25419,0),(856,13392,0),(856,11112,0),(856,25394,0),(856,596,0),(856,400,0),(856,25366,0),(856,1259,0),(856,25388,0),(856,7671,0),(856,4336,0),(856,7368,0),(856,16978,0),(856,2101,0),(856,12089,0),(856,11562,0),(856,6391,0),(856,470,0),(856,5498,0),(856,10948,0),(856,11106,0),(856,2917,0),(856,25390,0),(856,9147,0),(856,6015,0),(856,7405,0),(856,7367,0),(856,2136,0),(856,9421,0),(856,12198,0),(856,25418,0),(856,8736,0),(856,25421,0),(856,5201,0),(856,1461,0),(856,1904,0),(856,7153,0),(856,206,0),(856,7325,0),(856,25369,0),(856,10496,0),(856,25359,0),(856,3374,0),(856,1892,0),(856,2310,0),(856,1258,0),(856,23344,0),(856,1203,0),(856,1788,0),(856,2992,0),(856,24163,0),(856,10529,0),(856,83,0),(856,700,0),(856,11846,0),(856,4509,0),(856,1648,0),(856,25400,0),(856,2609,0),(856,21734,0),(856,25377,0),(856,5246,0),(856,25417,0),(856,176,0),(856,1811,0),(856,825,0),(856,655,0),(856,127,0),(856,23,0),(856,358,0),(856,843,0),(856,461,0),(856,1426,0),(856,806,0),(856,265,0),(856,752,0),(856,1,0),(856,354,0),(856,25407,0),(856,25412,0),(856,553,0),(856,3452,0),(856,25364,0),(856,6733,0),(856,923,0),(856,25413,0),(856,2715,0),(856,4711,0),(856,9942,0),(856,5194,0),(856,25410,0),(856,25396,0),(856,691,0),(856,147,0),(856,16742,0),(856,25405,0),(856,7369,0),(856,98,0),(856,7131,0),(856,542,0),(856,55,0),(856,123,0),(856,173,0),(856,7,0),(856,4,0),(856,3875,0),(856,25383,0),(856,25361,0),(856,25385,0),(856,25378,0),(856,25368,0),(856,25363,0),(856,25372,0),(856,25358,0),(856,25374,0),(856,25376,0),(856,25379,0),(856,25357,0),(856,25373,0),(856,25362,0),(856,25380,0),(856,25381,0),(856,25360,0),(856,25382,0),(856,25384,0),(856,25370,0),(856,25371,0),(856,25356,0),(856,25365,0),(856,25367,0),(856,15045,1),(918,204,0),(918,10975,0),(918,14187,0),(918,5484,0),(918,11,0),(918,42090,0),(918,2420,0),(918,36327,0),(918,10036,0),(918,11273,0),(918,10059,0),(918,1858,0),(918,42089,0),(918,10045,0),(918,13015,0),(918,42099,0),(918,9754,0),(918,42104,0),(918,9408,0),(918,1881,0),(918,42082,0),(918,42096,0),(918,11249,0),(918,2286,0),(918,23136,0),(918,12250,0),(918,3395,0),(918,6713,0),(918,14196,0),(918,2949,0),(918,67,0),(918,558,0),(918,3397,0),(918,236,0),(918,3853,0),(918,112,0),(918,42092,0),(918,75,0),(918,15203,0),(918,5319,0),(918,1154,0),(918,203,0),(918,1311,0),(918,8386,0),(918,42094,0),(918,10132,0),(918,9641,0),(918,12852,0),(918,645,0),(918,1052,0),(918,42100,0),(918,26245,0),(918,42088,0),(918,1948,0),(918,7612,0),(918,2794,0),(918,42081,0),(918,9605,0),(918,16076,0),(918,3553,0),(918,42097,0),(918,13094,0),(918,42103,0),(918,6724,0),(918,108,0),(918,42095,0),(918,5287,0),(918,1897,0),(918,2618,0),(918,9621,0),(918,42084,0),(918,42105,0),(918,590,0),(918,42091,0),(918,4777,0),(918,5349,0),(918,42086,0),(918,8597,0),(918,4587,0),(918,12270,0),(918,8599,0),(918,742,0),(918,42087,0),(918,10993,0),(918,12856,0),(918,42098,0),(918,40984,0),(918,109,0),(918,553,0),(918,42101,0),(918,9970,0),(918,2590,0),(918,9487,0),(918,9635,0),(918,42083,0),(918,1458,0),(918,123,0),(918,3236,0),(918,13460,0),(918,42102,0),(918,2793,0),(918,42093,0),(918,42085,0),(918,558,1),(918,7642,1),(918,5368,1),(918,2794,1),(918,5059,1);

--
-- Table structure for table `phpbb_sessions_keys`
--

CREATE TABLE `phpbb_sessions_keys` (
  `key_id` char(32) collate utf8_bin NOT NULL default '',
  `user_id` mediumint(8) unsigned NOT NULL default '0',
  `last_ip` varchar(40) collate utf8_bin NOT NULL default '',
  `last_login` int(11) unsigned NOT NULL default '0',
  PRIMARY KEY  (`key_id`,`user_id`),
  KEY `last_login` (`last_login`)
) ENGINE=MyISAM DEFAULT CHARSET=utf8 COLLATE=utf8_bin;

--
-- Dumping data for table `phpbb_sessions_keys`
--

INSERT INTO `phpbb_sessions_keys` VALUES ('b1f115bddb75f31d0f5c159bc36a63a7',55,'70.65.76.194',1174243796),('dcb13bce2ca1dd0f9199a1a66c795936',59,'24.71.223.142',1216792208),('5000c7d216db2d95e0df3b717e83d5bd',62,'70.65.63.28',1178169469),('97134fdb48b5f594dbabdd4428e6f2ee',72,'24.71.223.149',1182308509),('cc7094dcc0be27700cde62c52c162907',70,'190.48.147.143',1178378760),('1de002123e12ec447b985ebbb2a723a2',70,'190.48.146.189',1178497935),('3146e11437ed5ac00e16a9797a0758b6',79,'198.53.14.200',1181138573),('dbbcb159afab0ea7a82298cccc2fad7c',59,'208.38.12.194',1182539744),('4abea7996c7d24d12b5890084bbd3d2b',95,'70.65.125.3',1180755302),('1409c302db2d030bd1ed093ddf3198fb',82,'68.144.248.155',1178993985),('165ed8be27af235656ed364236690574',66,'70.65.20.77',1182188276),('d22a5a332e435fa2305e406780d79ab2',86,'199.85.9.1',1184198000),('03f426aa85b678fb7122d9f36f756e3f',73,'70.65.59.4',1181510710),('9f788776e4bf525502eb4baeafdf0a59',82,'68.144.248.155',1179154861),('657e741b6de9cba4df8ef30279c985bf',70,'164.77.240.214',1179112980),('7807e54a9f23f61ba94701372f82bc9b',77,'70.65.42.232',1179933120),('92622799737095b7c9b8b91dc568a386',73,'70.65.89.254',1182797356),('105dc1fe7b384d235b36be0c6924b92c',82,'68.144.248.155',1179263899),('9f5da1624459f881940414c099645807',82,'68.144.248.155',1179460570),('857987123f4e25eb3b87bde1d7964e76',53,'68.144.9.167',1212026541),('ca846ccc29075c2fe53251021345e749',82,'68.144.248.155',1180043806),('52b93254e066f39b4c76eef6aac2b128',93,'207.200.116.134',1180524901),('9c4b8eb7664e1a2b23aafd76ee359f61',82,'68.144.248.155',1180062522),('cfc4a659e702936f1fa6363645606a38',95,'70.65.125.3',1180322819),('7b3a658d5afcd4b75b813289a1e4f0f6',97,'206.75.77.135',1180733822),('705600b8aaa77225cc751fdb3b93a8f0',82,'68.144.248.155',1180321454),('f96d0dd220902ab1100cebc600442858',82,'68.144.248.155',1180405473),('54bf95af38fe4f4c47f1a75c036fec9f',95,'70.65.125.3',1180411528),('9ca318267397e2afad8d42ee04767418',97,'75.153.132.240',1180711963),('a382695cc2f5753eb2e10418c6edc11e',95,'70.65.125.3',1180563282),('b973d6b6f69fac56fd18b6f19a0bb88f',95,'70.65.125.3',1180756801),('71a408f8895a17ed1bc3ccb80742831f',103,'58.166.165.223',1180761244),('86be49842924e4ce74e836950225b0da',105,'70.65.123.3',1182394176),('62fa2cb3ae2afc05773f5123ca529ad1',95,'70.65.125.3',1180797291),('3a993ea77bb3666890cb836b18c0897a',95,'70.65.125.3',1180842607),('34cf1d8fbcab6e46ee10234d87c545d1',2,'68.148.72.38',1181974470),('dee4aec973f21e5abff0831f98ba2841',95,'70.65.125.3',1180998992),('4855a8a81d2a17d0d819a7b10c2b2243',95,'70.65.125.3',1181254582),('e0403fbac23abed058c469963c6faa03',77,'70.65.21.58',1181627743),('0a40c61632fba9985540bdd1c621fd9b',95,'70.65.125.3',1181949471),('72c24abd4664b3c70357518fc6250205',95,'70.65.7.225',1184729042),('8f4b79ee64f9c1ac2ea4c7706d08cac6',70,'70.65.8.11',1191467346);

--
-- Table structure for table `phpbb_sitelist`
--

CREATE TABLE `phpbb_sitelist` (
  `site_id` mediumint(8) unsigned NOT NULL auto_increment,
  `site_ip` varchar(40) collate utf8_bin NOT NULL default '',
  `site_hostname` varchar(255) collate utf8_bin NOT NULL default '',
  `ip_exclude` tinyint(1) unsigned NOT NULL default '0',
  PRIMARY KEY  (`site_id`)
) ENGINE=MyISAM DEFAULT CHARSET=utf8 COLLATE=utf8_bin;

--
-- Dumping data for table `phpbb_sitelist`
--


--
-- Table structure for table `phpbb_smilies`
--

CREATE TABLE `phpbb_smilies` (
  `smiley_id` mediumint(8) unsigned NOT NULL auto_increment,
  `code` varchar(50) collate utf8_bin NOT NULL default '',
  `emotion` varchar(50) collate utf8_bin NOT NULL default '',
  `smiley_url` varchar(50) collate utf8_bin NOT NULL default '',
  `smiley_width` smallint(4) unsigned NOT NULL default '0',
  `smiley_height` smallint(4) unsigned NOT NULL default '0',
  `smiley_order` mediumint(8) unsigned NOT NULL default '0',
  `display_on_posting` tinyint(1) unsigned NOT NULL default '1',
  PRIMARY KEY  (`smiley_id`),
  KEY `display_on_post` (`display_on_posting`)
) ENGINE=MyISAM AUTO_INCREMENT=24 DEFAULT CHARSET=utf8 COLLATE=utf8_bin;

--
-- Dumping data for table `phpbb_smilies`
--

INSERT INTO `phpbb_smilies` VALUES (1,':D','Very Happy','icon_biggrin.gif',15,15,1,1),(2,':)','Smile','icon_smile.gif',15,15,2,1),(3,':(','Sad','icon_sad.gif',15,15,3,1),(4,':o','Surprised','icon_surprised.gif',15,15,4,1),(5,':eek:','Surprised','icon_surprised.gif',15,15,4,1),(6,'8O','Shocked','icon_eek.gif',15,15,5,1),(7,':?','Confused','icon_confused.gif',15,15,6,1),(8,'8)','Cool','icon_cool.gif',15,15,7,1),(9,':lol:','Laughing','icon_lol.gif',15,15,8,1),(10,':x','Mad','icon_mad.gif',15,15,9,1),(11,':P','Razz','icon_razz.gif',15,15,10,1),(12,':oops:','Embarassed','icon_redface.gif',15,15,11,1),(13,':cry:','Crying or Very sad','icon_cry.gif',15,15,12,1),(14,':evil:','Evil or Very Mad','icon_evil.gif',15,15,13,1),(15,':twisted:','Twisted Evil','icon_twisted.gif',15,15,14,1),(16,':roll:','Rolling Eyes','icon_rolleyes.gif',15,15,15,1),(17,';)','Wink','icon_wink.gif',15,15,16,1),(18,':!:','Exclamation','icon_exclaim.gif',15,15,17,1),(19,':?:','Question','icon_question.gif',15,15,18,1),(20,':idea:','Idea','icon_idea.gif',15,15,19,1),(21,':arrow:','Arrow','icon_arrow.gif',15,15,20,1),(22,':|','Neutral','icon_neutral.gif',15,15,21,1),(23,':mrgreen:','Mr. Green','icon_mrgreen.gif',15,15,22,1);

--
-- Table structure for table `phpbb_styles`
--

CREATE TABLE `phpbb_styles` (
  `style_id` tinyint(4) NOT NULL auto_increment,
  `style_name` varchar(255) collate utf8_bin NOT NULL default '',
  `style_copyright` varchar(255) collate utf8_bin NOT NULL default '',
  `style_active` tinyint(1) unsigned NOT NULL default '1',
  `template_id` tinyint(4) NOT NULL default '0',
  `theme_id` tinyint(4) NOT NULL default '0',
  `imageset_id` tinyint(4) NOT NULL default '0',
  PRIMARY KEY  (`style_id`),
  UNIQUE KEY `style_name` (`style_name`),
  KEY `template_id` (`template_id`),
  KEY `theme_id` (`theme_id`),
  KEY `imageset_id` (`imageset_id`)
) ENGINE=MyISAM AUTO_INCREMENT=2 DEFAULT CHARSET=utf8 COLLATE=utf8_bin;

--
-- Dumping data for table `phpbb_styles`
--

INSERT INTO `phpbb_styles` VALUES (1,'subSilver','&copy; phpBB Group',1,1,1,1);

--
-- Table structure for table `phpbb_styles_imageset`
--

CREATE TABLE `phpbb_styles_imageset` (
  `imageset_id` tinyint(4) NOT NULL auto_increment,
  `imageset_name` varchar(255) collate utf8_bin NOT NULL default '',
  `imageset_copyright` varchar(255) collate utf8_bin NOT NULL default '',
  `imageset_path` varchar(100) collate utf8_bin NOT NULL default '',
  `site_logo` varchar(200) collate utf8_bin NOT NULL default '',
  `upload_bar` varchar(200) collate utf8_bin NOT NULL default '',
  `poll_left` varchar(200) collate utf8_bin NOT NULL default '',
  `poll_center` varchar(200) collate utf8_bin NOT NULL default '',
  `poll_right` varchar(200) collate utf8_bin NOT NULL default '',
  `icon_friend` varchar(200) collate utf8_bin NOT NULL default '',
  `icon_foe` varchar(200) collate utf8_bin NOT NULL default '',
  `forum_link` varchar(200) collate utf8_bin NOT NULL default '',
  `forum_read` varchar(200) collate utf8_bin NOT NULL default '',
  `forum_read_locked` varchar(200) collate utf8_bin NOT NULL default '',
  `forum_read_subforum` varchar(200) collate utf8_bin NOT NULL default '',
  `forum_unread` varchar(200) collate utf8_bin NOT NULL default '',
  `forum_unread_locked` varchar(200) collate utf8_bin NOT NULL default '',
  `forum_unread_subforum` varchar(200) collate utf8_bin NOT NULL default '',
  `topic_moved` varchar(200) collate utf8_bin NOT NULL default '',
  `topic_read` varchar(200) collate utf8_bin NOT NULL default '',
  `topic_read_mine` varchar(200) collate utf8_bin NOT NULL default '',
  `topic_read_hot` varchar(200) collate utf8_bin NOT NULL default '',
  `topic_read_hot_mine` varchar(200) collate utf8_bin NOT NULL default '',
  `topic_read_locked` varchar(200) collate utf8_bin NOT NULL default '',
  `topic_read_locked_mine` varchar(200) collate utf8_bin NOT NULL default '',
  `topic_unread` varchar(200) collate utf8_bin NOT NULL default '',
  `topic_unread_mine` varchar(200) collate utf8_bin NOT NULL default '',
  `topic_unread_hot` varchar(200) collate utf8_bin NOT NULL default '',
  `topic_unread_hot_mine` varchar(200) collate utf8_bin NOT NULL default '',
  `topic_unread_locked` varchar(200) collate utf8_bin NOT NULL default '',
  `topic_unread_locked_mine` varchar(200) collate utf8_bin NOT NULL default '',
  `sticky_read` varchar(200) collate utf8_bin NOT NULL default '',
  `sticky_read_mine` varchar(200) collate utf8_bin NOT NULL default '',
  `sticky_read_locked` varchar(200) collate utf8_bin NOT NULL default '',
  `sticky_read_locked_mine` varchar(200) collate utf8_bin NOT NULL default '',
  `sticky_unread` varchar(200) collate utf8_bin NOT NULL default '',
  `sticky_unread_mine` varchar(200) collate utf8_bin NOT NULL default '',
  `sticky_unread_locked` varchar(200) collate utf8_bin NOT NULL default '',
  `sticky_unread_locked_mine` varchar(200) collate utf8_bin NOT NULL default '',
  `announce_read` varchar(200) collate utf8_bin NOT NULL default '',
  `announce_read_mine` varchar(200) collate utf8_bin NOT NULL default '',
  `announce_read_locked` varchar(200) collate utf8_bin NOT NULL default '',
  `announce_read_locked_mine` varchar(200) collate utf8_bin NOT NULL default '',
  `announce_unread` varchar(200) collate utf8_bin NOT NULL default '',
  `announce_unread_mine` varchar(200) collate utf8_bin NOT NULL default '',
  `announce_unread_locked` varchar(200) collate utf8_bin NOT NULL default '',
  `announce_unread_locked_mine` varchar(200) collate utf8_bin NOT NULL default '',
  `global_read` varchar(200) collate utf8_bin NOT NULL default '',
  `global_read_mine` varchar(200) collate utf8_bin NOT NULL default '',
  `global_read_locked` varchar(200) collate utf8_bin NOT NULL default '',
  `global_read_locked_mine` varchar(200) collate utf8_bin NOT NULL default '',
  `global_unread` varchar(200) collate utf8_bin NOT NULL default '',
  `global_unread_mine` varchar(200) collate utf8_bin NOT NULL default '',
  `global_unread_locked` varchar(200) collate utf8_bin NOT NULL default '',
  `global_unread_locked_mine` varchar(200) collate utf8_bin NOT NULL default '',
  `pm_read` varchar(200) collate utf8_bin NOT NULL default '',
  `pm_unread` varchar(200) collate utf8_bin NOT NULL default '',
  `icon_contact_aim` varchar(200) collate utf8_bin NOT NULL default '',
  `icon_contact_email` varchar(200) collate utf8_bin NOT NULL default '',
  `icon_contact_icq` varchar(200) collate utf8_bin NOT NULL default '',
  `icon_contact_jabber` varchar(200) collate utf8_bin NOT NULL default '',
  `icon_contact_msnm` varchar(200) collate utf8_bin NOT NULL default '',
  `icon_contact_pm` varchar(200) collate utf8_bin NOT NULL default '',
  `icon_contact_yahoo` varchar(200) collate utf8_bin NOT NULL default '',
  `icon_contact_www` varchar(200) collate utf8_bin NOT NULL default '',
  `icon_post_delete` varchar(200) collate utf8_bin NOT NULL default '',
  `icon_post_edit` varchar(200) collate utf8_bin NOT NULL default '',
  `icon_post_info` varchar(200) collate utf8_bin NOT NULL default '',
  `icon_post_quote` varchar(200) collate utf8_bin NOT NULL default '',
  `icon_post_report` varchar(200) collate utf8_bin NOT NULL default '',
  `icon_post_target` varchar(200) collate utf8_bin NOT NULL default '',
  `icon_post_target_unread` varchar(200) collate utf8_bin NOT NULL default '',
  `icon_topic_attach` varchar(200) collate utf8_bin NOT NULL default '',
  `icon_topic_latest` varchar(200) collate utf8_bin NOT NULL default '',
  `icon_topic_newest` varchar(200) collate utf8_bin NOT NULL default '',
  `icon_topic_reported` varchar(200) collate utf8_bin NOT NULL default '',
  `icon_topic_unapproved` varchar(200) collate utf8_bin NOT NULL default '',
  `icon_user_online` varchar(200) collate utf8_bin NOT NULL default '',
  `icon_user_offline` varchar(200) collate utf8_bin NOT NULL default '',
  `icon_user_profile` varchar(200) collate utf8_bin NOT NULL default '',
  `icon_user_search` varchar(200) collate utf8_bin NOT NULL default '',
  `icon_user_warn` varchar(200) collate utf8_bin NOT NULL default '',
  `button_pm_forward` varchar(200) collate utf8_bin NOT NULL default '',
  `button_pm_new` varchar(200) collate utf8_bin NOT NULL default '',
  `button_pm_reply` varchar(200) collate utf8_bin NOT NULL default '',
  `button_topic_locked` varchar(200) collate utf8_bin NOT NULL default '',
  `button_topic_new` varchar(200) collate utf8_bin NOT NULL default '',
  `button_topic_reply` varchar(200) collate utf8_bin NOT NULL default '',
  `user_icon1` varchar(200) collate utf8_bin NOT NULL default '',
  `user_icon2` varchar(200) collate utf8_bin NOT NULL default '',
  `user_icon3` varchar(200) collate utf8_bin NOT NULL default '',
  `user_icon4` varchar(200) collate utf8_bin NOT NULL default '',
  `user_icon5` varchar(200) collate utf8_bin NOT NULL default '',
  `user_icon6` varchar(200) collate utf8_bin NOT NULL default '',
  `user_icon7` varchar(200) collate utf8_bin NOT NULL default '',
  `user_icon8` varchar(200) collate utf8_bin NOT NULL default '',
  `user_icon9` varchar(200) collate utf8_bin NOT NULL default '',
  `user_icon10` varchar(200) collate utf8_bin NOT NULL default '',
  PRIMARY KEY  (`imageset_id`),
  UNIQUE KEY `imgset_nm` (`imageset_name`)
) ENGINE=MyISAM AUTO_INCREMENT=2 DEFAULT CHARSET=utf8 COLLATE=utf8_bin;

--
-- Dumping data for table `phpbb_styles_imageset`
--

INSERT INTO `phpbb_styles_imageset` VALUES (1,'subSilver','&copy; phpBB Group, 2003','subSilver','site_logo.gif*94*170','upload_bar.gif*16*280','poll_left.gif*12*4','poll_center.gif*12*','poll_right.gif*12*4','','','forum_link.gif*25*46','forum_read.gif*25*46','forum_read_locked.gif*25*46','forum_read_subforum.gif*25*46','forum_unread.gif*25*46','forum_unread_locked.gif*25*46','forum_unread_subforum.gif*25*46','topic_moved.gif*18*19','topic_read.gif*18*19','topic_read_mine.gif*18*19','topic_read_hot.gif*18*19','topic_read_hot_mine.gif*18*19','topic_read_locked.gif*18*19','topic_read_locked_mine.gif*18*19','topic_unread.gif*18*19','topic_unread_mine.gif*18*19','topic_unread_hot.gif*18*19','topic_unread_hot_mine.gif*18*19','topic_unread_locked.gif*18*19','topic_unread_locked_mine.gif*18*19','sticky_read.gif*18*19','sticky_read_mine.gif*18*19','sticky_read_locked.gif*18*19','sticky_read_locked_mine.gif*18*19','sticky_unread.gif*18*19','sticky_unread_mine.gif*18*19','sticky_unread_locked.gif*18*19','sticky_unread_locked_mine.gif*18*19','announce_read.gif*18*19','announce_read_mine.gif*18*19','announce_read_locked.gif*18*19','announce_read_locked_mine.gif*18*19','announce_unread.gif*18*19','announce_unread_mine.gif*18*19','announce_unread_locked.gif*18*19','announce_unread_locked_mine.gif*18*19','announce_read.gif*18*19','announce_read_mine.gif*18*19','announce_read_locked.gif*18*19','announce_read_locked_mine.gif*18*19','announce_unread.gif*18*19','announce_unread_mine.gif*18*19','announce_unread_locked.gif*18*19','announce_unread_locked_mine.gif*18*19','topic_read.gif*18*19','topic_unread.gif*18*19','{LANG}/icon_contact_aim.gif*20*72','{LANG}/icon_contact_email.gif*20*72','{LANG}/icon_contact_icq.gif*20*72','{LANG}/icon_contact_jabber.gif*20*72','{LANG}/icon_contact_msnm.gif*20*72','{LANG}/icon_contact_pm.gif*20*72','{LANG}/icon_contact_yahoo.gif*20*72','{LANG}/icon_contact_www.gif*20*72','{LANG}/icon_post_delete.gif*20*20','{LANG}/icon_post_edit.gif*20*90','{LANG}/icon_post_info.gif*20*20','{LANG}/icon_post_quote.gif*20*90','{LANG}/icon_post_report.gif*20*20','icon_post_target.gif*9*12','icon_post_target_unread.gif*9*12','icon_topic_attach.gif*18*14','icon_topic_latest.gif*9*18','icon_topic_newest.gif*9*18','icon_topic_reported.gif*18*19','icon_topic_unapproved.gif*18*19','{LANG}/icon_user_online.gif*20*72','{LANG}/icon_user_offline.gif*20*72','{LANG}/icon_user_profile.gif*20*72','{LANG}/icon_user_search.gif*20*72','{LANG}/icon_user_warn.gif*20*20','','{LANG}/button_pm_new.gif*27*97','{LANG}/button_pm_reply.gif*20*90','{LANG}/button_topic_locked.gif*27*97','{LANG}/button_topic_new.gif*27*97','{LANG}/button_topic_reply.gif*27*97','','','','','','','','','','');

--
-- Table structure for table `phpbb_styles_template`
--

CREATE TABLE `phpbb_styles_template` (
  `template_id` tinyint(4) NOT NULL auto_increment,
  `template_name` varchar(255) collate utf8_bin NOT NULL default '',
  `template_copyright` varchar(255) collate utf8_bin NOT NULL default '',
  `template_path` varchar(100) collate utf8_bin NOT NULL default '',
  `bbcode_bitfield` varchar(255) collate utf8_bin NOT NULL default 'kNg=',
  `template_storedb` tinyint(1) unsigned NOT NULL default '0',
  PRIMARY KEY  (`template_id`),
  UNIQUE KEY `tmplte_nm` (`template_name`)
) ENGINE=MyISAM AUTO_INCREMENT=2 DEFAULT CHARSET=utf8 COLLATE=utf8_bin;

--
-- Dumping data for table `phpbb_styles_template`
--

INSERT INTO `phpbb_styles_template` VALUES (1,'subSilver','&copy; phpBB Group','subSilver','kNg=',0);

--
-- Table structure for table `phpbb_styles_template_data`
--

CREATE TABLE `phpbb_styles_template_data` (
  `template_id` tinyint(4) NOT NULL auto_increment,
  `template_filename` varchar(100) collate utf8_bin NOT NULL default '',
  `template_included` text collate utf8_bin NOT NULL,
  `template_mtime` int(11) unsigned NOT NULL default '0',
  `template_data` mediumtext collate utf8_bin NOT NULL,
  KEY `tid` (`template_id`),
  KEY `tfn` (`template_filename`)
) ENGINE=MyISAM DEFAULT CHARSET=utf8 COLLATE=utf8_bin;

--
-- Dumping data for table `phpbb_styles_template_data`
--


--
-- Table structure for table `phpbb_styles_theme`
--

CREATE TABLE `phpbb_styles_theme` (
  `theme_id` tinyint(4) NOT NULL auto_increment,
  `theme_name` varchar(255) collate utf8_bin NOT NULL default '',
  `theme_copyright` varchar(255) collate utf8_bin NOT NULL default '',
  `theme_path` varchar(100) collate utf8_bin NOT NULL default '',
  `theme_storedb` tinyint(1) unsigned NOT NULL default '0',
  `theme_mtime` int(11) unsigned NOT NULL default '0',
  `theme_data` mediumtext collate utf8_bin NOT NULL,
  PRIMARY KEY  (`theme_id`),
  UNIQUE KEY `theme_name` (`theme_name`)
) ENGINE=MyISAM AUTO_INCREMENT=2 DEFAULT CHARSET=utf8 COLLATE=utf8_bin;

--
-- Dumping data for table `phpbb_styles_theme`
--

INSERT INTO `phpbb_styles_theme` VALUES (1,'subSilver','&copy; phpBB Group','subSilver',0,0,'');

--
-- Table structure for table `phpbb_topics`
--

CREATE TABLE `phpbb_topics` (
  `topic_id` mediumint(8) unsigned NOT NULL auto_increment,
  `forum_id` mediumint(8) unsigned NOT NULL default '0',
  `icon_id` mediumint(8) unsigned NOT NULL default '0',
  `topic_attachment` tinyint(1) unsigned NOT NULL default '0',
  `topic_approved` tinyint(1) unsigned NOT NULL default '1',
  `topic_reported` tinyint(1) unsigned NOT NULL default '0',
  `topic_title` varchar(100) collate utf8_bin NOT NULL default '',
  `topic_poster` mediumint(8) unsigned NOT NULL default '0',
  `topic_time` int(11) unsigned NOT NULL default '0',
  `topic_time_limit` int(11) unsigned NOT NULL default '0',
  `topic_views` mediumint(8) unsigned NOT NULL default '0',
  `topic_replies` mediumint(8) unsigned NOT NULL default '0',
  `topic_replies_real` mediumint(8) unsigned NOT NULL default '0',
  `topic_status` tinyint(3) NOT NULL default '0',
  `topic_type` tinyint(3) NOT NULL default '0',
  `topic_first_post_id` mediumint(8) unsigned NOT NULL default '0',
  `topic_first_poster_name` varchar(255) collate utf8_bin NOT NULL default '',
  `topic_first_poster_colour` varchar(6) collate utf8_bin NOT NULL default '',
  `topic_last_post_id` mediumint(8) unsigned NOT NULL default '0',
  `topic_last_poster_id` mediumint(8) unsigned NOT NULL default '0',
  `topic_last_poster_name` varchar(255) collate utf8_bin NOT NULL default '',
  `topic_last_poster_colour` varchar(6) collate utf8_bin NOT NULL default '',
  `topic_last_post_subject` varchar(100) collate utf8_bin NOT NULL default '',
  `topic_last_post_time` int(11) unsigned NOT NULL default '0',
  `topic_last_view_time` int(11) unsigned NOT NULL default '0',
  `topic_moved_id` mediumint(8) unsigned NOT NULL default '0',
  `topic_bumped` tinyint(1) unsigned NOT NULL default '0',
  `topic_bumper` mediumint(8) unsigned NOT NULL default '0',
  `poll_title` varchar(100) collate utf8_bin NOT NULL default '',
  `poll_start` int(11) unsigned NOT NULL default '0',
  `poll_length` int(11) unsigned NOT NULL default '0',
  `poll_max_options` tinyint(4) NOT NULL default '1',
  `poll_last_vote` int(11) unsigned NOT NULL default '0',
  `poll_vote_change` tinyint(1) unsigned NOT NULL default '0',
  PRIMARY KEY  (`topic_id`),
  KEY `forum_id` (`forum_id`),
  KEY `forum_id_type` (`forum_id`,`topic_type`),
  KEY `last_post_time` (`topic_last_post_time`),
  KEY `topic_approved` (`topic_approved`),
  KEY `fid_time_moved` (`forum_id`,`topic_last_post_time`,`topic_moved_id`)
) ENGINE=MyISAM AUTO_INCREMENT=733 DEFAULT CHARSET=utf8 COLLATE=utf8_bin;

--
-- Dumping data for table `phpbb_topics`
--

INSERT INTO `phpbb_topics` VALUES (3,3,0,0,1,0,'May 1st, 2007 - Finally on our way, and Killing time in Toro',2,1178075508,0,133,0,0,0,0,3,'admin','AA0000',3,2,'admin','AA0000','May 1st, 2007 - Finally on our way, and Killing time in Toro',1178075508,1212276504,0,0,0,'',0,0,1,0,0),(2,3,0,0,1,0,'First blog post!',53,1173455552,0,172,0,0,0,0,2,'RyanNoble','',2,53,'RyanNoble','','First blog post!',1173455552,1212276455,0,0,0,'',0,0,1,0,0),(4,3,0,0,1,0,'May 2nd, 2007 - Traffic laws?  More like traffic suggestions',53,1178138498,0,150,0,0,0,0,4,'RyanNoble','',4,53,'RyanNoble','','May 2nd, 2007 - Traffic laws?  More like traffic suggestions',1178138498,1212276527,0,0,0,'',0,0,1,0,0),(5,3,0,0,1,0,'end of day one in Buenos Aires',53,1178150628,0,151,0,0,0,0,5,'RyanNoble','',5,53,'RyanNoble','','end of day one in Buenos Aires',1178150628,1212276591,0,0,0,'',0,0,1,0,0),(6,3,0,0,1,0,'It\'s the end of the world, man!',53,1178227591,0,191,3,3,0,0,6,'RyanNoble','',12,1,'Mike','','Re: It\'s the end of the world, man!',1178294134,1216748364,0,0,0,'',0,0,1,0,0),(7,3,0,0,1,0,'May 3, 2007 - Backgammon &amp; the end of day one in Ushuaia',53,1178238199,0,151,2,2,0,0,7,'RyanNoble','',15,1,'Rob Noble','','Re: Backgammon &amp; the end of day one in Ushuaia',1178328618,1212982977,0,0,0,'',0,0,1,0,0),(9,3,0,0,1,0,'May 4th, 2007 - Good Fettuccine and Bad News',53,1178313836,0,167,0,0,0,0,14,'RyanNoble','',14,53,'RyanNoble','','May 4th, 2007 - Good Fettuccine and Bad News',1178313836,1213094944,0,0,0,'',0,0,1,0,0),(10,3,0,0,1,0,'Mapping our route',70,1178378760,0,308,4,4,0,0,16,'noblesean','',35,69,'LOLITO','','Re: Mapping our route',1178640311,1212983446,0,0,0,'',0,0,1,0,0),(11,3,0,0,1,0,'May 5th, 2007 - Good News and Bad Weather',53,1178401889,0,157,3,3,0,0,18,'RyanNoble','',22,70,'noblesean','','Re: May 5th, 2007 - Good News and Bad Weather',1178485371,1213095100,0,0,0,'',0,0,1,0,0),(13,3,0,0,1,0,'May 6th, 2007 - Funny, I don\'t feel like I\'m standing upside',53,1178488412,0,145,3,3,0,0,23,'RyanNoble','',26,1,'','','Re: May 6th, 2007 - Funny, I don\'t feel like I\'m standing upside',1178516456,1212983203,0,0,0,'',0,0,1,0,0),(15,3,0,0,1,0,'May 7th, 2007 - Happy happy joy joy day',53,1178547788,0,143,0,0,0,0,28,'RyanNoble','',28,53,'RyanNoble','','May 7th, 2007 - Happy happy joy joy day',1178547788,1212983296,0,0,0,'',0,0,1,0,0),(16,3,0,0,1,0,'May 7th, 2007 - I´m beginning to feel like a yoyo',53,1178574270,0,173,2,2,0,0,31,'RyanNoble','',33,1,'','','Re: May 7th, 2007 - I´m beginning to feel like a yoyo',1178594478,1212983334,0,0,0,'',0,0,1,0,0),(17,4,0,0,1,0,'Trip',1,1178596270,0,132,0,0,0,0,34,'Carl','',34,1,'Carl','','Trip',1178596270,1207838727,0,0,0,'',0,0,1,0,0),(21,3,0,0,1,0,'May 8th, 2007 - Broken rules &amp; broken signal lights',2,1178761599,0,218,1,1,0,0,46,'admin','AA0000',47,2,'admin','AA0000','Re: May 8th, 2007 - Broken rules &amp; broken signal lights',1178762282,1212034206,0,0,0,'',0,0,1,0,0),(19,4,0,0,1,0,'Weather',1,1178684519,0,93,0,0,0,0,38,'Carl','',38,1,'Carl','','Weather',1178684519,1204905752,0,0,0,'',0,0,1,0,0),(20,3,0,0,1,0,'They are on their way home.',1,1178686487,0,278,7,7,0,0,39,'kathynoble','',55,1,'','','Re: They are on their way home.',1178835846,1212034364,0,0,0,'',0,0,1,0,0),(22,3,0,0,1,0,'May 9th, 2007 - Sean hit a llama',2,1178763124,0,398,8,8,0,0,48,'admin','AA0000',78,53,'RyanNoble','','Re: May 9th, 2007 - Sean hit a llama',1179095611,1214869404,0,0,0,'',0,0,1,0,0),(23,3,0,0,1,0,'First bike maintenence',1,1178851572,0,183,1,1,0,0,56,'kathy lee noble','',58,1,'','','Re: First bike maintenence',1178858900,1214869317,0,0,0,'',0,0,1,0,0),(24,4,0,0,1,0,'Great news and great writing',55,1178855512,0,105,1,1,0,0,57,'AlanandSharonCooper','',108,70,'noblesean','','Re: Great news and great writing',1179280073,1204903650,0,0,0,'',0,0,1,0,0),(29,3,0,0,1,0,'May 10th, 2007 - Hairy Showers &amp; Milky Ways',53,1178937016,0,185,0,0,0,0,67,'RyanNoble','',67,53,'RyanNoble','','May 10th, 2007 - Hairy Showers &amp; Milky Ways',1178937016,1212105844,0,0,0,'',0,0,1,0,0),(26,3,0,0,1,0,'June 2 - Rally',1,1178904632,0,171,2,2,0,0,62,'Natalie','',64,1,'','','Re: June 2 - Rally',1178911520,1212105839,0,0,0,'',0,0,1,0,0),(27,4,0,0,1,0,'Hi Sean and the boys',1,1178914907,0,98,1,1,0,0,65,'Glenn Devereaux','',106,70,'noblesean','','Re: Hi Sean and the boys',1179279381,1206464910,0,0,0,'',0,0,1,0,0),(28,4,0,0,1,0,'amazing',1,1178922794,0,106,0,0,0,0,66,'guest','',66,1,'guest','','amazing',1178922794,1204905151,0,0,0,'',0,0,1,0,0),(31,3,0,0,1,0,'May 11th, 2007 - Sayonara, Argentina!',53,1178941726,0,251,5,5,0,0,69,'RyanNoble','',77,53,'RyanNoble','','Re: May 11th, 2007 - Sayonara, Argentina!',1179093570,1212106231,0,0,0,'',0,0,1,0,0),(32,4,0,0,1,0,'Distances to Cartagena, Colombia',69,1178992660,0,109,0,0,0,0,71,'LOLITO','',71,69,'LOLITO','','Distances to Cartagena, Colombia',1178992660,1208812130,0,0,0,'',0,0,1,0,0),(34,3,0,0,1,0,'May 12th, 2007 - Like a party in my eyes, and everybody\'s sm',53,1179098688,0,221,4,4,0,0,79,'RyanNoble','',95,1,'','','Re: May 12th, 2007 - Like a party in my eyes, and everybody\'s sm',1179174251,1214869750,0,0,0,'',0,0,1,0,0),(35,3,0,0,1,0,'May 13th, 2007 - It\'s a good day to spend on the beach.',53,1179102062,0,356,11,11,0,0,80,'RyanNoble','',110,2,'admin','AA0000','Re: May 13th, 2007 - It\'s a good day to spend on the beach.',1179283019,1203676962,0,0,0,'',0,0,1,0,0),(45,4,0,0,1,0,'Ryan and the group, please visit this museum on your way',69,1179325641,0,155,1,1,0,0,118,'LOLITO','',128,2,'admin','AA0000','Re: Ryan and the group, please visit this museum on your way',1179496465,1204900648,0,0,0,'',0,0,1,0,0),(42,3,0,0,1,0,'May 15th, 2007 - Into Peru!',1,1179289139,0,248,3,3,0,0,112,'Ryan Noble','',119,69,'LOLITO','','Re: May 15 - Into Peru!',1179338320,1203676961,0,0,0,'',0,0,1,0,0),(39,3,0,0,1,0,'Another night in paradise - but no internet',1,1179204252,0,204,8,8,0,0,98,'kathy lee noble','',109,1,'','','I am getting ready for you folks!',1179281915,1203676963,0,0,0,'',0,0,1,0,0),(41,3,0,0,1,0,'May 14 - Keys are the Bane of My Existence',1,1179289039,0,160,1,1,0,0,111,'Ryan Noble','',117,1,'','','Re: May 14 - Keys are the Bane of My Existence',1179323414,1214869602,0,0,0,'',0,0,1,0,0),(55,3,0,0,1,0,'May 17th, 2007 - Out of Peru and into Ecuador',2,1179570839,0,143,0,0,0,0,131,'admin','AA0000',131,2,'admin','AA0000','May 17th, 2007 - Out of Peru and into Ecuador',1179570839,1203676959,0,0,0,'',0,0,1,0,0),(54,3,0,0,1,0,'May 16th, 2007 - It\'s not chilly, it\'s Peru!',2,1179570654,0,136,0,0,0,0,130,'admin','AA0000',130,2,'admin','AA0000','May 16th, 2007 - It\'s not chilly, it\'s Peru!',1179570654,1203676960,0,0,0,'',0,0,1,0,0),(47,4,0,0,1,0,'Hello from Utah',1,1179376241,0,97,0,0,0,0,121,'caseytadd@comcast.net','',121,1,'caseytadd@comcast.net','','Hello from Utah',1179376241,1204902449,0,0,0,'',0,0,1,0,0),(48,4,0,0,1,0,'May 16 - Still in Peru',1,1179376780,0,169,1,1,0,0,122,'kathynoble','',126,57,'andykuiper','','Re: May 16 - Still in Peru',1179469808,1206464859,0,0,0,'',0,0,1,0,0),(56,3,0,0,1,0,'May 18th, 2007 - Freezing to death at the equator',2,1179570964,0,333,8,8,0,0,132,'admin','AA0000',150,1,'','','Re: May 18th, 2007 - Freezing to death at the equator',1179790492,1203676958,0,0,0,'',0,0,1,0,0),(116,3,0,0,1,0,'May 29th, 2007 - Losing a passport at the US/Mexican border',53,1180546203,0,329,5,5,0,0,233,'RyanNoble','',246,1,'','','Re: May 29th, 2007 - Losing a passport at the US/Mexican border',1180620240,1214868525,0,0,0,'',0,0,1,0,0),(52,4,0,0,1,0,'It\'s late in Ecuador',1,1179470848,0,131,0,0,0,0,127,'kathynoble','',127,1,'kathynoble','','It\'s late in Ecuador',1179470848,1206464931,0,0,0,'',0,0,1,0,0),(85,5,0,0,1,0,'June 2 - Ride Along to Noblefest!',1,1180103776,0,169,0,0,0,0,182,'','',182,1,'','','June 2 - Ride Along to Noblefest!',1180103776,1206466216,0,0,0,'',0,0,1,0,0),(60,4,0,0,1,0,'10,000 kms tomorrow!  Donations?',70,1179633223,0,189,1,1,0,0,138,'noblesean','',139,1,'kathynoble','','Re: 10,000 kms tomorrow!  Donations?',1179635538,1206465927,0,0,0,'',0,0,1,0,0),(84,3,0,0,1,0,'May 22, 2007 - Safety is priority number one',53,1180095694,0,309,4,4,0,0,181,'RyanNoble','',196,1,'','','Re: May 22, 2007 - Safety is priority number one',1180270950,1214871492,0,0,0,'',0,0,1,0,0),(83,3,0,0,1,0,'May 21, 2007 - Washed out in Colombia',53,1180095628,0,186,1,1,0,0,180,'RyanNoble','',184,1,'','','Re: May 21, 2007 - Washed out in Colombia',1180139786,1214871133,0,0,0,'',0,0,1,0,0),(69,3,0,0,1,0,'May 20th, 2007 - To save fifteen dollars',53,1179799005,0,307,8,8,0,0,152,'RyanNoble','',167,1,'','','Re: May 20th, 2007 - To save fifteen dollars',1179885374,1214870402,0,0,0,'',0,0,1,0,0),(68,3,0,0,1,0,'May 19th, 2007 - My new favourite country is Colombia',53,1179798835,0,193,2,2,0,0,151,'RyanNoble','',155,1,'','','Re: May 19th, 2007 - My new favourite country is Colombia',1179805721,1214870733,0,0,0,'',0,0,1,0,0),(78,4,0,0,1,0,'Lots of rain in Colombia for the boys',69,1179922977,0,152,0,0,0,0,171,'LOLITO','',171,69,'LOLITO','','Lots of rain in Colombia for the boys',1179922977,1206465874,0,0,0,'',0,0,1,0,0),(79,3,0,0,1,0,'Flying into Panama',1,1179948707,0,224,2,2,0,0,172,'kathynoble','',175,1,'','','Re: Flying into Panama',1179981657,1214872036,0,0,0,'',0,0,1,0,0),(112,3,0,0,1,0,'May 27th, 2007 - The Bitter Betty Awards',53,1180540028,0,177,2,2,0,0,226,'RyanNoble','',230,53,'RyanNoble','','Re: May 27th, 2007 - The Bitter Betty Awards',1180543647,1203676949,0,0,0,'',0,0,1,0,0),(81,3,0,0,1,0,'May 23 - Wet in Costa Rica and No Internet',1,1179985055,0,211,2,2,0,0,176,'kathynoble','',178,1,'jbutton','','Re: May 23 - Wet in Costa Rica and No Internet',1180048054,1215366778,0,0,0,'',0,0,1,0,0),(82,5,0,0,1,0,'From Coots to Red Deer',95,1180067340,0,148,0,0,0,0,179,'old_cola','',179,95,'old_cola','','From Coots to Red Deer',1180067340,1204915835,0,0,0,'',0,0,1,0,0),(111,3,0,0,1,0,'May 26th, 2007 - Rain, rain, go away',53,1180538079,0,131,0,0,0,0,225,'RyanNoble','',225,53,'RyanNoble','','May 26th, 2007 - Rain, rain, go away',1180538079,1203676950,0,0,0,'',0,0,1,0,0),(108,5,0,0,1,0,'June 2 - Need Riders!!!!',73,1180462546,0,357,6,6,0,0,217,'Craig','',267,1,'','','Re: June 2 - Need Riders!!!!',1180758499,1216792370,0,0,0,'',0,0,1,0,0),(104,3,0,0,1,0,'May 25th, 2007 - Bribing customs &amp; the hate for Honduras',53,1180416196,0,184,0,0,0,0,211,'RyanNoble','',211,53,'RyanNoble','','May 25th, 2007 - Bribing customs &amp; the hate for Honduras',1180416196,1214867976,0,0,0,'',0,0,1,0,0),(100,5,0,0,1,0,'is Red Deer ready for all the bikes?',95,1180412455,0,156,1,1,0,0,207,'old_cola','',216,73,'Craig','','Re: is Red Deer ready for all the bikes?',1180459495,1204914457,0,0,0,'',0,0,1,0,0),(101,3,0,0,1,0,'May 23rd, 2007 - The customs agent of Panama',53,1180412544,0,153,0,0,0,0,208,'RyanNoble','',208,53,'RyanNoble','','May 23rd, 2007 - The customs agent of Panama',1180412544,1213793058,0,0,0,'',0,0,1,0,0),(102,3,0,0,1,0,'May 24th, 2007 - Riding in the rain really chaps my ass',53,1180413791,0,240,3,3,0,0,209,'RyanNoble','',221,1,'','','Re: May 24th, 2007 - Riding in the rain really chaps my butt',1180498686,1203676951,0,0,0,'',0,0,1,0,0),(95,4,0,0,1,0,'Where are you Guy\'s?',59,1180308015,0,113,0,0,0,0,198,'Leather','',198,59,'Leather','','Where are you Guy\'s?',1180308015,1206465996,0,0,0,'',0,0,1,0,0),(96,4,0,0,1,0,'Brief Update',1,1180326034,0,180,1,1,0,0,199,'kathynoble','',200,73,'Craig','','Re: Brief Update',1180332869,1206466011,0,0,0,'',0,0,1,0,0),(139,3,0,0,1,0,'what a terrific Noblefest!',1,1180836161,0,709,17,17,0,0,275,'audrey&amp;terry','',313,1,'','','Re: what a terrific Noblefest!',1181224069,1194271605,0,0,0,'',0,0,1,0,0),(98,3,0,0,1,0,'Monday, May 28',1,1180359025,0,238,3,3,0,0,202,'kathynoble','',206,1,'','','Re: Monday, May 28',1180406718,1203676952,0,0,0,'',0,0,1,0,0),(114,3,0,0,1,0,'May 28th, 2007 - Splitting lanes in Mexico City',53,1180543012,0,186,1,1,0,0,228,'RyanNoble','',232,91,'Justin Hubert','','Re: May 28th, 2007 - Splitting lanes in Mexico City',1180545856,1215366803,0,0,0,'',0,0,1,0,0),(124,4,0,0,1,0,'NobleQuest schedule to Shelby, Coutts &amp; Red Deer',53,1180626394,0,451,6,6,0,0,250,'RyanNoble','',270,97,'Tazda','','Re: NobleQuest schedule to Shelby, Coutts &amp; Red Deer',1180787979,1205107143,0,0,0,'',0,0,1,0,0),(119,4,0,0,1,0,'to all riders joining Noblequest at border',1,1180586838,0,252,5,5,0,0,240,'audrey&amp;terry','',259,97,'Tazda','','Re: to all riders joining Noblequest at border',1180677482,1209788961,0,0,0,'',0,0,1,0,0),(123,3,0,0,1,0,'May 30th, 2007 - Robbie: Stopping at green lights since 1982',53,1180626282,0,231,0,0,0,0,249,'RyanNoble','',249,53,'RyanNoble','','May 30th, 2007 - Robbie: Stopping at green lights since 1982',1180626282,1214868934,0,0,0,'',0,0,1,0,0),(156,3,0,0,1,0,'They are in Prudhoe Bay!',1,1181206429,0,540,20,20,0,0,309,'kathynoble','',350,72,'kellarwt','','Re: They are in Prudhoe Bay!',1181495429,1212460335,0,0,0,'',0,0,1,0,0),(144,3,0,0,1,0,'NobleFest',1,1180937724,0,217,0,0,0,0,285,'kathynoble','',285,1,'kathynoble','','NobleFest',1180937724,1214869215,0,0,0,'',0,0,1,0,0),(137,4,0,0,1,0,'leaving Red Deer',1,1180831443,0,239,0,0,0,0,273,'','',273,1,'','','leaving Red Deer',1180831443,1209788941,0,0,0,'',0,0,1,0,0),(152,3,0,0,1,0,'June 1st, 2007 - Ride-alongs &amp; poor fuel economy',53,1181117979,0,183,0,0,0,0,303,'RyanNoble','',303,53,'RyanNoble','','June 1st, 2007 - Ride-alongs &amp; poor fuel economy',1181117979,1215366936,0,0,0,'',0,0,1,0,0),(153,3,0,0,1,0,'June 5th, 2007 - Late posts &amp; no time to sleep',53,1181118540,0,263,1,1,0,0,304,'RyanNoble','',305,1,'','','Re: June 5th, 2007 - Late posts &amp; no time to sleep',1181144932,1194271646,0,0,0,'',0,0,1,0,0),(149,3,0,0,1,0,'May 31st, 2007 - To Grandma\'s house we go',53,1181030979,0,182,1,1,0,0,296,'RyanNoble','',298,1,'','','Re: May 31st, 2007 - To Grandma\'s house we go',1181046648,1203676947,0,0,0,'',0,0,1,0,0),(166,3,0,0,1,0,'Message from Candice about Donations',1,1181368377,0,138,0,0,0,0,338,'kathynoble','',338,1,'kathynoble','','Message from Candice about Donations',1181368377,1213094548,0,0,0,'',0,0,1,0,0),(220,3,0,0,1,0,'June 3rd, 2007 - Soda can bombardiers',53,1182107152,0,124,2,2,0,0,398,'RyanNoble','',402,1,'','','Re: June 3rd, 2007 - Soda can bombardiers',1182138339,1213792909,0,0,0,'',0,0,1,0,0),(223,3,0,0,1,0,'Message from Anne about Donations',67,1182170062,0,153,2,2,0,0,403,'kathy noble','',406,1,'','','Re: Message from Anne about Donations',1182375186,1211580231,0,0,0,'',0,0,1,0,0),(226,3,0,0,1,0,'June 4th, 2007 - Donald Duck visits the Liard Hot Springs',53,1182477023,0,107,0,0,0,0,408,'RyanNoble','',408,53,'RyanNoble','','June 4th, 2007 - Donald Duck visits the Liard Hot Springs',1182477023,1215367018,0,0,0,'',0,0,1,0,0),(188,3,0,0,1,0,'June 2nd, 2007 - We\'re home, but just passing through',53,1181630137,0,230,3,3,0,0,363,'RyanNoble','',385,95,'old_cola','','Re: June 2nd, 2007 - We\'re home, but just passing through',1181950134,1194271584,0,0,0,'',0,0,1,0,0),(725,4,0,0,1,0,'Nice Article in the Red Deer Advocate March 1 2008',59,1204416028,0,22,0,0,0,0,941,'Leather','',941,59,'Leather','','Nice Article in the Red Deer Advocate March 1 2008',1204416028,1215181644,0,0,0,'',0,0,1,0,0),(305,5,0,0,1,0,'online pharmacy at lowest prices',244,1186829442,0,9,0,0,0,0,487,'sekicus','',487,244,'sekicus','','online pharmacy at lowest prices',1186829442,1204913256,0,0,0,'',0,0,1,0,0),(409,5,0,0,1,0,'TRUSTED FIORICET Quality Porno Anal Teens Porno Super Free P',1,1190593662,0,7,0,0,0,0,597,'Trustedrxk','',597,1,'Trustedrxk','','TRUSTED FIORICET Quality Porno Anal Teens Porno Super Free P',1190593662,1204912655,0,0,0,'',0,0,1,0,0),(511,5,0,0,1,0,'sdfdffdc',1,1194507541,0,7,0,0,0,0,711,'vvxtiopmx','',711,1,'vvxtiopmx','','sdfdffdc',1194507541,1204912055,0,0,0,'',0,0,1,0,0),(531,5,0,0,1,0,'windows',1,1195469696,0,8,0,0,0,0,734,'avdnelkaxz','',734,1,'avdnelkaxz','','windows',1195469696,1204911455,0,0,0,'',0,0,1,0,0),(549,4,0,0,1,0,'Hello Everebody, wakeup!;-)',803,1196405407,0,13,0,0,0,0,755,'huxulgekalk','',755,803,'huxulgekalk','','Hello Everebody, wakeup!;-)',1196405407,1209788933,0,0,0,'',0,0,1,0,0),(726,5,0,0,1,0,'celebration day dead picture celebrity nude tazzie',1,1204962529,0,4,0,0,0,0,942,'exhank','',942,1,'exhank','','celebration day dead picture celebrity nude tazzie',1204962529,1206254878,0,0,0,'',0,0,1,0,0),(727,5,0,0,1,0,'world famous porn stars pornstars london escorts',1,1207213913,0,1,0,0,0,0,943,'Booxsouch','',943,1,'Booxsouch','','world famous porn stars pornstars london escorts',1207213913,1207213918,0,0,0,'',0,0,1,0,0),(728,5,0,0,1,0,'buy online.reltop.net site viagra viagra online prescription',1,1207877197,0,1,0,0,0,0,944,'inticturo','',944,1,'inticturo','','buy online.reltop.net site viagra viagra online prescription',1207877197,1207877199,0,0,0,'',0,0,1,0,0),(729,5,0,0,1,0,'celebrity boob real or fake celebrity gallery pussy',1,1207987509,0,2,0,0,0,0,945,'pypeGroobewef','',945,1,'pypeGroobewef','','celebrity boob real or fake celebrity gallery pussy',1207987509,1209788828,0,0,0,'',0,0,1,0,0),(730,5,0,0,1,0,'celebrity titty frontgate realty celebration florida',1,1208402775,0,1,0,0,0,0,946,'unloantAlable','',946,1,'unloantAlable','','celebrity titty frontgate realty celebration florida',1208402775,1208402781,0,0,0,'',0,0,1,0,0),(731,5,0,0,1,0,'celebes hot baby names celebrity',1,1209127448,0,5,0,0,0,0,947,'GanoTampagino','',947,1,'GanoTampagino','','celebes hot baby names celebrity',1209127448,1215181644,0,0,0,'',0,0,1,0,0),(732,3,0,0,1,0,'June 5th, 2007 - Stunting on the Alaskan Highway',53,1212026617,0,17,0,0,0,0,948,'RyanNoble','',948,53,'RyanNoble','','June 5th, 2007 - Stunting on the Alaskan Highway',1212026617,1216792226,0,0,0,'',0,0,1,0,0),(608,5,0,0,1,0,'zemingent',1,1199673054,0,10,0,0,0,0,818,'oppophyeffize','',818,1,'oppophyeffize','','zemingent',1199673054,1205191553,0,0,0,'',0,0,1,0,0),(610,5,0,0,1,0,'empofterypoto',1,1199746473,0,13,0,0,0,0,821,'empofterypoto','',821,1,'empofterypoto','','empofterypoto',1199746473,1206794664,0,0,0,'',0,0,1,0,0),(644,4,0,0,1,0,'Hallo',1121,1200764282,0,18,0,0,0,0,856,'Exhamitix','',856,1121,'Exhamitix','','Hallo',1200764282,1211983293,0,0,0,'',0,0,1,0,0),(703,5,0,0,1,0,'free japanese porn movie mature lady',1,1203158289,0,12,0,0,0,0,918,'arrarmdyday','',918,1,'arrarmdyday','','free japanese porn movie mature lady',1203158289,1204931388,0,0,0,'',0,0,1,0,0);

--
-- Table structure for table `phpbb_topics_posted`
--

CREATE TABLE `phpbb_topics_posted` (
  `user_id` mediumint(8) unsigned NOT NULL default '0',
  `topic_id` mediumint(8) unsigned NOT NULL default '0',
  `topic_posted` tinyint(1) unsigned NOT NULL default '0',
  PRIMARY KEY  (`user_id`,`topic_id`)
) ENGINE=MyISAM DEFAULT CHARSET=utf8 COLLATE=utf8_bin;

--
-- Dumping data for table `phpbb_topics_posted`
--

INSERT INTO `phpbb_topics_posted` VALUES (2,1,1),(53,2,1),(2,3,1),(53,4,1),(53,5,1),(53,6,1),(53,7,1),(53,9,1),(70,10,1),(53,11,1),(70,11,1),(53,13,1),(53,15,1),(69,10,1),(53,10,1),(53,16,1),(76,20,1),(2,20,1),(2,21,1),(2,22,1),(59,20,1),(55,24,1),(53,29,1),(53,31,1),(69,32,1),(73,31,1),(53,22,1),(53,34,1),(53,35,1),(73,35,1),(70,34,1),(70,35,1),(77,35,1),(72,34,1),(69,35,1),(73,39,1),(70,27,1),(70,39,1),(70,24,1),(2,35,1),(55,42,1),(69,45,1),(69,42,1),(57,48,1),(2,45,1),(2,54,1),(2,55,1),(2,56,1),(53,68,1),(70,60,1),(55,56,1),(59,56,1),(53,69,1),(77,69,1),(73,69,1),(69,69,1),(69,78,1),(95,82,1),(53,83,1),(53,84,1),(95,100,1),(59,95,1),(73,96,1),(55,98,1),(53,101,1),(53,102,1),(53,104,1),(73,100,1),(73,108,1),(53,108,1),(53,111,1),(53,112,1),(53,114,1),(77,112,1),(91,114,1),(53,116,1),(97,108,1),(59,119,1),(99,116,1),(53,123,1),(53,124,1),(97,124,1),(97,119,1),(95,124,1),(95,139,1),(59,139,1),(53,149,1),(53,139,1),(53,152,1),(53,153,1),(59,156,1),(76,156,1),(73,156,1),(95,156,1),(77,156,1),(72,156,1),(53,188,1),(95,188,1),(53,220,1),(95,220,1),(67,223,1),(53,226,1),(53,732,1),(59,725,1),(244,305,1),(803,549,1),(1121,644,1);

--
-- Table structure for table `phpbb_topics_track`
--

CREATE TABLE `phpbb_topics_track` (
  `user_id` mediumint(8) unsigned NOT NULL default '0',
  `topic_id` mediumint(8) unsigned NOT NULL default '0',
  `forum_id` mediumint(8) unsigned NOT NULL default '0',
  `mark_time` int(11) unsigned NOT NULL default '0',
  PRIMARY KEY  (`user_id`,`topic_id`),
  KEY `forum_id` (`forum_id`)
) ENGINE=MyISAM DEFAULT CHARSET=utf8 COLLATE=utf8_bin;

--
-- Dumping data for table `phpbb_topics_track`
--

INSERT INTO `phpbb_topics_track` VALUES (2,3,3,1178075508),(59,11,3,1178485371),(56,11,3,1178485371),(56,13,3,1178488412),(59,13,3,1178506473),(2,13,3,1178516456),(2,11,3,1178485371),(2,10,3,1178640311),(69,10,3,1178640311),(69,15,3,1178547788),(69,11,3,1178485371),(57,9,3,1178313836),(57,4,3,1178138498),(57,5,3,1178150628),(57,15,3,1178547788),(57,6,3,1178294134),(57,10,3,1178574236),(57,16,3,1178576093),(69,17,4,1178596270),(62,10,3,1178640311),(72,20,3,1178726027),(2,21,3,1178762282),(72,10,3,1178640311),(72,19,4,1178684519),(72,16,3,1178594478),(72,42,3,1179292655),(2,20,3,1178761557),(75,35,3,1179174804),(76,19,4,1178684519),(76,20,3,1178747562),(72,54,3,1179570654),(2,22,3,1178763124),(59,17,4,1178596270),(59,10,3,1178640311),(59,19,4,1178684519),(59,20,3,1178835846),(59,21,3,1178762282),(59,22,3,1178898718),(79,21,3,1178762282),(72,21,3,1178762282),(72,17,4,1178596270),(72,13,3,1178516456),(72,22,3,1179095611),(75,22,3,1178803577),(55,24,4,1178855512),(55,23,3,1178858900),(59,23,3,1178851572),(76,34,3,1179157996),(55,20,3,1178835846),(69,45,4,1179325641),(76,35,3,1179165941),(77,35,3,1179157045),(53,19,4,1178684519),(72,26,3,1178911520),(59,27,4,1178914907),(72,27,4,1178914907),(72,28,4,1178922794),(59,26,3,1178911520),(64,21,3,1178762282),(72,23,3,1178858900),(53,24,4,1178855512),(53,27,4,1178914907),(53,28,4,1178922794),(84,29,3,1178937016),(81,29,3,1178937016),(55,31,3,1178941726),(59,29,3,1178937016),(59,31,3,1179026131),(75,31,3,1179034972),(76,22,3,1179095611),(82,35,3,1179165941),(82,34,3,1179174251),(69,35,3,1179165326),(76,32,4,1178992660),(72,29,3,1178937016),(72,31,3,1178980518),(69,32,4,1178992660),(55,32,4,1178992660),(55,26,3,1178911520),(76,26,3,1178911520),(76,27,4,1178914907),(76,28,4,1178922794),(59,35,3,1179283019),(84,27,4,1178914907),(59,34,3,1179098688),(84,31,3,1178980518),(59,32,4,1178992660),(76,29,3,1178937016),(82,28,4,1178922794),(69,31,3,1179034972),(53,32,4,1178992660),(76,31,3,1179093570),(2,42,3,1179573787),(72,34,3,1179174251),(73,39,3,1179297413),(72,35,3,1179165941),(77,34,3,1179115017),(72,39,3,1179205311),(2,41,3,1179289039),(75,42,3,1179292655),(59,39,3,1179281915),(55,41,3,1179289039),(75,39,3,1179205311),(55,42,3,1179292711),(59,42,3,1179338320),(76,39,3,1179205311),(2,17,4,1178596270),(70,39,3,1179279976),(73,45,4,1179325641),(59,45,4,1179496465),(2,35,3,1179283019),(82,39,3,1179255369),(2,39,3,1179281915),(80,41,3,1179323414),(72,41,3,1179323414),(69,42,3,1179338320),(2,55,3,1179570840),(73,42,3,1179338320),(2,56,3,1179570964),(75,48,4,1179376780),(82,48,4,1179376780),(83,48,4,1179376780),(73,47,4,1179376241),(73,48,4,1179376780),(59,24,4,1179280073),(2,47,4,1179376241),(59,47,4,1179376241),(59,48,4,1179376780),(82,47,4,1179376241),(77,24,4,1179280073),(77,39,3,1179281915),(59,52,4,1179470848),(77,41,3,1179323414),(77,45,4,1179325641),(77,42,3,1179338320),(77,47,4,1179376241),(77,48,4,1179376780),(2,48,4,1179469808),(2,29,3,1178937016),(2,52,4,1179470848),(2,45,4,1179496465),(2,32,4,1178992660),(57,48,4,1179469808),(57,47,4,1179376241),(57,42,3,1179338320),(57,35,3,1179165941),(75,52,4,1179470848),(2,54,3,1179570759),(72,55,3,1179570839),(75,56,3,1179717901),(72,56,3,1179766909),(75,55,3,1179570839),(72,45,4,1179496465),(72,52,4,1179470848),(72,48,4,1179469808),(70,60,4,1179633223),(72,60,4,1179633223),(55,56,3,1179710370),(55,60,4,1179635538),(55,55,3,1179570839),(59,56,3,1179790492),(77,56,3,1179717901),(59,60,4,1179635538),(53,60,4,1179635538),(73,54,3,1179570654),(73,55,3,1179570839),(73,60,4,1179635538),(73,56,3,1179790492),(53,48,4,1179469808),(77,68,3,1179805721),(77,69,3,1179885374),(73,68,3,1179805721),(73,69,3,1179885374),(75,69,3,1179814888),(75,68,3,1179805721),(69,69,3,1179846040),(59,68,3,1179805721),(59,69,3,1179867801),(72,69,3,1179885374),(72,68,3,1179805721),(89,69,3,1179885374),(82,69,3,1179846040),(53,78,4,1179922977),(95,108,5,1180620816),(73,84,3,1180270950),(73,83,3,1180139786),(69,68,3,1179805721),(69,78,4,1179922977),(79,78,4,1179922977),(99,101,3,1180412544),(79,68,3,1179805721),(79,60,4,1179635538),(79,56,3,1179790492),(79,54,3,1179570654),(75,78,4,1179922977),(59,84,3,1180270950),(59,83,3,1180095628),(75,83,3,1180095628),(77,78,4,1179922977),(82,79,3,1179969724),(82,78,4,1179922977),(59,78,4,1179922977),(91,78,4,1179922977),(73,79,3,1179981657),(86,124,4,1180680001),(72,79,3,1179969724),(72,78,4,1179922977),(59,79,3,1179981657),(89,79,3,1179969724),(73,78,4,1179922977),(75,81,3,1180011948),(75,79,3,1179981657),(59,81,3,1180048054),(73,81,3,1180048054),(82,81,3,1180048054),(73,124,4,1180757456),(95,85,5,1180103776),(75,84,3,1180270950),(91,114,3,1180547217),(53,95,4,1180308015),(53,96,4,1180332869),(82,83,3,1180139786),(82,84,3,1180270950),(72,84,3,1180270950),(72,83,3,1180139786),(59,95,4,1180308015),(82,95,4,1180308015),(72,95,4,1180308015),(73,101,3,1180412544),(53,119,4,1180677482),(73,95,4,1180308015),(82,96,4,1180326034),(59,96,4,1180332869),(73,96,4,1180367218),(75,96,4,1180332869),(59,98,3,1180365751),(80,83,3,1180139786),(80,84,3,1180270950),(80,98,3,1180362982),(55,98,3,1180365751),(73,98,3,1180406718),(84,96,4,1180332869),(84,95,4,1180308015),(2,96,4,1180332869),(2,108,5,1180620816),(75,101,3,1180412544),(75,104,3,1180416196),(75,102,3,1180416376),(73,104,3,1180416196),(99,102,3,1180416376),(91,112,3,1180543647),(2,102,3,1180498686),(2,101,3,1180412544),(2,100,5,1180459495),(73,102,3,1180498686),(82,98,3,1180365751),(2,104,3,1180416196),(73,119,4,1180670406),(59,102,3,1180498686),(59,116,3,1180564172),(59,114,3,1180545856),(66,95,4,1180308015),(59,104,3,1180416196),(77,114,3,1180543012),(91,116,3,1180546203),(86,116,3,1180546203),(86,114,3,1180545856),(77,112,3,1180543647),(73,111,3,1180538079),(73,112,3,1180543647),(73,114,3,1180545856),(73,116,3,1180620240),(95,116,3,1180546203),(2,114,3,1180545856),(59,112,3,1180543647),(73,123,3,1180626282),(75,119,4,1180677482),(75,124,4,1180787979),(59,119,4,1180587321),(84,112,3,1180543647),(2,111,3,1180538079),(2,112,3,1180543647),(86,123,3,1180626282),(2,123,3,1180626282),(2,119,4,1180677482),(2,116,3,1180620240),(99,119,4,1180587321),(99,116,3,1180592966),(75,116,3,1180592966),(84,114,3,1180545856),(53,124,4,1180787979),(84,119,4,1180621047),(2,124,4,1180787979),(75,123,3,1180626282),(66,124,4,1180680001),(86,119,4,1180677482),(66,119,4,1180677482),(72,96,4,1180332869),(72,98,3,1180406718),(72,101,3,1180412544),(72,104,3,1180416196),(72,100,5,1180459495),(72,102,3,1180498686),(95,119,4,1180677482),(95,123,3,1180626282),(72,111,3,1180538079),(72,112,3,1180543647),(95,111,3,1180538079),(95,96,4,1180332869),(95,124,4,1180787979),(72,114,3,1180545856),(72,116,3,1180620240),(72,108,5,1180620816),(72,123,3,1180626282),(72,119,4,1180677482),(72,124,4,1180757456),(103,124,4,1180757456),(97,124,4,1180787979),(105,139,3,1180836161),(95,139,3,1180999296),(95,137,4,1180831443),(97,137,4,1180831443),(97,139,3,1180836161),(73,139,3,1181224069),(73,137,4,1180831443),(72,137,4,1180831443),(72,139,3,1181170962),(75,139,3,1181224069),(75,144,3,1180937724),(86,139,3,1180846745),(86,137,4,1180831443),(2,139,3,1181224069),(105,144,3,1180937724),(86,96,4,1180332869),(79,124,4,1180787979),(2,137,4,1180831443),(59,139,3,1181105956),(66,137,4,1180831443),(2,144,3,1180937724),(59,144,3,1180937724),(82,139,3,1180999296),(73,144,3,1180937724),(53,137,4,1180831443),(79,144,3,1180937724),(79,139,3,1180997736),(79,149,3,1181046648),(75,149,3,1181046648),(59,149,3,1181046648),(2,149,3,1181046648),(73,149,3,1181046648),(75,153,3,1181118540),(75,152,3,1181117979),(79,152,3,1181117979),(79,153,3,1181118540),(79,123,3,1180626282),(79,116,3,1180620240),(105,152,3,1181117979),(105,153,3,1181144932),(80,149,3,1181046648),(80,153,3,1181118540),(59,152,3,1181117979),(59,153,3,1181144932),(73,153,3,1181144932),(72,152,3,1181117979),(72,153,3,1181144932),(72,149,3,1181046648),(2,152,3,1181117979),(2,153,3,1181144932),(105,156,3,1181250617),(75,156,3,1181440682),(59,156,3,1181495429),(76,156,3,1181233986),(2,188,3,1181950134),(59,166,3,1181368377),(59,188,3,1181950134),(105,166,3,1181368377),(73,156,3,1181495429),(95,156,3,1181254966),(77,156,3,1181440682),(55,139,3,1181224069),(55,156,3,1181440682),(73,152,3,1181117979),(2,156,3,1181320886),(59,108,5,1180758499),(69,156,3,1181250617),(105,188,3,1181691757),(75,188,3,1181950134),(53,732,3,1212026884),(59,732,3,1212026617),(73,166,3,1181368377),(72,156,3,1181495429),(55,166,3,1181368377),(77,153,3,1181144932),(77,166,3,1181368377),(95,188,3,1181950134),(59,725,4,1204416028),(95,220,3,1182126359),(95,166,3,1181368377),(70,188,3,1181950134),(70,220,3,1182138339),(67,223,3,1182170062),(75,223,3,1182375186),(66,220,3,1182138339),(66,223,3,1182170062),(105,223,3,1182170062),(72,188,3,1181950134),(59,223,3,1182375186),(59,644,4,1200764282),(75,226,3,1182477023),(59,226,3,1182477023),(82,223,3,1182375186),(82,226,3,1182477023),(95,226,3,1182477023),(73,226,3,1182477023),(59,137,4,1180831443),(95,223,3,1182375186),(86,220,3,1182138339),(95,152,3,1181117979),(70,223,3,1182375186),(70,144,3,1180937724),(70,166,3,1181368377);

--
-- Table structure for table `phpbb_topics_watch`
--

CREATE TABLE `phpbb_topics_watch` (
  `topic_id` mediumint(8) unsigned NOT NULL default '0',
  `user_id` mediumint(8) unsigned NOT NULL default '0',
  `notify_status` tinyint(1) unsigned NOT NULL default '0',
  KEY `topic_id` (`topic_id`),
  KEY `user_id` (`user_id`),
  KEY `notify_stat` (`notify_status`)
) ENGINE=MyISAM DEFAULT CHARSET=utf8 COLLATE=utf8_bin;

--
-- Dumping data for table `phpbb_topics_watch`
--

INSERT INTO `phpbb_topics_watch` VALUES (10,69,0),(48,57,0),(82,95,0);

--
-- Table structure for table `phpbb_user_group`
--

CREATE TABLE `phpbb_user_group` (
  `group_id` mediumint(8) unsigned NOT NULL default '0',
  `user_id` mediumint(8) unsigned NOT NULL default '0',
  `group_leader` tinyint(1) unsigned NOT NULL default '0',
  `user_pending` tinyint(1) unsigned NOT NULL default '1',
  KEY `group_id` (`group_id`),
  KEY `user_id` (`user_id`),
  KEY `group_leader` (`group_leader`)
) ENGINE=MyISAM DEFAULT CHARSET=utf8 COLLATE=utf8_bin;

--
-- Dumping data for table `phpbb_user_group`
--

INSERT INTO `phpbb_user_group` VALUES (1,1,0,0),(2,2,0,0),(4,2,0,0),(5,2,1,0),(6,3,0,0),(6,4,0,0),(6,5,0,0),(6,6,0,0),(6,7,0,0),(6,8,0,0),(6,9,0,0),(6,10,0,0),(6,11,0,0),(6,12,0,0),(6,13,0,0),(6,14,0,0),(6,15,0,0),(6,16,0,0),(6,17,0,0),(6,18,0,0),(6,19,0,0),(6,20,0,0),(6,21,0,0),(6,22,0,0),(6,23,0,0),(6,24,0,0),(6,25,0,0),(6,26,0,0),(6,27,0,0),(6,28,0,0),(6,29,0,0),(6,30,0,0),(6,31,0,0),(6,32,0,0),(6,33,0,0),(6,34,0,0),(6,35,0,0),(6,36,0,0),(6,37,0,0),(6,38,0,0),(6,39,0,0),(6,40,0,0),(6,41,0,0),(6,42,0,0),(6,43,0,0),(6,44,0,0),(6,45,0,0),(6,46,0,0),(6,47,0,0),(6,48,0,0),(6,49,0,0),(6,50,0,0),(6,51,0,0),(6,52,0,0),(2,53,0,0),(2,54,0,0),(2,55,0,0),(2,56,0,0),(2,57,0,0),(2,101,0,0),(2,59,0,0),(2,60,0,0),(2,61,0,0),(2,62,0,0),(2,63,0,0),(2,64,0,0),(2,102,0,0),(2,66,0,0),(2,67,0,0),(2,68,0,0),(2,69,0,0),(2,70,0,0),(2,74,0,0),(2,72,0,0),(2,73,0,0),(2,75,0,0),(2,76,0,0),(2,77,0,0),(2,78,0,0),(2,79,0,0),(2,80,0,0),(2,81,0,0),(2,82,0,0),(2,83,0,0),(2,84,0,0),(2,85,0,0),(2,86,0,0),(2,87,0,0),(2,100,0,0),(2,89,0,0),(2,90,0,0),(2,91,0,0),(2,92,0,0),(2,93,0,0),(2,94,0,0),(2,95,0,0),(2,96,0,0),(2,97,0,0),(2,98,0,0),(2,99,0,0),(5,99,0,0),(2,103,0,0),(2,104,0,0),(2,105,0,0),(2,106,0,0),(2,107,0,0),(2,108,0,0),(2,109,0,0),(2,110,0,0),(2,111,0,0),(2,112,0,0),(2,113,0,0),(2,114,0,0),(2,115,0,0),(2,116,0,0),(2,117,0,0),(2,118,0,0),(2,119,0,0),(2,120,0,0),(2,121,0,0),(2,122,0,0),(2,123,0,0),(2,124,0,0),(2,125,0,0),(2,126,0,0),(2,127,0,0),(2,128,0,0),(2,129,0,0),(2,130,0,0),(2,131,0,0),(2,132,0,0),(2,133,0,0),(2,134,0,0),(2,135,0,0),(2,136,0,0),(2,137,0,0),(2,138,0,0),(2,139,0,0),(2,140,0,0),(2,141,0,0),(2,142,0,0),(2,143,0,0),(2,144,0,0),(2,145,0,0),(2,146,0,0),(2,147,0,0),(2,148,0,0),(2,149,0,0),(2,150,0,0),(2,151,0,0),(2,152,0,0),(2,153,0,0),(2,154,0,0),(2,155,0,0),(2,156,0,0),(2,157,0,0),(2,158,0,0),(2,159,0,0),(2,160,0,0),(2,161,0,0),(2,162,0,0),(2,163,0,0),(2,164,0,0),(2,165,0,0),(2,166,0,0),(2,167,0,0),(2,168,0,0),(2,169,0,0),(2,170,0,0),(2,171,0,0),(2,172,0,0),(2,173,0,0),(2,174,0,0),(2,175,0,0),(2,176,0,0),(2,177,0,0),(2,178,0,0),(2,179,0,0),(2,180,0,0),(2,181,0,0),(2,182,0,0),(2,183,0,0),(2,184,0,0),(2,185,0,0),(2,186,0,0),(2,187,0,0),(2,188,0,0),(2,189,0,0),(2,190,0,0),(2,191,0,0),(2,192,0,0),(2,193,0,0),(2,194,0,0),(2,195,0,0),(2,196,0,0),(2,197,0,0),(2,198,0,0),(2,199,0,0),(2,200,0,0),(2,201,0,0),(2,202,0,0),(2,203,0,0),(2,204,0,0),(2,205,0,0),(2,206,0,0),(2,207,0,0),(2,208,0,0),(2,209,0,0),(2,210,0,0),(2,211,0,0),(2,212,0,0),(2,213,0,0),(2,214,0,0),(2,215,0,0),(2,216,0,0),(2,217,0,0),(2,218,0,0),(2,219,0,0),(2,220,0,0),(2,221,0,0),(2,222,0,0),(2,223,0,0),(2,224,0,0),(2,225,0,0),(2,226,0,0),(2,227,0,0),(2,228,0,0),(2,229,0,0),(2,230,0,0),(2,231,0,0),(2,232,0,0),(2,233,0,0),(2,234,0,0),(2,235,0,0),(2,236,0,0),(2,237,0,0),(2,238,0,0),(2,239,0,0),(2,240,0,0),(2,241,0,0),(2,242,0,0),(2,243,0,0),(2,244,0,0),(2,245,0,0),(2,246,0,0),(2,247,0,0),(2,248,0,0),(2,249,0,0),(2,250,0,0),(2,251,0,0),(2,252,0,0),(2,253,0,0),(2,254,0,0),(2,255,0,0),(2,256,0,0),(2,257,0,0),(2,258,0,0),(2,259,0,0),(2,260,0,0),(2,261,0,0),(2,262,0,0),(2,263,0,0),(2,264,0,0),(2,265,0,0),(2,266,0,0),(2,267,0,0),(2,268,0,0),(2,269,0,0),(2,270,0,0),(2,271,0,0),(2,272,0,0),(2,273,0,0),(2,274,0,0),(2,275,0,0),(2,276,0,0),(2,277,0,0),(2,278,0,0),(2,279,0,0),(2,280,0,0),(2,281,0,0),(2,282,0,0),(2,283,0,0),(2,284,0,0),(2,285,0,0),(2,286,0,0),(2,287,0,0),(2,288,0,0),(2,289,0,0),(2,290,0,0),(2,291,0,0),(2,292,0,0),(2,293,0,0),(2,294,0,0),(2,295,0,0),(2,296,0,0),(2,297,0,0),(2,298,0,0),(2,299,0,0),(2,300,0,0),(2,301,0,0),(2,302,0,0),(2,303,0,0),(2,304,0,0),(2,305,0,0),(2,306,0,0),(2,307,0,0),(2,308,0,0),(2,309,0,0),(2,310,0,0),(2,311,0,0),(2,312,0,0),(2,313,0,0),(2,314,0,0),(2,315,0,0),(2,316,0,0),(2,317,0,0),(2,318,0,0),(2,319,0,0),(2,320,0,0),(2,321,0,0),(2,322,0,0),(2,323,0,0),(2,324,0,0),(2,325,0,0),(2,326,0,0),(2,327,0,0),(2,328,0,0),(2,329,0,0),(2,330,0,0),(2,331,0,0),(2,332,0,0),(2,333,0,0),(2,334,0,0),(2,335,0,0),(2,336,0,0),(2,337,0,0),(2,338,0,0),(2,339,0,0),(2,340,0,0),(2,341,0,0),(2,342,0,0),(2,343,0,0),(2,344,0,0),(2,345,0,0),(2,346,0,0),(2,347,0,0),(2,348,0,0),(2,349,0,0),(2,350,0,0),(2,351,0,0),(2,352,0,0),(2,353,0,0),(2,354,0,0),(2,355,0,0),(2,356,0,0),(2,357,0,0),(2,358,0,0),(2,359,0,0),(2,360,0,0),(2,361,0,0),(2,362,0,0),(2,363,0,0),(2,364,0,0),(2,365,0,0),(2,366,0,0),(2,367,0,0),(2,368,0,0),(2,369,0,0),(2,370,0,0),(2,371,0,0),(2,372,0,0),(2,373,0,0),(2,374,0,0),(2,375,0,0),(2,376,0,0),(2,377,0,0),(2,378,0,0),(2,379,0,0),(2,380,0,0),(2,381,0,0),(2,382,0,0),(2,383,0,0),(2,384,0,0),(2,385,0,0),(2,386,0,0),(2,387,0,0),(2,388,0,0),(2,389,0,0),(2,390,0,0),(2,391,0,0),(2,392,0,0),(2,393,0,0),(2,394,0,0),(2,395,0,0),(2,396,0,0),(2,397,0,0),(2,398,0,0),(2,399,0,0),(2,400,0,0),(2,401,0,0),(2,402,0,0),(2,403,0,0),(2,404,0,0),(2,405,0,0),(2,406,0,0),(2,407,0,0),(2,408,0,0),(2,409,0,0),(2,410,0,0),(2,411,0,0),(2,412,0,0),(2,413,0,0),(2,414,0,0),(2,415,0,0),(2,416,0,0),(2,417,0,0),(2,418,0,0),(2,419,0,0),(2,420,0,0),(2,421,0,0),(2,422,0,0),(2,423,0,0),(2,424,0,0),(2,425,0,0),(2,426,0,0),(2,427,0,0),(2,428,0,0),(2,429,0,0),(2,430,0,0),(2,431,0,0),(2,432,0,0),(2,433,0,0),(2,434,0,0),(2,435,0,0),(2,436,0,0),(2,437,0,0),(2,438,0,0),(2,439,0,0),(2,440,0,0),(2,441,0,0),(2,442,0,0),(2,443,0,0),(2,444,0,0),(2,445,0,0),(2,446,0,0),(2,447,0,0),(2,448,0,0),(2,449,0,0),(2,450,0,0),(2,451,0,0),(2,452,0,0),(2,453,0,0),(2,454,0,0),(2,455,0,0),(2,456,0,0),(2,457,0,0),(2,458,0,0),(2,459,0,0),(2,460,0,0),(2,461,0,0),(2,462,0,0),(2,463,0,0),(2,464,0,0),(2,465,0,0),(2,466,0,0),(2,467,0,0),(2,468,0,0),(2,469,0,0),(2,470,0,0),(2,471,0,0),(2,472,0,0),(2,473,0,0),(2,474,0,0),(2,475,0,0),(2,476,0,0),(2,477,0,0),(2,478,0,0),(2,479,0,0),(2,480,0,0),(2,481,0,0),(2,482,0,0),(2,483,0,0),(2,484,0,0),(2,485,0,0),(2,486,0,0),(2,487,0,0),(2,488,0,0),(2,489,0,0),(2,490,0,0),(2,491,0,0),(2,492,0,0),(2,493,0,0),(2,494,0,0),(2,495,0,0),(2,496,0,0),(2,497,0,0),(2,498,0,0),(2,499,0,0),(2,500,0,0),(2,501,0,0),(2,502,0,0),(2,503,0,0),(2,504,0,0),(2,505,0,0),(2,506,0,0),(2,507,0,0),(2,508,0,0),(2,509,0,0),(2,510,0,0),(2,511,0,0),(2,512,0,0),(2,513,0,0),(2,514,0,0),(2,515,0,0),(2,516,0,0),(2,517,0,0),(2,518,0,0),(2,519,0,0),(2,520,0,0),(2,521,0,0),(2,522,0,0),(2,523,0,0),(2,524,0,0),(2,525,0,0),(2,526,0,0),(2,527,0,0),(2,528,0,0),(2,529,0,0),(2,530,0,0),(2,531,0,0),(2,532,0,0),(2,533,0,0),(2,534,0,0),(2,535,0,0),(2,536,0,0),(2,537,0,0),(2,538,0,0),(2,539,0,0),(2,540,0,0),(2,541,0,0),(2,542,0,0),(2,543,0,0),(2,544,0,0),(2,545,0,0),(2,546,0,0),(2,547,0,0),(2,548,0,0),(2,549,0,0),(2,550,0,0),(2,551,0,0),(2,552,0,0),(2,553,0,0),(2,554,0,0),(2,555,0,0),(2,556,0,0),(2,557,0,0),(2,558,0,0),(2,559,0,0),(2,560,0,0),(2,561,0,0),(2,562,0,0),(2,563,0,0),(2,564,0,0),(2,565,0,0),(2,566,0,0),(2,567,0,0),(2,568,0,0),(2,569,0,0),(2,570,0,0),(2,571,0,0),(2,572,0,0),(2,573,0,0),(2,574,0,0),(2,575,0,0),(2,576,0,0),(2,577,0,0),(2,578,0,0),(2,579,0,0),(2,580,0,0),(2,581,0,0),(2,582,0,0),(2,583,0,0),(2,584,0,0),(2,585,0,0),(2,586,0,0),(2,587,0,0),(2,588,0,0),(2,589,0,0),(2,590,0,0),(2,591,0,0),(2,592,0,0),(2,593,0,0),(2,594,0,0),(2,595,0,0),(2,596,0,0),(2,597,0,0),(2,598,0,0),(2,599,0,0),(2,600,0,0),(2,601,0,0),(2,602,0,0),(2,603,0,0),(2,604,0,0),(2,605,0,0),(2,606,0,0),(2,607,0,0),(2,608,0,0),(2,609,0,0),(2,610,0,0),(2,611,0,0),(2,612,0,0),(2,613,0,0),(2,614,0,0),(2,615,0,0),(2,616,0,0),(2,617,0,0),(2,618,0,0),(2,619,0,0),(2,620,0,0),(2,621,0,0),(2,622,0,0),(2,623,0,0),(2,624,0,0),(2,625,0,0),(2,626,0,0),(2,627,0,0),(2,628,0,0),(2,629,0,0),(2,630,0,0),(2,631,0,0),(2,632,0,0),(2,633,0,0),(2,634,0,0),(2,635,0,0),(2,636,0,0),(2,637,0,0),(2,638,0,0),(2,639,0,0),(2,640,0,0),(2,641,0,0),(2,642,0,0),(2,643,0,0),(2,644,0,0),(2,645,0,0),(2,646,0,0),(2,647,0,0),(2,648,0,0),(2,649,0,0),(2,650,0,0),(2,651,0,0),(2,652,0,0),(2,653,0,0),(2,654,0,0),(2,655,0,0),(2,656,0,0),(2,657,0,0),(2,658,0,0),(2,659,0,0),(2,660,0,0),(2,661,0,0),(2,662,0,0),(2,663,0,0),(2,664,0,0),(2,665,0,0),(2,666,0,0),(2,667,0,0),(2,668,0,0),(2,669,0,0),(2,670,0,0),(2,671,0,0),(2,672,0,0),(2,673,0,0),(2,674,0,0),(2,675,0,0),(2,676,0,0),(2,677,0,0),(2,678,0,0),(2,679,0,0),(2,680,0,0),(2,681,0,0),(2,682,0,0),(2,683,0,0),(2,684,0,0),(2,685,0,0),(2,686,0,0),(2,687,0,0),(2,688,0,0),(2,689,0,0),(2,690,0,0),(2,691,0,0),(2,692,0,0),(2,693,0,0),(2,694,0,0),(2,695,0,0),(2,696,0,0),(2,697,0,0),(2,698,0,0),(2,699,0,0),(2,700,0,0),(2,701,0,0),(2,702,0,0),(2,703,0,0),(2,704,0,0),(2,705,0,0),(2,706,0,0),(2,707,0,0),(2,708,0,0),(2,709,0,0),(2,710,0,0),(2,711,0,0),(2,712,0,0),(2,713,0,0),(2,714,0,0),(2,715,0,0),(2,716,0,0),(2,717,0,0),(2,718,0,0),(2,719,0,0),(2,720,0,0),(2,721,0,0),(2,722,0,0),(2,723,0,0),(2,724,0,0),(2,725,0,0),(2,726,0,0),(2,727,0,0),(2,728,0,0),(2,729,0,0),(2,730,0,0),(2,731,0,0),(2,732,0,0),(2,733,0,0),(2,734,0,0),(2,735,0,0),(2,736,0,0),(2,737,0,0),(2,738,0,0),(2,739,0,0),(2,740,0,0),(2,741,0,0),(2,742,0,0),(2,743,0,0),(2,744,0,0),(2,745,0,0),(2,746,0,0),(2,747,0,0),(2,748,0,0),(2,749,0,0),(2,750,0,0),(2,751,0,0),(2,752,0,0),(2,753,0,0),(2,754,0,0),(2,755,0,0),(2,756,0,0),(2,757,0,0),(2,758,0,0),(2,759,0,0),(2,760,0,0),(2,761,0,0),(2,762,0,0),(2,763,0,0),(2,764,0,0),(2,765,0,0),(2,766,0,0),(2,767,0,0),(2,768,0,0),(2,769,0,0),(2,770,0,0),(2,771,0,0),(2,772,0,0),(2,773,0,0),(2,774,0,0),(2,775,0,0),(2,776,0,0),(2,777,0,0),(2,778,0,0),(2,779,0,0),(2,780,0,0),(2,781,0,0),(2,782,0,0),(2,783,0,0),(2,784,0,0),(2,785,0,0),(2,786,0,0),(2,787,0,0),(2,788,0,0),(2,789,0,0),(2,790,0,0),(2,791,0,0),(2,792,0,0),(2,793,0,0),(2,794,0,0),(2,795,0,0),(2,796,0,0),(2,797,0,0),(2,798,0,0),(2,799,0,0),(2,800,0,0),(2,801,0,0),(2,802,0,0),(2,803,0,0),(2,804,0,0),(2,805,0,0),(2,806,0,0),(2,807,0,0),(2,808,0,0),(2,809,0,0),(2,810,0,0),(2,811,0,0),(2,812,0,0),(2,813,0,0),(2,814,0,0),(2,815,0,0),(2,816,0,0),(2,817,0,0),(2,818,0,0),(2,819,0,0),(2,820,0,0),(2,821,0,0),(2,822,0,0),(2,823,0,0),(2,824,0,0),(2,825,0,0),(2,826,0,0),(2,827,0,0),(2,828,0,0),(2,829,0,0),(2,830,0,0),(2,831,0,0),(2,832,0,0),(2,833,0,0),(2,834,0,0),(2,835,0,0),(2,836,0,0),(2,837,0,0),(2,838,0,0),(2,839,0,0),(2,840,0,0),(2,841,0,0),(2,842,0,0),(2,843,0,0),(2,844,0,0),(2,845,0,0),(2,846,0,0),(2,847,0,0),(2,848,0,0),(2,849,0,0),(2,850,0,0),(2,851,0,0),(2,852,0,0),(2,853,0,0),(2,854,0,0),(2,855,0,0),(2,856,0,0),(2,857,0,0),(2,858,0,0),(2,859,0,0),(2,860,0,0),(2,861,0,0),(2,862,0,0),(2,863,0,0),(2,864,0,0),(2,865,0,0),(2,866,0,0),(2,867,0,0),(2,868,0,0),(2,869,0,0),(2,870,0,0),(2,871,0,0),(2,872,0,0),(2,873,0,0),(2,874,0,0),(2,875,0,0),(2,876,0,0),(2,877,0,0),(2,878,0,0),(2,879,0,0),(2,880,0,0),(2,881,0,0),(2,882,0,0),(2,883,0,0),(2,884,0,0),(2,885,0,0),(2,886,0,0),(2,887,0,0),(2,888,0,0),(2,889,0,0),(2,890,0,0),(2,891,0,0),(2,892,0,0),(2,893,0,0),(2,894,0,0),(2,895,0,0),(2,896,0,0),(2,897,0,0),(2,898,0,0),(2,899,0,0),(2,900,0,0),(2,901,0,0),(2,902,0,0),(2,903,0,0),(2,904,0,0),(2,905,0,0),(2,906,0,0),(2,907,0,0),(2,908,0,0),(2,909,0,0),(2,910,0,0),(2,911,0,0),(2,912,0,0),(2,913,0,0),(2,914,0,0),(2,915,0,0),(2,916,0,0),(2,917,0,0),(2,918,0,0),(2,919,0,0),(2,920,0,0),(2,921,0,0),(2,922,0,0),(2,923,0,0),(2,924,0,0),(2,925,0,0),(2,926,0,0),(2,927,0,0),(2,928,0,0),(2,929,0,0),(2,930,0,0),(2,931,0,0),(2,932,0,0),(2,933,0,0),(2,934,0,0),(2,935,0,0),(2,936,0,0),(2,937,0,0),(2,938,0,0),(2,939,0,0),(2,940,0,0),(2,941,0,0),(2,942,0,0),(2,943,0,0),(2,944,0,0),(2,945,0,0),(2,946,0,0),(2,947,0,0),(2,948,0,0),(2,949,0,0),(2,950,0,0),(2,951,0,0),(2,952,0,0),(2,953,0,0),(2,954,0,0),(2,955,0,0),(2,956,0,0),(2,957,0,0),(2,958,0,0),(2,959,0,0),(2,960,0,0),(2,961,0,0),(2,962,0,0),(2,963,0,0),(2,964,0,0),(2,965,0,0),(2,966,0,0),(2,967,0,0),(2,968,0,0),(2,969,0,0),(2,970,0,0),(2,971,0,0),(2,972,0,0),(2,973,0,0),(2,974,0,0),(2,975,0,0),(2,976,0,0),(2,977,0,0),(2,978,0,0),(2,979,0,0),(2,980,0,0),(2,981,0,0),(2,982,0,0),(2,983,0,0),(2,984,0,0),(2,985,0,0),(2,986,0,0),(2,987,0,0),(2,988,0,0),(2,989,0,0),(2,990,0,0),(2,991,0,0),(2,992,0,0),(2,993,0,0),(2,994,0,0),(2,995,0,0),(2,996,0,0),(2,997,0,0),(2,998,0,0),(2,999,0,0),(2,1000,0,0),(2,1001,0,0),(2,1002,0,0),(2,1003,0,0),(2,1004,0,0),(2,1005,0,0),(2,1006,0,0),(2,1007,0,0),(2,1008,0,0),(2,1009,0,0),(2,1010,0,0),(2,1011,0,0),(2,1012,0,0),(2,1013,0,0),(2,1014,0,0),(2,1015,0,0),(2,1016,0,0),(2,1017,0,0),(2,1018,0,0),(2,1019,0,0),(2,1020,0,0),(2,1021,0,0),(2,1022,0,0),(2,1023,0,0),(2,1024,0,0),(2,1025,0,0),(2,1026,0,0),(2,1027,0,0),(2,1028,0,0),(2,1029,0,0),(2,1030,0,0),(2,1031,0,0),(2,1032,0,0),(2,1033,0,0),(2,1034,0,0),(2,1035,0,0),(2,1036,0,0),(2,1037,0,0),(2,1038,0,0),(2,1039,0,0),(2,1040,0,0),(2,1041,0,0),(2,1042,0,0),(2,1043,0,0),(2,1044,0,0),(2,1045,0,0),(2,1046,0,0),(2,1047,0,0),(2,1048,0,0),(2,1049,0,0),(2,1050,0,0),(2,1051,0,0),(2,1052,0,0),(2,1053,0,0),(2,1054,0,0),(2,1055,0,0),(2,1056,0,0),(2,1057,0,0),(2,1058,0,0),(2,1059,0,0),(2,1060,0,0),(2,1061,0,0),(2,1062,0,0),(2,1063,0,0),(2,1064,0,0),(2,1065,0,0),(2,1066,0,0),(2,1067,0,0),(2,1068,0,0),(2,1069,0,0),(2,1070,0,0),(2,1071,0,0),(2,1072,0,0),(2,1073,0,0),(2,1074,0,0),(2,1075,0,0),(2,1076,0,0),(2,1077,0,0),(2,1078,0,0),(2,1079,0,0),(2,1080,0,0),(2,1081,0,0),(2,1082,0,0),(2,1083,0,0),(2,1084,0,0),(2,1085,0,0),(2,1086,0,0),(2,1087,0,0),(2,1088,0,0),(2,1089,0,0),(2,1090,0,0),(2,1091,0,0),(2,1092,0,0),(2,1093,0,0),(2,1094,0,0),(2,1095,0,0),(2,1096,0,0),(2,1097,0,0),(2,1098,0,0),(2,1099,0,0),(2,1100,0,0),(2,1101,0,0),(2,1102,0,0),(2,1103,0,0),(2,1104,0,0),(2,1105,0,0),(2,1106,0,0),(2,1107,0,0),(2,1108,0,0),(2,1109,0,0),(2,1110,0,0),(2,1111,0,0),(2,1112,0,0),(2,1113,0,0),(2,1114,0,0),(2,1115,0,0),(2,1116,0,0),(2,1117,0,0),(2,1118,0,0),(2,1119,0,0),(2,1120,0,0),(2,1121,0,0),(2,1122,0,0),(2,1123,0,0),(2,1124,0,0),(2,1125,0,0),(2,1126,0,0),(2,1127,0,0),(2,1128,0,0),(2,1129,0,0),(2,1130,0,0),(2,1131,0,0),(2,1132,0,0),(2,1133,0,0),(2,1134,0,0),(2,1135,0,0),(2,1136,0,0),(2,1137,0,0),(2,1138,0,0),(2,1139,0,0),(2,1140,0,0),(2,1141,0,0),(2,1142,0,0),(2,1143,0,0),(2,1144,0,0),(2,1145,0,0),(2,1146,0,0),(2,1147,0,0),(2,1148,0,0),(2,1149,0,0),(2,1150,0,0),(2,1151,0,0),(2,1152,0,0),(2,1153,0,0),(2,1154,0,0),(2,1155,0,0),(2,1156,0,0),(2,1157,0,0),(2,1158,0,0),(2,1159,0,0),(2,1160,0,0),(2,1161,0,0),(2,1162,0,0),(2,1163,0,0),(2,1164,0,0),(2,1165,0,0),(2,1166,0,0),(2,1167,0,0),(2,1168,0,0),(2,1169,0,0),(2,1170,0,0),(2,1171,0,0),(2,1172,0,0),(2,1173,0,0),(2,1174,0,0),(2,1175,0,0),(2,1176,0,0),(2,1177,0,0),(2,1178,0,0),(2,1179,0,0),(2,1180,0,0),(2,1181,0,0),(2,1182,0,0),(2,1183,0,0),(2,1184,0,0),(2,1185,0,0),(2,1186,0,0),(2,1187,0,0),(2,1188,0,0),(2,1189,0,0),(2,1190,0,0),(2,1191,0,0),(2,1192,0,0),(2,1193,0,0),(2,1194,0,0),(2,1195,0,0),(2,1196,0,0),(2,1197,0,0),(2,1198,0,0),(2,1199,0,0),(2,1200,0,0),(2,1201,0,0),(2,1202,0,0),(2,1203,0,0),(2,1204,0,0),(2,1205,0,0),(2,1206,0,0),(2,1207,0,0),(2,1208,0,0),(2,1209,0,0),(2,1210,0,0),(2,1211,0,0),(2,1212,0,0),(2,1213,0,0),(2,1214,0,0),(2,1215,0,0),(2,1216,0,0),(2,1217,0,0),(2,1218,0,0),(2,1219,0,0),(2,1220,0,0),(2,1221,0,0),(2,1222,0,0),(2,1223,0,0),(2,1224,0,0),(2,1225,0,0),(2,1226,0,0),(2,1227,0,0),(2,1228,0,0),(2,1229,0,0),(2,1230,0,0),(2,1231,0,0),(2,1232,0,0),(2,1233,0,0),(2,1234,0,0),(2,1235,0,0),(2,1236,0,0),(2,1237,0,0),(2,1238,0,0),(2,1239,0,0),(2,1240,0,0),(2,1241,0,0),(2,1242,0,0),(2,1243,0,0),(2,1244,0,0),(2,1245,0,0),(2,1246,0,0),(2,1247,0,0),(2,1248,0,0),(2,1249,0,0),(2,1250,0,0),(2,1251,0,0),(2,1252,0,0),(2,1253,0,0),(2,1254,0,0),(2,1255,0,0),(2,1256,0,0),(2,1257,0,0),(2,1258,0,0),(2,1259,0,0),(2,1260,0,0),(2,1261,0,0),(2,1262,0,0),(2,1263,0,0),(2,1264,0,0),(2,1265,0,0),(2,1266,0,0),(2,1267,0,0),(2,1268,0,0),(2,1269,0,0),(2,1270,0,0),(2,1271,0,0),(2,1272,0,0),(2,1273,0,0),(2,1274,0,0),(2,1275,0,0),(2,1276,0,0),(2,1277,0,0),(2,1278,0,0),(2,1279,0,0),(2,1280,0,0),(2,1281,0,0),(2,1282,0,0),(2,1283,0,0),(2,1284,0,0),(2,1285,0,0),(2,1286,0,0),(2,1287,0,0),(2,1288,0,0),(2,1289,0,0),(2,1290,0,0),(2,1291,0,0),(2,1292,0,0),(2,1293,0,0),(2,1294,0,0),(2,1295,0,0),(2,1296,0,0),(2,1297,0,0),(2,1298,0,0),(2,1299,0,0);

--
-- Table structure for table `phpbb_warnings`
--

CREATE TABLE `phpbb_warnings` (
  `warning_id` mediumint(8) unsigned NOT NULL auto_increment,
  `user_id` mediumint(8) unsigned NOT NULL default '0',
  `post_id` mediumint(8) unsigned NOT NULL default '0',
  `log_id` mediumint(8) unsigned NOT NULL default '0',
  `warning_time` int(11) unsigned NOT NULL default '0',
  PRIMARY KEY  (`warning_id`)
) ENGINE=MyISAM DEFAULT CHARSET=utf8 COLLATE=utf8_bin;

--
-- Dumping data for table `phpbb_warnings`
--


--
-- Table structure for table `phpbb_words`
--

CREATE TABLE `phpbb_words` (
  `word_id` mediumint(8) unsigned NOT NULL auto_increment,
  `word` varchar(255) collate utf8_bin NOT NULL default '',
  `replacement` varchar(255) collate utf8_bin NOT NULL default '',
  PRIMARY KEY  (`word_id`)
) ENGINE=MyISAM DEFAULT CHARSET=utf8 COLLATE=utf8_bin;

--
-- Dumping data for table `phpbb_words`
--


--
-- Table structure for table `phpbb_zebra`
--

CREATE TABLE `phpbb_zebra` (
  `user_id` mediumint(8) unsigned NOT NULL default '0',
  `zebra_id` mediumint(8) unsigned NOT NULL default '0',
  `friend` tinyint(1) unsigned NOT NULL default '0',
  `foe` tinyint(1) unsigned NOT NULL default '0',
  PRIMARY KEY  (`user_id`,`zebra_id`)
) ENGINE=MyISAM DEFAULT CHARSET=utf8 COLLATE=utf8_bin;

--
-- Dumping data for table `phpbb_zebra`
--

INSERT INTO `phpbb_zebra` VALUES (56,53,1,0),(82,56,0,1),(82,57,0,1),(82,59,0,1),(82,58,0,1),(82,62,0,1),(82,60,0,1),(82,61,0,1),(82,66,0,1),(82,63,0,1),(82,64,0,1),(82,65,0,1),(82,68,0,1),(82,69,0,1),(82,74,0,1),(82,72,0,1),(82,73,0,1),(82,75,0,1),(82,76,0,1),(82,77,0,1),(82,79,0,1),(82,80,0,1),(82,88,0,1),(82,81,0,1),(82,83,0,1),(82,84,0,1),(82,86,0,1);


